{"version":"1.0","provider_name":"\u00c9quipe Canada | Site officiel de l&#039;\u00e9quipe olympique","provider_url":"https:\/\/develop.olympic.ca\/olympique","author_name":"Marie-Eve Leclerc","author_url":"https:\/\/develop.olympic.ca\/olympique\/author\/marieevel18\/","title":"Kai Langerfeld - \u00c9quipe Canada | Site officiel de l&#039;\u00e9quipe olympique","type":"rich","width":600,"height":338,"html":"<blockquote class=\"wp-embedded-content\" data-secret=\"wWsaphdqXv\"><a href=\"https:\/\/develop.olympic.ca\/olympique\/team-canada\/kai-langerfeld\/\">Kai Langerfeld<\/a><\/blockquote><iframe sandbox=\"allow-scripts\" security=\"restricted\" src=\"https:\/\/develop.olympic.ca\/olympique\/team-canada\/kai-langerfeld\/embed\/#?secret=wWsaphdqXv\" width=\"600\" height=\"338\" title=\"\u00ab\u00a0Kai Langerfeld\u00a0\u00bb &#8212; \u00c9quipe Canada | Site officiel de l&#039;\u00e9quipe olympique\" data-secret=\"wWsaphdqXv\" frameborder=\"0\" marginwidth=\"0\" marginheight=\"0\" scrolling=\"no\" class=\"wp-embedded-content\"><\/iframe><script>\n\/*! This file is auto-generated *\/\n!function(d,l){\"use strict\";l.querySelector&&d.addEventListener&&\"undefined\"!=typeof URL&&(d.wp=d.wp||{},d.wp.receiveEmbedMessage||(d.wp.receiveEmbedMessage=function(e){var t=e.data;if((t||t.secret||t.message||t.value)&&!\/[^a-zA-Z0-9]\/.test(t.secret)){for(var s,r,n,a=l.querySelectorAll('iframe[data-secret=\"'+t.secret+'\"]'),o=l.querySelectorAll('blockquote[data-secret=\"'+t.secret+'\"]'),c=new RegExp(\"^https?:$\",\"i\"),i=0;i<o.length;i++)o[i].style.display=\"none\";for(i=0;i<a.length;i++)s=a[i],e.source===s.contentWindow&&(s.removeAttribute(\"style\"),\"height\"===t.message?(1e3<(r=parseInt(t.value,10))?r=1e3:~~r<200&&(r=200),s.height=r):\"link\"===t.message&&(r=new URL(s.getAttribute(\"src\")),n=new URL(t.value),c.test(n.protocol))&&n.host===r.host&&l.activeElement===s&&(d.top.location.href=t.value))}},d.addEventListener(\"message\",d.wp.receiveEmbedMessage,!1),l.addEventListener(\"DOMContentLoaded\",function(){for(var e,t,s=l.querySelectorAll(\"iframe.wp-embedded-content\"),r=0;r<s.length;r++)(t=(e=s[r]).getAttribute(\"data-secret\"))||(t=Math.random().toString(36).substring(2,12),e.src+=\"#?secret=\"+t,e.setAttribute(\"data-secret\",t)),e.contentWindow.postMessage({message:\"ready\",secret:t},\"*\")},!1)))}(window,document);\n\/\/# sourceURL=https:\/\/develop.olympic.ca\/olympique\/wp-includes\/js\/wp-embed.min.js\n<\/script>\n","thumbnail_url":"https:\/\/develop.olympic.ca\/olympique\/wp-content\/uploads\/sites\/2\/2011\/10\/MerijnSoeters-lr-9103.jpeg?quality=100","thumbnail_width":1080,"thumbnail_height":610,"description":"Kai Langerfeld est devenu un olympien de deuxi\u00e8me g\u00e9n\u00e9ration quand il s\u2019est taill\u00e9 une place au sein du quatre qui a atteint la finale A.\u00a0Aux Championnats du monde de 2018, il a fait partie de l\u2019\u00e9quipage du huit qui a pris le deuxi\u00e8me rang de la finale B. Langerfeld a fait \u00e9quipe avec Conlin McCabe au cours de la saison 2019 au deux de pointe. Ils ont remport\u00e9 une m\u00e9daille de bronze \u00e0 leur seule Coupe du monde et ont pris le deuxi\u00e8me rang de la finale B aux Championnats du monde de 2019, qualifiant leur embarcation pour les Jeux de Tokyo 2020 pour le Canada.\u00a0"}

Équipe Canada | Site officiel de l&#039;équipe olympique

Kai Langerfeld - Équipe Canada | Site officiel de l&#039;équipe olympique

<blockquote class="wp-embedded-content" data-secret="wWsaphdqXv"><a href="https://develop.olympic.ca/olympique/team-canada/kai-langerfeld/">Kai Langerfeld</a></blockquote><iframe sandbox="allow-scripts" security="restricted" src="https://develop.olympic.ca/olympique/team-canada/kai-langerfeld/embed/#?secret=wWsaphdqXv" width="600" height="338" title="« Kai Langerfeld » &#8212; Équipe Canada | Site officiel de l&#039;équipe olympique" data-secret="wWsaphdqXv" frameborder="0" marginwidth="0" marginheight="0" scrolling="no" class="wp-embedded-content"></iframe><script>
/*! This file is auto-generated */
!function(d,l){"use strict";l.querySelector&&d.addEventListener&&"undefined"!=typeof URL&&(d.wp=d.wp||{},d.wp.receiveEmbedMessage||(d.wp.receiveEmbedMessage=function(e){var t=e.data;if((t||t.secret||t.message||t.value)&&!/[^a-zA-Z0-9]/.test(t.secret)){for(var s,r,n,a=l.querySelectorAll('iframe[data-secret="'+t.secret+'"]'),o=l.querySelectorAll('blockquote[data-secret="'+t.secret+'"]'),c=new RegExp("^https?:$","i"),i=0;i<o.length;i++)o[i].style.display="none";for(i=0;i<a.length;i++)s=a[i],e.source===s.contentWindow&&(s.removeAttribute("style"),"height"===t.message?(1e3<(r=parseInt(t.value,10))?r=1e3:~~r<200&&(r=200),s.height=r):"link"===t.message&&(r=new URL(s.getAttribute("src")),n=new URL(t.value),c.test(n.protocol))&&n.host===r.host&&l.activeElement===s&&(d.top.location.href=t.value))}},d.addEventListener("message",d.wp.receiveEmbedMessage,!1),l.addEventListener("DOMContentLoaded",function(){for(var e,t,s=l.querySelectorAll("iframe.wp-embedded-content"),r=0;r<s.length;r++)(t=(e=s[r]).getAttribute("data-secret"))||(t=Math.random().toString(36).substring(2,12),e.src+="#?secret="+t,e.setAttribute("data-secret",t)),e.contentWindow.postMessage({message:"ready",secret:t},"*")},!1)))}(window,document);
//# sourceURL=https://develop.olympic.ca/olympique/wp-includes/js/wp-embed.min.js
</script>

Kai Langerfeld est devenu un olympien de deuxième génération quand il s’est taillé une place au sein du quatre qui a atteint la finale A. Aux Championnats du monde de 2018, il a fait partie de l’équipage du huit qui a pris le deuxième rang de la finale B. Langerfeld a fait équipe avec Conlin McCabe au cours de la saison 2019 au deux de pointe. Ils ont remporté une médaille de bronze à leur seule Coupe du monde et ont pris le deuxième rang de la finale B aux Championnats du monde de 2019, qualifiant leur embarcation pour les Jeux de Tokyo 2020 pour le Canada.
