{"id":102979,"date":"2015-06-03T09:19:12","date_gmt":"2015-06-03T13:19:12","guid":{"rendered":"http:\/\/develop.olympic.ca\/olympique\/?post_type=athletes&#038;p=102979"},"modified":"2016-04-14T15:07:27","modified_gmt":"2016-04-14T19:07:27","slug":"jaret-llewellyn","status":"publish","type":"athletes","link":"https:\/\/develop.olympic.ca\/olympique\/team-canada\/jaret-llewellyn\/","title":{"rendered":"Jaret Llewellyn"},"content":{"rendered":"<p>Membre de l\u2019\u00e9quipe nationale depuis pr\u00e8s de trois d\u00e9cennies, Jaret Llewellyn doit \u00eatre mentionn\u00e9 dans toute discussion au sujet des meilleurs skieurs nautiques de l\u2019histoire du sport. Il a amass\u00e9 117 victoires sur le circuit professionnel, o\u00f9 il a \u00e9galement \u00e9clips\u00e9 11 records du monde et a remport\u00e9 neuf championnats, sans oublier de mentionner ses 10 m\u00e9dailles des Jeux panam\u00e9ricains. Jaret a aussi m\u00e9rit\u00e9 26 m\u00e9dailles aux Championnats panam\u00e9ricains, dont 22 m\u00e9dailles d\u2019or, en plus d\u2019\u00eatre couronn\u00e9 champion de la Coupe du monde de sauts \u00e0 cinq reprises. \u00c0 sa troisi\u00e8me pr\u00e9sence aux Jeux panam\u00e9ricains, \u00e0 Saint-Domingue en 2003, il s\u2019est dit fier d\u2019\u00eatre le porte-drapeau du Canada \u00e0 la c\u00e9r\u00e9monie d\u2019ouverture. D\u00e9tenteur actuel du record du monde en sauts (91,1\u00a0m \u00e9tabli en 2000) et du pointage global (2\u00a0818,01 points \u00e9tabli en 2002), Jaret a effectu\u00e9 un retour \u00e0 la comp\u00e9tition apr\u00e8s s\u2019\u00eatre fait op\u00e9rer \u00e0 la hanche en juin 2013 et au LCA en d\u00e9cembre de la m\u00eame ann\u00e9e. Il a subi la m\u00eame op\u00e9ration (au LCA) en 2010 et 2011.<\/p>\n<h2><strong>\u00c0 PROPOS DE L\u2019ATHL\u00c8TE<\/strong><\/h2>\n<p><strong>Famille\u00a0:<\/strong> Ses parents se nomment Don et Chris Llewellyn. Son fr\u00e8re a\u00een\u00e9 Kreg est un skieur nautique professionnel et entra\u00eeneur. Son \u00e9pouse se nomme Britta et ils ont un fils nomm\u00e9 Dorien (n\u00e9 en mai 1996). <strong>D\u00e9buts\u00a0:<\/strong> Il s\u2019est initi\u00e9 au ski nautique \u00e0 l\u2019\u00e2ge de 6 ans. Il faisait du ski sur la neige depuis l\u2019\u00e2ge de 4\u00a0\u00a0ans, mais il craignait la pr\u00e9sence de requins dans les lacs en eau douce. \u00c0 une f\u00eate anim\u00e9e par ses parents \u00e0 leur chalet, ils ont lanc\u00e9 le d\u00e9fi aux enfants d\u2019essayer de faire du ski nautique pour la premi\u00e8re fois. Apr\u00e8s avoir vu le premier enfant tenter sa chance, il a d\u00e9cid\u00e9 qu\u2019il ne serait pas le dernier \u00e0 essayer le sport. Il a fait de la comp\u00e9tition pour la premi\u00e8re fois \u00e0 l\u2019\u00e2ge de 9\u00a0ans et a repr\u00e9sent\u00e9 le Canada d\u00e8s 14 ans avant d\u2019acc\u00e9der aux rangs professionnels \u00e0 18\u00a0ans, et ce, au lieu de garder le filet comme membre des Raiders de Prince Albert de la WHL. <strong>Autres int\u00e9r\u00eats\u00a0<\/strong>: Il aime jouer au hockey sur glace ainsi que faire du ski sur la neige, de la vid\u00e9ographie et de la photographie. Il parraine trois \u0153uvres de bienfaisance\u00a0: In His Wakes, Cody\u2019s Angels et Korey\u2019s Krew. <strong>De tout et de rien\u00a0<\/strong>: Sa devise\u00a0: \u00ab\u00a0Si vous n\u2019allez pas jusqu\u2019au bout, pourquoi alors y aller?\u00a0\u00bb Il voyage toujours avec sa propre confiture aux fraises. On le surnomme Little Germ.<\/p>\n<h2><strong>PALMAR\u00c8S INTERNATIONAL<\/strong><\/h2>\n<p>JPA\u00a0: <strong>2007<\/strong> \u2013 OR (sauts), OR (figures); <strong>2003<\/strong> \u2013 ARGENT (sauts), OR (figures); <strong>1999<\/strong> \u2013 OR (figures), ARGENT (sauts); <strong>1995<\/strong> \u2013 OR (figures), OR (sauts), OR (\u00e9quipe), OR (g\u00e9n\u00e9ral)<\/p>\n<p>ChM IWWF\u00a0: <strong>2011<\/strong> \u2013 ARGENT (g\u00e9n\u00e9ral); <strong>2009<\/strong> \u2013 ARGENT (sauts), BRONZE (g\u00e9n\u00e9ral); <strong>2007<\/strong> \u2013 OR (g\u00e9n\u00e9ral), ARGENT (sauts), 4<sup>e<\/sup> (figures); <strong>2005<\/strong> \u2013 OR (sauts); <strong>2003<\/strong> \u2013 4<sup>e<\/sup> (sauts); <strong>2001 \u2013 <\/strong>OR (g\u00e9n\u00e9ral), OR (sauts); <strong>1999<\/strong> \u2013 OR (sauts), OR (figures); <strong>1997<\/strong> \u2013 OR (sauts)<\/p>\n","protected":false},"excerpt":{"rendered":"<p>Membre de l\u2019\u00e9quipe nationale depuis pr\u00e8s de trois d\u00e9cennies, Jaret Llewellyn doit \u00eatre mentionn\u00e9 dans toute discussion au sujet des&#8230;<\/p>\n","protected":false},"featured_media":0,"template":"","tags":[],"hof-categories":[],"year-inducted":[],"gender":[42123],"season":[],"sport":[4987319],"game":[334881982],"team":[415982989],"event":[46639],"province":[],"class_list":["post-102979","athletes","type-athletes","status-publish","hentry","gender-masculin","sport-sport-ski-nautique","game-2015-toronto","team-toronto-2015-ski-nautique","event-hommes"],"acf":[],"yoast_head":"<!-- This site is optimized with the Yoast SEO plugin v27.3 - https:\/\/yoast.com\/product\/yoast-seo-wordpress\/ -->\n<title>Jaret Llewellyn - \u00c9quipe Canada | Site officiel de l&#039;\u00e9quipe olympique<\/title>\n<meta name=\"robots\" content=\"index, follow, max-snippet:-1, max-image-preview:large, max-video-preview:-1\" \/>\n<link rel=\"canonical\" href=\"https:\/\/develop.olympic.ca\/olympique\/team-canada\/jaret-llewellyn\/\" \/>\n<meta property=\"og:locale\" content=\"fr_FR\" \/>\n<meta property=\"og:type\" content=\"article\" \/>\n<meta property=\"og:title\" content=\"Jaret Llewellyn - \u00c9quipe Canada | Site officiel de l&#039;\u00e9quipe olympique\" \/>\n<meta property=\"og:description\" content=\"Membre de l\u2019\u00e9quipe nationale depuis pr\u00e8s de trois d\u00e9cennies, Jaret Llewellyn doit \u00eatre mentionn\u00e9 dans toute discussion au sujet des...\" \/>\n<meta property=\"og:url\" content=\"https:\/\/develop.olympic.ca\/olympique\/team-canada\/jaret-llewellyn\/\" \/>\n<meta property=\"og:site_name\" content=\"\u00c9quipe Canada | Site officiel de l&#039;\u00e9quipe olympique\" \/>\n<meta property=\"article:modified_time\" content=\"2016-04-14T19:07:27+00:00\" \/>\n<meta name=\"twitter:card\" content=\"summary_large_image\" \/>\n<meta name=\"twitter:label1\" content=\"Est. reading time\" \/>\n\t<meta name=\"twitter:data1\" content=\"3 minutes\" \/>\n\t<meta name=\"twitter:label2\" content=\"Written by\" \/>\n\t<meta name=\"twitter:data2\" content=\"joshsu\" \/>\n<script type=\"application\/ld+json\" class=\"yoast-schema-graph\">{\"@context\":\"https:\\\/\\\/schema.org\",\"@graph\":[{\"@type\":\"WebPage\",\"@id\":\"https:\\\/\\\/develop.olympic.ca\\\/olympique\\\/team-canada\\\/jaret-llewellyn\\\/\",\"url\":\"https:\\\/\\\/develop.olympic.ca\\\/olympique\\\/team-canada\\\/jaret-llewellyn\\\/\",\"name\":\"Jaret Llewellyn - \u00c9quipe Canada | Site officiel de l&#039;\u00e9quipe olympique\",\"isPartOf\":{\"@id\":\"https:\\\/\\\/develop.olympic.ca\\\/olympique\\\/#website\"},\"datePublished\":\"2015-06-03T13:19:12+00:00\",\"dateModified\":\"2016-04-14T19:07:27+00:00\",\"inLanguage\":\"fr-FR\",\"potentialAction\":[{\"@type\":\"ReadAction\",\"target\":[\"https:\\\/\\\/develop.olympic.ca\\\/olympique\\\/team-canada\\\/jaret-llewellyn\\\/\"]}]},{\"@type\":\"WebSite\",\"@id\":\"https:\\\/\\\/develop.olympic.ca\\\/olympique\\\/#website\",\"url\":\"https:\\\/\\\/develop.olympic.ca\\\/olympique\\\/\",\"name\":\"\u00c9quipe Canada | Site officiel de l&#039;\u00e9quipe olympique\",\"description\":\"Votre source pour l\u2019\u00c9quipe olympique canadienne. Retrouvez les r\u00e9cits, vid\u00e9os et photos des athl\u00e8tes canadiens, sports olympiques, Jeux olympiques de 2020 et bien plus!\",\"potentialAction\":[{\"@type\":\"SearchAction\",\"target\":{\"@type\":\"EntryPoint\",\"urlTemplate\":\"https:\\\/\\\/develop.olympic.ca\\\/olympique\\\/?s={search_term_string}\"},\"query-input\":{\"@type\":\"PropertyValueSpecification\",\"valueRequired\":true,\"valueName\":\"search_term_string\"}}],\"inLanguage\":\"fr-FR\"}]}<\/script>\n<!-- \/ Yoast SEO plugin. -->","yoast_head_json":{"title":"Jaret Llewellyn - \u00c9quipe Canada | Site officiel de l&#039;\u00e9quipe olympique","robots":{"index":"index","follow":"follow","max-snippet":"max-snippet:-1","max-image-preview":"max-image-preview:large","max-video-preview":"max-video-preview:-1"},"canonical":"https:\/\/develop.olympic.ca\/olympique\/team-canada\/jaret-llewellyn\/","og_locale":"fr_FR","og_type":"article","og_title":"Jaret Llewellyn - \u00c9quipe Canada | Site officiel de l&#039;\u00e9quipe olympique","og_description":"Membre de l\u2019\u00e9quipe nationale depuis pr\u00e8s de trois d\u00e9cennies, Jaret Llewellyn doit \u00eatre mentionn\u00e9 dans toute discussion au sujet des...","og_url":"https:\/\/develop.olympic.ca\/olympique\/team-canada\/jaret-llewellyn\/","og_site_name":"\u00c9quipe Canada | Site officiel de l&#039;\u00e9quipe olympique","article_modified_time":"2016-04-14T19:07:27+00:00","twitter_card":"summary_large_image","twitter_misc":{"Est. reading time":"3 minutes","Written by":"joshsu"},"schema":{"@context":"https:\/\/schema.org","@graph":[{"@type":"WebPage","@id":"https:\/\/develop.olympic.ca\/olympique\/team-canada\/jaret-llewellyn\/","url":"https:\/\/develop.olympic.ca\/olympique\/team-canada\/jaret-llewellyn\/","name":"Jaret Llewellyn - \u00c9quipe Canada | Site officiel de l&#039;\u00e9quipe olympique","isPartOf":{"@id":"https:\/\/develop.olympic.ca\/olympique\/#website"},"datePublished":"2015-06-03T13:19:12+00:00","dateModified":"2016-04-14T19:07:27+00:00","inLanguage":"fr-FR","potentialAction":[{"@type":"ReadAction","target":["https:\/\/develop.olympic.ca\/olympique\/team-canada\/jaret-llewellyn\/"]}]},{"@type":"WebSite","@id":"https:\/\/develop.olympic.ca\/olympique\/#website","url":"https:\/\/develop.olympic.ca\/olympique\/","name":"\u00c9quipe Canada | Site officiel de l&#039;\u00e9quipe olympique","description":"Votre source pour l\u2019\u00c9quipe olympique canadienne. Retrouvez les r\u00e9cits, vid\u00e9os et photos des athl\u00e8tes canadiens, sports olympiques, Jeux olympiques de 2020 et bien plus!","potentialAction":[{"@type":"SearchAction","target":{"@type":"EntryPoint","urlTemplate":"https:\/\/develop.olympic.ca\/olympique\/?s={search_term_string}"},"query-input":{"@type":"PropertyValueSpecification","valueRequired":true,"valueName":"search_term_string"}}],"inLanguage":"fr-FR"}]}},"featured_image_url":"","category_names":[],"tag_names":[],"sport_names":[],"game_names":["Toronto 2015"],"season_names":[],"team_names":["Toronto 2015 Ski nautique"],"province_names":[],"social_facebook":"Facebook.com\/ProWaterSkier","social_twitter":"jaretllewellyn","social_linkedin":"","social_gplus":"","social_instagram":"","social_website":"www.jaretllewellyn.com","total_medal_count_gold":"","total_medal_count_silver":"","total_medal_count_bronze":"","athlete_headshot":"","athlete_height":"167","athlete_weight":"68","athlete_hometown":"Innisfail (Alb.)","athlete_birthplace":"Innisfail (Alb.)","coc_gracenote_id":"","athlete_dob":"July 27, 1970","athlete_age":55,"jetpack_sharing_enabled":true,"_links":{"self":[{"href":"https:\/\/develop.olympic.ca\/olympique\/wp-json\/wp\/v2\/athletes\/102979","targetHints":{"allow":["GET"]}}],"collection":[{"href":"https:\/\/develop.olympic.ca\/olympique\/wp-json\/wp\/v2\/athletes"}],"about":[{"href":"https:\/\/develop.olympic.ca\/olympique\/wp-json\/wp\/v2\/types\/athletes"}],"version-history":[{"count":0,"href":"https:\/\/develop.olympic.ca\/olympique\/wp-json\/wp\/v2\/athletes\/102979\/revisions"}],"wp:attachment":[{"href":"https:\/\/develop.olympic.ca\/olympique\/wp-json\/wp\/v2\/media?parent=102979"}],"wp:term":[{"taxonomy":"post_tag","embeddable":true,"href":"https:\/\/develop.olympic.ca\/olympique\/wp-json\/wp\/v2\/tags?post=102979"},{"taxonomy":"hof-categories","embeddable":true,"href":"https:\/\/develop.olympic.ca\/olympique\/wp-json\/wp\/v2\/hof-categories?post=102979"},{"taxonomy":"year-inducted","embeddable":true,"href":"https:\/\/develop.olympic.ca\/olympique\/wp-json\/wp\/v2\/year-inducted?post=102979"},{"taxonomy":"gender","embeddable":true,"href":"https:\/\/develop.olympic.ca\/olympique\/wp-json\/wp\/v2\/gender?post=102979"},{"taxonomy":"season","embeddable":true,"href":"https:\/\/develop.olympic.ca\/olympique\/wp-json\/wp\/v2\/season?post=102979"},{"taxonomy":"sport","embeddable":true,"href":"https:\/\/develop.olympic.ca\/olympique\/wp-json\/wp\/v2\/sport?post=102979"},{"taxonomy":"game","embeddable":true,"href":"https:\/\/develop.olympic.ca\/olympique\/wp-json\/wp\/v2\/game?post=102979"},{"taxonomy":"team","embeddable":true,"href":"https:\/\/develop.olympic.ca\/olympique\/wp-json\/wp\/v2\/team?post=102979"},{"taxonomy":"event","embeddable":true,"href":"https:\/\/develop.olympic.ca\/olympique\/wp-json\/wp\/v2\/event?post=102979"},{"taxonomy":"province","embeddable":true,"href":"https:\/\/develop.olympic.ca\/olympique\/wp-json\/wp\/v2\/province?post=102979"}],"curies":[{"name":"wp","href":"https:\/\/api.w.org\/{rel}","templated":true}]}}

<p>Membre de l’équipe nationale depuis près de trois décennies, Jaret Llewellyn doit être mentionné dans toute discussion au sujet des meilleurs skieurs nautiques de l’histoire du sport. Il a amassé 117 victoires sur le circuit professionnel, où il a également éclipsé 11 records du monde et a remporté neuf championnats, sans oublier de mentionner ses 10 médailles des Jeux panaméricains. Jaret a aussi mérité 26 médailles aux Championnats panaméricains, dont 22 médailles d’or, en plus d’être couronné champion de la Coupe du monde de sauts à cinq reprises. À sa troisième présence aux Jeux panaméricains, à Saint-Domingue en 2003, il s’est dit fier d’être le porte-drapeau du Canada à la cérémonie d’ouverture. Détenteur actuel du record du monde en sauts (91,1 m établi en 2000) et du pointage global (2 818,01 points établi en 2002), Jaret a effectué un retour à la compétition après s’être fait opérer à la hanche en juin 2013 et au LCA en décembre de la même année. Il a subi la même opération (au LCA) en 2010 et 2011.</p>
<h2><strong>À PROPOS DE L’ATHLÈTE</strong></h2>
<p><strong>Famille :</strong> Ses parents se nomment Don et Chris Llewellyn. Son frère aîné Kreg est un skieur nautique professionnel et entraîneur. Son épouse se nomme Britta et ils ont un fils nommé Dorien (né en mai 1996). <strong>Débuts :</strong> Il s’est initié au ski nautique à l’âge de 6 ans. Il faisait du ski sur la neige depuis l’âge de 4  ans, mais il craignait la présence de requins dans les lacs en eau douce. À une fête animée par ses parents à leur chalet, ils ont lancé le défi aux enfants d’essayer de faire du ski nautique pour la première fois. Après avoir vu le premier enfant tenter sa chance, il a décidé qu’il ne serait pas le dernier à essayer le sport. Il a fait de la compétition pour la première fois à l’âge de 9 ans et a représenté le Canada dès 14 ans avant d’accéder aux rangs professionnels à 18 ans, et ce, au lieu de garder le filet comme membre des Raiders de Prince Albert de la WHL. <strong>Autres intérêts </strong>: Il aime jouer au hockey sur glace ainsi que faire du ski sur la neige, de la vidéographie et de la photographie. Il parraine trois œuvres de bienfaisance : In His Wakes, Cody’s Angels et Korey’s Krew. <strong>De tout et de rien </strong>: Sa devise : « Si vous n’allez pas jusqu’au bout, pourquoi alors y aller? » Il voyage toujours avec sa propre confiture aux fraises. On le surnomme Little Germ.</p>
<h2><strong>PALMARÈS INTERNATIONAL</strong></h2>
<p>JPA : <strong>2007</strong> – OR (sauts), OR (figures); <strong>2003</strong> – ARGENT (sauts), OR (figures); <strong>1999</strong> – OR (figures), ARGENT (sauts); <strong>1995</strong> – OR (figures), OR (sauts), OR (équipe), OR (général)</p>
<p>ChM IWWF : <strong>2011</strong> – ARGENT (général); <strong>2009</strong> – ARGENT (sauts), BRONZE (général); <strong>2007</strong> – OR (général), ARGENT (sauts), 4<sup>e</sup> (figures); <strong>2005</strong> – OR (sauts); <strong>2003</strong> – 4<sup>e</sup> (sauts); <strong>2001 – </strong>OR (général), OR (sauts); <strong>1999</strong> – OR (sauts), OR (figures); <strong>1997</strong> – OR (sauts)</p>

<p>Membre de l’équipe nationale depuis près de trois décennies, Jaret Llewellyn doit être mentionné dans toute discussion au sujet des&#8230;</p>

<!-- This site is optimized with the Yoast SEO plugin v27.3 - https://yoast.com/product/yoast-seo-wordpress/ -->
<title>Jaret Llewellyn - Équipe Canada | Site officiel de l&#039;équipe olympique</title>
<meta name="robots" content="index, follow, max-snippet:-1, max-image-preview:large, max-video-preview:-1" />
<link rel="canonical" href="https://develop.olympic.ca/olympique/team-canada/jaret-llewellyn/" />
<meta property="og:locale" content="fr_FR" />
<meta property="og:type" content="article" />
<meta property="og:title" content="Jaret Llewellyn - Équipe Canada | Site officiel de l&#039;équipe olympique" />
<meta property="og:description" content="Membre de l’équipe nationale depuis près de trois décennies, Jaret Llewellyn doit être mentionné dans toute discussion au sujet des..." />
<meta property="og:url" content="https://develop.olympic.ca/olympique/team-canada/jaret-llewellyn/" />
<meta property="og:site_name" content="Équipe Canada | Site officiel de l&#039;équipe olympique" />
<meta property="article:modified_time" content="2016-04-14T19:07:27+00:00" />
<meta name="twitter:card" content="summary_large_image" />
<meta name="twitter:label1" content="Est. reading time" />
	<meta name="twitter:data1" content="3 minutes" />
	<meta name="twitter:label2" content="Written by" />
	<meta name="twitter:data2" content="joshsu" />
<script type="application/ld+json" class="yoast-schema-graph">{"@context":"https:\/\/schema.org","@graph":[{"@type":"WebPage","@id":"https:\/\/develop.olympic.ca\/olympique\/team-canada\/jaret-llewellyn\/","url":"https:\/\/develop.olympic.ca\/olympique\/team-canada\/jaret-llewellyn\/","name":"Jaret Llewellyn - Équipe Canada | Site officiel de l&#039;équipe olympique","isPartOf":{"@id":"https:\/\/develop.olympic.ca\/olympique\/#website"},"datePublished":"2015-06-03T13:19:12+00:00","dateModified":"2016-04-14T19:07:27+00:00","inLanguage":"fr-FR","potentialAction":[{"@type":"ReadAction","target":["https:\/\/develop.olympic.ca\/olympique\/team-canada\/jaret-llewellyn\/"]}]},{"@type":"WebSite","@id":"https:\/\/develop.olympic.ca\/olympique\/#website","url":"https:\/\/develop.olympic.ca\/olympique\/","name":"Équipe Canada | Site officiel de l&#039;équipe olympique","description":"Votre source pour l’Équipe olympique canadienne. Retrouvez les récits, vidéos et photos des athlètes canadiens, sports olympiques, Jeux olympiques de 2020 et bien plus!","potentialAction":[{"@type":"SearchAction","target":{"@type":"EntryPoint","urlTemplate":"https:\/\/develop.olympic.ca\/olympique\/?s={search_term_string}"},"query-input":{"@type":"PropertyValueSpecification","valueRequired":true,"valueName":"search_term_string"}}],"inLanguage":"fr-FR"}]}</script>
<!-- / Yoast SEO plugin. -->

Jaret Llewellyn - Équipe Canada | Site officiel de l&#039;équipe olympique

Membre de l’équipe nationale depuis près de trois décennies, Jaret Llewellyn doit être mentionné dans toute discussion au sujet des...

Équipe Canada | Site officiel de l&#039;équipe olympique

Votre source pour l’Équipe olympique canadienne. Retrouvez les récits, vidéos et photos des athlètes canadiens, sports olympiques, Jeux olympiques de 2020 et bien plus!
