{"id":103827,"date":"2015-06-18T14:29:09","date_gmt":"2015-06-18T18:29:09","guid":{"rendered":"http:\/\/develop.olympic.ca\/olympique\/?post_type=athletes&#038;p=103827"},"modified":"2015-08-10T14:54:30","modified_gmt":"2015-08-10T18:54:30","slug":"toon-van-lankvelt","status":"publish","type":"athletes","link":"https:\/\/develop.olympic.ca\/olympique\/team-canada\/toon-van-lankvelt\/","title":{"rendered":"Toon van Lankvelt"},"content":{"rendered":"<p>Les faits marqu<img loading=\"lazy\" decoding=\"async\" class=\"  alignleft wp-image-103828 size-thumbnail\" src=\"https:\/\/develop.olympic.ca\/wp-content\/uploads\/sites\/2\/2015\/06\/toon-van-lankvelt.jpg?quality=100&amp;w=158\" alt=\"Toon-Van-Lankvelt\" width=\"158\" height=\"158\" srcset=\"https:\/\/develop.olympic.ca\/olympique\/wp-content\/uploads\/sites\/2\/2015\/06\/toon-van-lankvelt.jpg 2000w, https:\/\/develop.olympic.ca\/olympique\/wp-content\/uploads\/sites\/2\/2015\/06\/toon-van-lankvelt.jpg?resize=158,158 158w, https:\/\/develop.olympic.ca\/olympique\/wp-content\/uploads\/sites\/2\/2015\/06\/toon-van-lankvelt.jpg?resize=371,371 371w, https:\/\/develop.olympic.ca\/olympique\/wp-content\/uploads\/sites\/2\/2015\/06\/toon-van-lankvelt.jpg?resize=768,768 768w, https:\/\/develop.olympic.ca\/olympique\/wp-content\/uploads\/sites\/2\/2015\/06\/toon-van-lankvelt.jpg?resize=754,754 754w, https:\/\/develop.olympic.ca\/olympique\/wp-content\/uploads\/sites\/2\/2015\/06\/toon-van-lankvelt.jpg?resize=1536,1536 1536w\" sizes=\"(max-width: 158px) 100vw, 158px\" \/>ants de la carri\u00e8re internationale de Toon van Lankvelt comprennent le 7<sup>e<\/sup> rang et meilleur classement jamais obtenu par le Canada au Championnat du monde de 2014 de la FIVB et la participation du Canada \u00e0 la finale de la Ligue mondiale de la FIVB en 2013. Sa carri\u00e8re professionnelle lui a permis de voyager partout en Europe, o\u00f9 il a jou\u00e9 en Gr\u00e8ce, \u00e0 Chypre, en Roumanie, en Autriche, en Belgique, en Italie et en France.<\/p>\n<h2><strong>\u00c0 PROPOS DE L\u2019ATHL\u00c8TE<\/strong><\/h2>\n<p><strong>Famille\u00a0:<\/strong> Ses parents s\u2019appellent Jan et Annie. Ses fr\u00e8res et s\u0153urs s\u2019appellent Bas, Bregje, Willem, Sander et Marieke. <strong>Autres int\u00e9r\u00eats\u00a0:<\/strong> Il a obtenu son baccalaur\u00e9at \u00e8s arts de l\u2019Universit\u00e9 du Manitoba.<\/p>\n<h2><strong>PALMAR\u00c8S INTERNATIONAL<\/strong><\/h2>\n<p>Ligue mondiale FIVB\u00a0: <strong>2014<\/strong> \u2013 13<sup>e<\/sup>; <strong>2013<\/strong> \u2013 5<sup>e<\/sup>; <strong>2012<\/strong> \u2013 12<sup>e<\/sup><\/p>\n<p>FISU\u00a0: <strong>2007<\/strong> \u2013 ARGENT<\/p>\n<p>ChM FIVB\u00a0: <strong>2014<\/strong> \u2013 7<sup>e<\/sup>; <strong>2010<\/strong> \u2013 19<sup>e<\/sup><\/p>\n<p>NORCECA\u00a0: <strong>2013<\/strong> \u2013 ARGENT; <strong>2011<\/strong> \u2013 BRONZE<\/p>\n","protected":false},"excerpt":{"rendered":"<p>Les faits marquants de la carri\u00e8re internationale de Toon van Lankvelt comprennent le 7e rang et meilleur classement jamais obtenu&#8230;<\/p>\n","protected":false},"featured_media":88525,"template":"","tags":[381620482],"hof-categories":[],"year-inducted":[],"gender":[42123],"season":[],"sport":[24641],"game":[334881982],"team":[383844542],"event":[46639],"province":[],"class_list":["post-103827","athletes","type-athletes","status-publish","has-post-thumbnail","hentry","tag-toon-van-lankvelt","gender-masculin","sport-volleyball-interieur","game-2015-toronto","team-toronto-2015-volleyball-hommes-2","event-hommes"],"acf":[],"featured_image_url":"https:\/\/develop.olympic.ca\/olympique\/wp-content\/uploads\/sites\/2\/2013\/12\/coc_men_feature_placeholder_1340x754.png","category_names":[],"tag_names":["Toon van Lankvelt"],"sport_names":[581],"game_names":["Toronto 2015"],"season_names":[],"team_names":["Toronto 2015 - Volleyball (hommes)"],"province_names":[],"social_facebook":"","social_twitter":"","social_linkedin":"","social_gplus":"","social_instagram":"","social_website":"","total_medal_count_gold":"","total_medal_count_silver":"","total_medal_count_bronze":"","athlete_headshot":"","athlete_height":"197","athlete_weight":"94","athlete_hometown":"Rivers (Man.)","athlete_birthplace":"Rivers (Man.)","coc_gracenote_id":"","athlete_dob":"July 1, 1984","athlete_age":42,"jetpack_sharing_enabled":true,"_links":{"self":[{"href":"https:\/\/develop.olympic.ca\/olympique\/wp-json\/wp\/v2\/athletes\/103827","targetHints":{"allow":["GET"]}}],"collection":[{"href":"https:\/\/develop.olympic.ca\/olympique\/wp-json\/wp\/v2\/athletes"}],"about":[{"href":"https:\/\/develop.olympic.ca\/olympique\/wp-json\/wp\/v2\/types\/athletes"}],"version-history":[{"count":0,"href":"https:\/\/develop.olympic.ca\/olympique\/wp-json\/wp\/v2\/athletes\/103827\/revisions"}],"wp:featuredmedia":[{"embeddable":true,"href":"https:\/\/develop.olympic.ca\/olympique\/wp-json\/wp\/v2\/media\/88525"}],"wp:attachment":[{"href":"https:\/\/develop.olympic.ca\/olympique\/wp-json\/wp\/v2\/media?parent=103827"}],"wp:term":[{"taxonomy":"post_tag","embeddable":true,"href":"https:\/\/develop.olympic.ca\/olympique\/wp-json\/wp\/v2\/tags?post=103827"},{"taxonomy":"hof-categories","embeddable":true,"href":"https:\/\/develop.olympic.ca\/olympique\/wp-json\/wp\/v2\/hof-categories?post=103827"},{"taxonomy":"year-inducted","embeddable":true,"href":"https:\/\/develop.olympic.ca\/olympique\/wp-json\/wp\/v2\/year-inducted?post=103827"},{"taxonomy":"gender","embeddable":true,"href":"https:\/\/develop.olympic.ca\/olympique\/wp-json\/wp\/v2\/gender?post=103827"},{"taxonomy":"season","embeddable":true,"href":"https:\/\/develop.olympic.ca\/olympique\/wp-json\/wp\/v2\/season?post=103827"},{"taxonomy":"sport","embeddable":true,"href":"https:\/\/develop.olympic.ca\/olympique\/wp-json\/wp\/v2\/sport?post=103827"},{"taxonomy":"game","embeddable":true,"href":"https:\/\/develop.olympic.ca\/olympique\/wp-json\/wp\/v2\/game?post=103827"},{"taxonomy":"team","embeddable":true,"href":"https:\/\/develop.olympic.ca\/olympique\/wp-json\/wp\/v2\/team?post=103827"},{"taxonomy":"event","embeddable":true,"href":"https:\/\/develop.olympic.ca\/olympique\/wp-json\/wp\/v2\/event?post=103827"},{"taxonomy":"province","embeddable":true,"href":"https:\/\/develop.olympic.ca\/olympique\/wp-json\/wp\/v2\/province?post=103827"}],"curies":[{"name":"wp","href":"https:\/\/api.w.org\/{rel}","templated":true}]}}

<p>Les faits marqu<img loading="lazy" decoding="async" class="  alignleft wp-image-103828 size-thumbnail" src="https://develop.olympic.ca/wp-content/uploads/sites/2/2015/06/toon-van-lankvelt.jpg?quality=100&amp;w=158" alt="Toon-Van-Lankvelt" width="158" height="158" srcset="https://develop.olympic.ca/olympique/wp-content/uploads/sites/2/2015/06/toon-van-lankvelt.jpg 2000w, https://develop.olympic.ca/olympique/wp-content/uploads/sites/2/2015/06/toon-van-lankvelt.jpg?resize=158,158 158w, https://develop.olympic.ca/olympique/wp-content/uploads/sites/2/2015/06/toon-van-lankvelt.jpg?resize=371,371 371w, https://develop.olympic.ca/olympique/wp-content/uploads/sites/2/2015/06/toon-van-lankvelt.jpg?resize=768,768 768w, https://develop.olympic.ca/olympique/wp-content/uploads/sites/2/2015/06/toon-van-lankvelt.jpg?resize=754,754 754w, https://develop.olympic.ca/olympique/wp-content/uploads/sites/2/2015/06/toon-van-lankvelt.jpg?resize=1536,1536 1536w" sizes="(max-width: 158px) 100vw, 158px" />ants de la carrière internationale de Toon van Lankvelt comprennent le 7<sup>e</sup> rang et meilleur classement jamais obtenu par le Canada au Championnat du monde de 2014 de la FIVB et la participation du Canada à la finale de la Ligue mondiale de la FIVB en 2013. Sa carrière professionnelle lui a permis de voyager partout en Europe, où il a joué en Grèce, à Chypre, en Roumanie, en Autriche, en Belgique, en Italie et en France.</p>
<h2><strong>À PROPOS DE L’ATHLÈTE</strong></h2>
<p><strong>Famille :</strong> Ses parents s’appellent Jan et Annie. Ses frères et sœurs s’appellent Bas, Bregje, Willem, Sander et Marieke. <strong>Autres intérêts :</strong> Il a obtenu son baccalauréat ès arts de l’Université du Manitoba.</p>
<h2><strong>PALMARÈS INTERNATIONAL</strong></h2>
<p>Ligue mondiale FIVB : <strong>2014</strong> – 13<sup>e</sup>; <strong>2013</strong> – 5<sup>e</sup>; <strong>2012</strong> – 12<sup>e</sup></p>
<p>FISU : <strong>2007</strong> – ARGENT</p>
<p>ChM FIVB : <strong>2014</strong> – 7<sup>e</sup>; <strong>2010</strong> – 19<sup>e</sup></p>
<p>NORCECA : <strong>2013</strong> – ARGENT; <strong>2011</strong> – BRONZE</p>

<p>Les faits marquants de la carrière internationale de Toon van Lankvelt comprennent le 7e rang et meilleur classement jamais obtenu&#8230;</p>
