{"id":103849,"date":"2015-06-18T15:14:57","date_gmt":"2015-06-18T19:14:57","guid":{"rendered":"http:\/\/develop.olympic.ca\/olympique\/?post_type=athletes&#038;p=103849"},"modified":"2015-08-10T14:34:48","modified_gmt":"2015-08-10T18:34:48","slug":"dustin-schneider","status":"publish","type":"athletes","link":"https:\/\/develop.olympic.ca\/olympique\/team-canada\/dustin-schneider\/","title":{"rendered":"Dustin Schneider"},"content":{"rendered":"<p>Contr<img loading=\"lazy\" decoding=\"async\" class=\"  alignleft wp-image-103850 size-thumbnail\" src=\"https:\/\/develop.olympic.ca\/wp-content\/uploads\/sites\/2\/2015\/06\/dustin-schneider.jpg?quality=100&amp;w=158\" alt=\"Dustin-Schneider\" width=\"158\" height=\"158\" srcset=\"https:\/\/develop.olympic.ca\/olympique\/wp-content\/uploads\/sites\/2\/2015\/06\/dustin-schneider.jpg 600w, https:\/\/develop.olympic.ca\/olympique\/wp-content\/uploads\/sites\/2\/2015\/06\/dustin-schneider.jpg?resize=158,158 158w, https:\/\/develop.olympic.ca\/olympique\/wp-content\/uploads\/sites\/2\/2015\/06\/dustin-schneider.jpg?resize=371,371 371w\" sizes=\"(max-width: 158px) 100vw, 158px\" \/>e toute attente, Dustin Schneider est un passeur qui mesure moins de 190\u00a0cm. Il \u00e9tait le membre le plus petit de l\u2019\u00e9quipe qui a termin\u00e9 au 7<sup>e<\/sup> rang, soit le meilleur classement de son histoire, au Championnat du monde de 2014 de la FIVB. Il a termin\u00e9 sa carri\u00e8re au niveau universitaire avec les Wesmen de Winnipeg en 2007-2008 lorsqu\u2019il a \u00e9t\u00e9 nomm\u00e9 au sein de la premi\u00e8re \u00e9quipe d\u2019\u00e9toiles pancanadienne et de l\u2019\u00e9quipe d\u2019\u00e9toiles de Canada-Ouest. Au Championnat de SIC de 2006-2007, il a \u00e9t\u00e9 nomm\u00e9 joueur par excellence et \u00e0 l\u2019\u00e9quipe d\u2019\u00e9toiles, en plus d\u2019aider les Wesmen \u00e0 remporter leur 10<sup>e<\/sup> titre canadien. Apr\u00e8s avoir obtenu son dipl\u00f4me universitaire, il a lanc\u00e9 sa carri\u00e8re professionnelle en Autriche, puis au Portugal et en France.<\/p>\n<h2><strong>\u00c0 PROPOS DE L\u2019ATHL\u00c8TE<\/strong><\/h2>\n<p><strong>Famille\u00a0: <\/strong>Son fr\u00e8re s\u2019appelle Mark et sa s\u0153ur, Hope. <strong>Autres int\u00e9r\u00eats\u00a0:<\/strong> Il aime jouer au golf et \u00e0 des jeux vid\u00e9o. <strong>De tout et de rien\u00a0:<\/strong> Il porte toujours son uniforme de l\u2019h\u00f4tel au gymnase. Sa devise\u00a0: \u00ab\u00a0On peut toujours faire quelque chose pour continuer de s\u2019am\u00e9liorer.\u00a0\u00bb<\/p>\n<h2><strong>PALMAR\u00c8S INTERNATIONAL<\/strong><\/h2>\n<p>FIVB\u00a0: <strong>2014<\/strong> \u2013 7<sup>e<\/sup>; <strong>2010 <\/strong>\u2013 19<sup>e<\/sup><\/p>\n<p>Ligue mondiale FIVB\u00a0: 2014 \u2013 13<sup>e<\/sup>; <strong>2013<\/strong> \u2013 5<sup>e<\/sup>; <strong>2012<\/strong> \u2013 12<sup>e<\/sup><\/p>\n<p>NORCECA\u00a0:<strong> 2013 <\/strong>\u2013 ARGENT;<strong> 2011<\/strong> \u2013 BRONZE<\/p>\n","protected":false},"excerpt":{"rendered":"<p>Contre toute attente, Dustin Schneider est un passeur qui mesure moins de 190\u00a0cm. Il \u00e9tait le membre le plus petit&#8230;<\/p>\n","protected":false},"featured_media":88525,"template":"","tags":[222951521],"hof-categories":[],"year-inducted":[],"gender":[42123],"season":[],"sport":[24641],"game":[334881982],"team":[383844542],"event":[46639],"province":[],"class_list":["post-103849","athletes","type-athletes","status-publish","has-post-thumbnail","hentry","tag-dustin-schneider","gender-masculin","sport-volleyball-interieur","game-2015-toronto","team-toronto-2015-volleyball-hommes-2","event-hommes"],"acf":[],"featured_image_url":"https:\/\/develop.olympic.ca\/olympique\/wp-content\/uploads\/sites\/2\/2013\/12\/coc_men_feature_placeholder_1340x754.png","category_names":[],"tag_names":["Dustin Schneider"],"sport_names":[581],"game_names":["Toronto 2015"],"season_names":[],"team_names":["Toronto 2015 - Volleyball (hommes)"],"province_names":[],"social_facebook":"","social_twitter":"DAS204","social_linkedin":"","social_gplus":"","social_instagram":"","social_website":"","total_medal_count_gold":"","total_medal_count_silver":"","total_medal_count_bronze":"","athlete_headshot":"","athlete_height":"182","athlete_weight":"82","athlete_hometown":"Brandon (Man.)","athlete_birthplace":"Brandon (Man.)","coc_gracenote_id":"","athlete_dob":"February 27, 1985","athlete_age":41,"jetpack_sharing_enabled":true,"_links":{"self":[{"href":"https:\/\/develop.olympic.ca\/olympique\/wp-json\/wp\/v2\/athletes\/103849","targetHints":{"allow":["GET"]}}],"collection":[{"href":"https:\/\/develop.olympic.ca\/olympique\/wp-json\/wp\/v2\/athletes"}],"about":[{"href":"https:\/\/develop.olympic.ca\/olympique\/wp-json\/wp\/v2\/types\/athletes"}],"version-history":[{"count":0,"href":"https:\/\/develop.olympic.ca\/olympique\/wp-json\/wp\/v2\/athletes\/103849\/revisions"}],"wp:featuredmedia":[{"embeddable":true,"href":"https:\/\/develop.olympic.ca\/olympique\/wp-json\/wp\/v2\/media\/88525"}],"wp:attachment":[{"href":"https:\/\/develop.olympic.ca\/olympique\/wp-json\/wp\/v2\/media?parent=103849"}],"wp:term":[{"taxonomy":"post_tag","embeddable":true,"href":"https:\/\/develop.olympic.ca\/olympique\/wp-json\/wp\/v2\/tags?post=103849"},{"taxonomy":"hof-categories","embeddable":true,"href":"https:\/\/develop.olympic.ca\/olympique\/wp-json\/wp\/v2\/hof-categories?post=103849"},{"taxonomy":"year-inducted","embeddable":true,"href":"https:\/\/develop.olympic.ca\/olympique\/wp-json\/wp\/v2\/year-inducted?post=103849"},{"taxonomy":"gender","embeddable":true,"href":"https:\/\/develop.olympic.ca\/olympique\/wp-json\/wp\/v2\/gender?post=103849"},{"taxonomy":"season","embeddable":true,"href":"https:\/\/develop.olympic.ca\/olympique\/wp-json\/wp\/v2\/season?post=103849"},{"taxonomy":"sport","embeddable":true,"href":"https:\/\/develop.olympic.ca\/olympique\/wp-json\/wp\/v2\/sport?post=103849"},{"taxonomy":"game","embeddable":true,"href":"https:\/\/develop.olympic.ca\/olympique\/wp-json\/wp\/v2\/game?post=103849"},{"taxonomy":"team","embeddable":true,"href":"https:\/\/develop.olympic.ca\/olympique\/wp-json\/wp\/v2\/team?post=103849"},{"taxonomy":"event","embeddable":true,"href":"https:\/\/develop.olympic.ca\/olympique\/wp-json\/wp\/v2\/event?post=103849"},{"taxonomy":"province","embeddable":true,"href":"https:\/\/develop.olympic.ca\/olympique\/wp-json\/wp\/v2\/province?post=103849"}],"curies":[{"name":"wp","href":"https:\/\/api.w.org\/{rel}","templated":true}]}}

<p>Contr<img loading="lazy" decoding="async" class="  alignleft wp-image-103850 size-thumbnail" src="https://develop.olympic.ca/wp-content/uploads/sites/2/2015/06/dustin-schneider.jpg?quality=100&amp;w=158" alt="Dustin-Schneider" width="158" height="158" srcset="https://develop.olympic.ca/olympique/wp-content/uploads/sites/2/2015/06/dustin-schneider.jpg 600w, https://develop.olympic.ca/olympique/wp-content/uploads/sites/2/2015/06/dustin-schneider.jpg?resize=158,158 158w, https://develop.olympic.ca/olympique/wp-content/uploads/sites/2/2015/06/dustin-schneider.jpg?resize=371,371 371w" sizes="(max-width: 158px) 100vw, 158px" />e toute attente, Dustin Schneider est un passeur qui mesure moins de 190 cm. Il était le membre le plus petit de l’équipe qui a terminé au 7<sup>e</sup> rang, soit le meilleur classement de son histoire, au Championnat du monde de 2014 de la FIVB. Il a terminé sa carrière au niveau universitaire avec les Wesmen de Winnipeg en 2007-2008 lorsqu’il a été nommé au sein de la première équipe d’étoiles pancanadienne et de l’équipe d’étoiles de Canada-Ouest. Au Championnat de SIC de 2006-2007, il a été nommé joueur par excellence et à l’équipe d’étoiles, en plus d’aider les Wesmen à remporter leur 10<sup>e</sup> titre canadien. Après avoir obtenu son diplôme universitaire, il a lancé sa carrière professionnelle en Autriche, puis au Portugal et en France.</p>
<h2><strong>À PROPOS DE L’ATHLÈTE</strong></h2>
<p><strong>Famille : </strong>Son frère s’appelle Mark et sa sœur, Hope. <strong>Autres intérêts :</strong> Il aime jouer au golf et à des jeux vidéo. <strong>De tout et de rien :</strong> Il porte toujours son uniforme de l’hôtel au gymnase. Sa devise : « On peut toujours faire quelque chose pour continuer de s’améliorer. »</p>
<h2><strong>PALMARÈS INTERNATIONAL</strong></h2>
<p>FIVB : <strong>2014</strong> – 7<sup>e</sup>; <strong>2010 </strong>– 19<sup>e</sup></p>
<p>Ligue mondiale FIVB : 2014 – 13<sup>e</sup>; <strong>2013</strong> – 5<sup>e</sup>; <strong>2012</strong> – 12<sup>e</sup></p>
<p>NORCECA :<strong> 2013 </strong>– ARGENT;<strong> 2011</strong> – BRONZE</p>

<p>Contre toute attente, Dustin Schneider est un passeur qui mesure moins de 190 cm. Il était le membre le plus petit&#8230;</p>
