{"id":104675,"date":"2015-06-25T16:27:48","date_gmt":"2015-06-25T20:27:48","guid":{"rendered":"http:\/\/develop.olympic.ca\/olympique\/?post_type=athletes&#038;p=104675"},"modified":"2015-08-10T15:48:20","modified_gmt":"2015-08-10T19:48:20","slug":"lyndon-suvanto","status":"publish","type":"athletes","link":"https:\/\/develop.olympic.ca\/olympique\/team-canada\/lyndon-suvanto\/","title":{"rendered":"Lyndon Suvanto"},"content":{"rendered":"<p>Lyndon Suvanto a repr\u00e9sent\u00e9 le Canada aux Championnats du monde juniors 2011, o\u00f9 il s\u2019est vu confier une partie des fonctions de gardien de but et, \u00e0 ce titre, il a fait 11 arr\u00eats en 33 tirs pour aider son \u00e9quipe \u00e0 terminer en 22<sup>e<\/sup>\u00a0place. Il a aussi jou\u00e9 au sein d\u2019un club \u00e0 Skanderborg, au Danemark.<\/p>\n<h2><strong>\u00c0 PROPOS DE L\u2019ATHL\u00c8TE<\/strong><\/h2>\n<p><strong>Famille\u00a0:<\/strong> Ses parents se nomment Tracy et Carol Suvanto. Il a un fr\u00e8re a\u00een\u00e9, Ryan, et une s\u0153ur a\u00een\u00e9e, Vanessa. <strong>D\u00e9buts\u00a0<\/strong> Lyndon a commenc\u00e9 \u00e0 jouer au handball \u00e0 l\u2019\u00e2ge de 14\u00a0ans. Pendant qu\u2019il regardait jouer son fr\u00e8re dans un tournoi \u00e0 l\u2019\u00e9cole secondaire, son gardien de but a contract\u00e9 un virus intestinal et n\u2019a donc pu continuer de jouer. \u00c0 la suite de la pi\u00e8tre performance du joueur rempla\u00e7ant, l\u2019\u00e9quipe a dit en blaguant \u00ab\u00a0Il faut faire garder le filet par Lyndon.\u00a0\u00bb \u00c0 la surprise de tous, il a fait belle figure d\u00e8s sa premi\u00e8re pr\u00e9sence et a \u00e9t\u00e9 invit\u00e9 au camp de s\u00e9lection organis\u00e9 par l\u2019\u00e9quipe de l\u2019Alberta. <strong>Autres int\u00e9r\u00eats\u00a0:<\/strong> En 2013, Lyndon a obtenu un dipl\u00f4me en arts de la radio et de la t\u00e9l\u00e9vision de la Northern Alberta Institute of Technology. Il aime jouer \u00e0 des jeux vid\u00e9o, faire de l\u2019exercice et du camping, se tenir avec ses amis, jouer \u00e0 la balle lente et voyager. Il travaille dans le domaine de la construction des gazoducs. <strong>De tout et de rien\u00a0:<\/strong> Sa devise\u00a0: \u00ab\u00a0La joie de vivre.\u00a0\u00bb Il collectionne les petits verres \u00e0 shooter lorsqu\u2019il est en voyage. Lyndon tire son inspiration de son co\u00e9quipier Dan Devlin qui donne son maximum tous les matchs et se voue \u00e0 faire \u00e9voluer le handball au Canada. On le surnomme Lyndo ou Lyndog.<\/p>\n<h2><strong>PALMAR\u00c8S INTERNATIONAL<\/strong><\/h2>\n<p>ChM IHF (juniors)\u00a0: <strong>2011<\/strong> \u2013 22<sup>e<\/sup><\/p>\n","protected":false},"excerpt":{"rendered":"<p>Lyndon Suvanto a repr\u00e9sent\u00e9 le Canada aux Championnats du monde juniors 2011, o\u00f9 il s\u2019est vu confier une partie des&#8230;<\/p>\n","protected":false},"featured_media":88525,"template":"","tags":[372939934],"hof-categories":[],"year-inducted":[],"gender":[42123],"season":[],"sport":[27816],"game":[334881982],"team":[378740325],"event":[46639],"province":[],"class_list":["post-104675","athletes","type-athletes","status-publish","has-post-thumbnail","hentry","tag-lyndon-suvanto","gender-masculin","sport-handball","game-2015-toronto","team-toronto-2015-handball-hommes","event-hommes"],"acf":[],"yoast_head":"<!-- This site is optimized with the Yoast SEO plugin v27.3 - https:\/\/yoast.com\/product\/yoast-seo-wordpress\/ -->\n<title>Lyndon Suvanto - \u00c9quipe Canada | Site officiel de l&#039;\u00e9quipe olympique<\/title>\n<meta name=\"robots\" content=\"index, follow, max-snippet:-1, max-image-preview:large, max-video-preview:-1\" \/>\n<link rel=\"canonical\" href=\"https:\/\/develop.olympic.ca\/olympique\/team-canada\/lyndon-suvanto\/\" \/>\n<meta property=\"og:locale\" content=\"fr_FR\" \/>\n<meta property=\"og:type\" content=\"article\" \/>\n<meta property=\"og:title\" content=\"Lyndon Suvanto - \u00c9quipe Canada | Site officiel de l&#039;\u00e9quipe olympique\" \/>\n<meta property=\"og:description\" content=\"Lyndon Suvanto a repr\u00e9sent\u00e9 le Canada aux Championnats du monde juniors 2011, o\u00f9 il s\u2019est vu confier une partie des...\" \/>\n<meta property=\"og:url\" content=\"https:\/\/develop.olympic.ca\/olympique\/team-canada\/lyndon-suvanto\/\" \/>\n<meta property=\"og:site_name\" content=\"\u00c9quipe Canada | Site officiel de l&#039;\u00e9quipe olympique\" \/>\n<meta property=\"article:modified_time\" content=\"2015-08-10T19:48:20+00:00\" \/>\n<meta property=\"og:image\" content=\"https:\/\/develop.olympic.ca\/olympique\/wp-content\/uploads\/sites\/2\/2013\/12\/coc_men_feature_placeholder_1340x754.png\" \/>\n\t<meta property=\"og:image:width\" content=\"670\" \/>\n\t<meta property=\"og:image:height\" content=\"377\" \/>\n\t<meta property=\"og:image:type\" content=\"image\/png\" \/>\n<meta name=\"twitter:card\" content=\"summary_large_image\" \/>\n<meta name=\"twitter:label1\" content=\"Est. reading time\" \/>\n\t<meta name=\"twitter:data1\" content=\"2 minutes\" \/>\n\t<meta name=\"twitter:label2\" content=\"Written by\" \/>\n\t<meta name=\"twitter:data2\" content=\"joshsu\" \/>\n<script type=\"application\/ld+json\" class=\"yoast-schema-graph\">{\"@context\":\"https:\\\/\\\/schema.org\",\"@graph\":[{\"@type\":\"WebPage\",\"@id\":\"https:\\\/\\\/develop.olympic.ca\\\/olympique\\\/team-canada\\\/lyndon-suvanto\\\/\",\"url\":\"https:\\\/\\\/develop.olympic.ca\\\/olympique\\\/team-canada\\\/lyndon-suvanto\\\/\",\"name\":\"Lyndon Suvanto - \u00c9quipe Canada | Site officiel de l&#039;\u00e9quipe olympique\",\"isPartOf\":{\"@id\":\"https:\\\/\\\/develop.olympic.ca\\\/olympique\\\/#website\"},\"primaryImageOfPage\":{\"@id\":\"https:\\\/\\\/develop.olympic.ca\\\/olympique\\\/team-canada\\\/lyndon-suvanto\\\/#primaryimage\"},\"image\":{\"@id\":\"https:\\\/\\\/develop.olympic.ca\\\/olympique\\\/team-canada\\\/lyndon-suvanto\\\/#primaryimage\"},\"thumbnailUrl\":\"https:\\\/\\\/develop.olympic.ca\\\/olympique\\\/wp-content\\\/uploads\\\/sites\\\/2\\\/2013\\\/12\\\/coc_men_feature_placeholder_1340x754.png\",\"datePublished\":\"2015-06-25T20:27:48+00:00\",\"dateModified\":\"2015-08-10T19:48:20+00:00\",\"inLanguage\":\"fr-FR\",\"potentialAction\":[{\"@type\":\"ReadAction\",\"target\":[\"https:\\\/\\\/develop.olympic.ca\\\/olympique\\\/team-canada\\\/lyndon-suvanto\\\/\"]}]},{\"@type\":\"ImageObject\",\"inLanguage\":\"fr-FR\",\"@id\":\"https:\\\/\\\/develop.olympic.ca\\\/olympique\\\/team-canada\\\/lyndon-suvanto\\\/#primaryimage\",\"url\":\"https:\\\/\\\/develop.olympic.ca\\\/olympique\\\/wp-content\\\/uploads\\\/sites\\\/2\\\/2013\\\/12\\\/coc_men_feature_placeholder_1340x754.png\",\"contentUrl\":\"https:\\\/\\\/develop.olympic.ca\\\/olympique\\\/wp-content\\\/uploads\\\/sites\\\/2\\\/2013\\\/12\\\/coc_men_feature_placeholder_1340x754.png\",\"width\":670,\"height\":377},{\"@type\":\"WebSite\",\"@id\":\"https:\\\/\\\/develop.olympic.ca\\\/olympique\\\/#website\",\"url\":\"https:\\\/\\\/develop.olympic.ca\\\/olympique\\\/\",\"name\":\"\u00c9quipe Canada | Site officiel de l&#039;\u00e9quipe olympique\",\"description\":\"Votre source pour l\u2019\u00c9quipe olympique canadienne. Retrouvez les r\u00e9cits, vid\u00e9os et photos des athl\u00e8tes canadiens, sports olympiques, Jeux olympiques de 2020 et bien plus!\",\"potentialAction\":[{\"@type\":\"SearchAction\",\"target\":{\"@type\":\"EntryPoint\",\"urlTemplate\":\"https:\\\/\\\/develop.olympic.ca\\\/olympique\\\/?s={search_term_string}\"},\"query-input\":{\"@type\":\"PropertyValueSpecification\",\"valueRequired\":true,\"valueName\":\"search_term_string\"}}],\"inLanguage\":\"fr-FR\"}]}<\/script>\n<!-- \/ Yoast SEO plugin. -->","yoast_head_json":{"title":"Lyndon Suvanto - \u00c9quipe Canada | Site officiel de l&#039;\u00e9quipe olympique","robots":{"index":"index","follow":"follow","max-snippet":"max-snippet:-1","max-image-preview":"max-image-preview:large","max-video-preview":"max-video-preview:-1"},"canonical":"https:\/\/develop.olympic.ca\/olympique\/team-canada\/lyndon-suvanto\/","og_locale":"fr_FR","og_type":"article","og_title":"Lyndon Suvanto - \u00c9quipe Canada | Site officiel de l&#039;\u00e9quipe olympique","og_description":"Lyndon Suvanto a repr\u00e9sent\u00e9 le Canada aux Championnats du monde juniors 2011, o\u00f9 il s\u2019est vu confier une partie des...","og_url":"https:\/\/develop.olympic.ca\/olympique\/team-canada\/lyndon-suvanto\/","og_site_name":"\u00c9quipe Canada | Site officiel de l&#039;\u00e9quipe olympique","article_modified_time":"2015-08-10T19:48:20+00:00","og_image":[{"width":670,"height":377,"url":"https:\/\/develop.olympic.ca\/olympique\/wp-content\/uploads\/sites\/2\/2013\/12\/coc_men_feature_placeholder_1340x754.png","type":"image\/png"}],"twitter_card":"summary_large_image","twitter_misc":{"Est. reading time":"2 minutes","Written by":"joshsu"},"schema":{"@context":"https:\/\/schema.org","@graph":[{"@type":"WebPage","@id":"https:\/\/develop.olympic.ca\/olympique\/team-canada\/lyndon-suvanto\/","url":"https:\/\/develop.olympic.ca\/olympique\/team-canada\/lyndon-suvanto\/","name":"Lyndon Suvanto - \u00c9quipe Canada | Site officiel de l&#039;\u00e9quipe olympique","isPartOf":{"@id":"https:\/\/develop.olympic.ca\/olympique\/#website"},"primaryImageOfPage":{"@id":"https:\/\/develop.olympic.ca\/olympique\/team-canada\/lyndon-suvanto\/#primaryimage"},"image":{"@id":"https:\/\/develop.olympic.ca\/olympique\/team-canada\/lyndon-suvanto\/#primaryimage"},"thumbnailUrl":"https:\/\/develop.olympic.ca\/olympique\/wp-content\/uploads\/sites\/2\/2013\/12\/coc_men_feature_placeholder_1340x754.png","datePublished":"2015-06-25T20:27:48+00:00","dateModified":"2015-08-10T19:48:20+00:00","inLanguage":"fr-FR","potentialAction":[{"@type":"ReadAction","target":["https:\/\/develop.olympic.ca\/olympique\/team-canada\/lyndon-suvanto\/"]}]},{"@type":"ImageObject","inLanguage":"fr-FR","@id":"https:\/\/develop.olympic.ca\/olympique\/team-canada\/lyndon-suvanto\/#primaryimage","url":"https:\/\/develop.olympic.ca\/olympique\/wp-content\/uploads\/sites\/2\/2013\/12\/coc_men_feature_placeholder_1340x754.png","contentUrl":"https:\/\/develop.olympic.ca\/olympique\/wp-content\/uploads\/sites\/2\/2013\/12\/coc_men_feature_placeholder_1340x754.png","width":670,"height":377},{"@type":"WebSite","@id":"https:\/\/develop.olympic.ca\/olympique\/#website","url":"https:\/\/develop.olympic.ca\/olympique\/","name":"\u00c9quipe Canada | Site officiel de l&#039;\u00e9quipe olympique","description":"Votre source pour l\u2019\u00c9quipe olympique canadienne. Retrouvez les r\u00e9cits, vid\u00e9os et photos des athl\u00e8tes canadiens, sports olympiques, Jeux olympiques de 2020 et bien plus!","potentialAction":[{"@type":"SearchAction","target":{"@type":"EntryPoint","urlTemplate":"https:\/\/develop.olympic.ca\/olympique\/?s={search_term_string}"},"query-input":{"@type":"PropertyValueSpecification","valueRequired":true,"valueName":"search_term_string"}}],"inLanguage":"fr-FR"}]}},"featured_image_url":"https:\/\/develop.olympic.ca\/olympique\/wp-content\/uploads\/sites\/2\/2013\/12\/coc_men_feature_placeholder_1340x754.png","category_names":[],"tag_names":["Lyndon Suvanto"],"sport_names":[471],"game_names":["Toronto 2015"],"season_names":[],"team_names":["Toronto 2015 - Handball (hommes)"],"province_names":[],"social_facebook":"","social_twitter":"suvanto56","social_linkedin":"","social_gplus":"","social_instagram":"","social_website":"","total_medal_count_gold":"","total_medal_count_silver":"","total_medal_count_bronze":"","athlete_headshot":"","athlete_height":"193","athlete_weight":"115","athlete_hometown":"Onoway (Alb.)","athlete_birthplace":"Edmonton (Alb.)","coc_gracenote_id":"","athlete_dob":"December 6, 1991","athlete_age":34,"jetpack_sharing_enabled":true,"_links":{"self":[{"href":"https:\/\/develop.olympic.ca\/olympique\/wp-json\/wp\/v2\/athletes\/104675","targetHints":{"allow":["GET"]}}],"collection":[{"href":"https:\/\/develop.olympic.ca\/olympique\/wp-json\/wp\/v2\/athletes"}],"about":[{"href":"https:\/\/develop.olympic.ca\/olympique\/wp-json\/wp\/v2\/types\/athletes"}],"version-history":[{"count":0,"href":"https:\/\/develop.olympic.ca\/olympique\/wp-json\/wp\/v2\/athletes\/104675\/revisions"}],"wp:featuredmedia":[{"embeddable":true,"href":"https:\/\/develop.olympic.ca\/olympique\/wp-json\/wp\/v2\/media\/88525"}],"wp:attachment":[{"href":"https:\/\/develop.olympic.ca\/olympique\/wp-json\/wp\/v2\/media?parent=104675"}],"wp:term":[{"taxonomy":"post_tag","embeddable":true,"href":"https:\/\/develop.olympic.ca\/olympique\/wp-json\/wp\/v2\/tags?post=104675"},{"taxonomy":"hof-categories","embeddable":true,"href":"https:\/\/develop.olympic.ca\/olympique\/wp-json\/wp\/v2\/hof-categories?post=104675"},{"taxonomy":"year-inducted","embeddable":true,"href":"https:\/\/develop.olympic.ca\/olympique\/wp-json\/wp\/v2\/year-inducted?post=104675"},{"taxonomy":"gender","embeddable":true,"href":"https:\/\/develop.olympic.ca\/olympique\/wp-json\/wp\/v2\/gender?post=104675"},{"taxonomy":"season","embeddable":true,"href":"https:\/\/develop.olympic.ca\/olympique\/wp-json\/wp\/v2\/season?post=104675"},{"taxonomy":"sport","embeddable":true,"href":"https:\/\/develop.olympic.ca\/olympique\/wp-json\/wp\/v2\/sport?post=104675"},{"taxonomy":"game","embeddable":true,"href":"https:\/\/develop.olympic.ca\/olympique\/wp-json\/wp\/v2\/game?post=104675"},{"taxonomy":"team","embeddable":true,"href":"https:\/\/develop.olympic.ca\/olympique\/wp-json\/wp\/v2\/team?post=104675"},{"taxonomy":"event","embeddable":true,"href":"https:\/\/develop.olympic.ca\/olympique\/wp-json\/wp\/v2\/event?post=104675"},{"taxonomy":"province","embeddable":true,"href":"https:\/\/develop.olympic.ca\/olympique\/wp-json\/wp\/v2\/province?post=104675"}],"curies":[{"name":"wp","href":"https:\/\/api.w.org\/{rel}","templated":true}]}}

<p>Lyndon Suvanto a représenté le Canada aux Championnats du monde juniors 2011, où il s’est vu confier une partie des fonctions de gardien de but et, à ce titre, il a fait 11 arrêts en 33 tirs pour aider son équipe à terminer en 22<sup>e</sup> place. Il a aussi joué au sein d’un club à Skanderborg, au Danemark.</p>
<h2><strong>À PROPOS DE L’ATHLÈTE</strong></h2>
<p><strong>Famille :</strong> Ses parents se nomment Tracy et Carol Suvanto. Il a un frère aîné, Ryan, et une sœur aînée, Vanessa. <strong>Débuts </strong> Lyndon a commencé à jouer au handball à l’âge de 14 ans. Pendant qu’il regardait jouer son frère dans un tournoi à l’école secondaire, son gardien de but a contracté un virus intestinal et n’a donc pu continuer de jouer. À la suite de la piètre performance du joueur remplaçant, l’équipe a dit en blaguant « Il faut faire garder le filet par Lyndon. » À la surprise de tous, il a fait belle figure dès sa première présence et a été invité au camp de sélection organisé par l’équipe de l’Alberta. <strong>Autres intérêts :</strong> En 2013, Lyndon a obtenu un diplôme en arts de la radio et de la télévision de la Northern Alberta Institute of Technology. Il aime jouer à des jeux vidéo, faire de l’exercice et du camping, se tenir avec ses amis, jouer à la balle lente et voyager. Il travaille dans le domaine de la construction des gazoducs. <strong>De tout et de rien :</strong> Sa devise : « La joie de vivre. » Il collectionne les petits verres à shooter lorsqu’il est en voyage. Lyndon tire son inspiration de son coéquipier Dan Devlin qui donne son maximum tous les matchs et se voue à faire évoluer le handball au Canada. On le surnomme Lyndo ou Lyndog.</p>
<h2><strong>PALMARÈS INTERNATIONAL</strong></h2>
<p>ChM IHF (juniors) : <strong>2011</strong> – 22<sup>e</sup></p>

<p>Lyndon Suvanto a représenté le Canada aux Championnats du monde juniors 2011, où il s’est vu confier une partie des&#8230;</p>

<!-- This site is optimized with the Yoast SEO plugin v27.3 - https://yoast.com/product/yoast-seo-wordpress/ -->
<title>Lyndon Suvanto - Équipe Canada | Site officiel de l&#039;équipe olympique</title>
<meta name="robots" content="index, follow, max-snippet:-1, max-image-preview:large, max-video-preview:-1" />
<link rel="canonical" href="https://develop.olympic.ca/olympique/team-canada/lyndon-suvanto/" />
<meta property="og:locale" content="fr_FR" />
<meta property="og:type" content="article" />
<meta property="og:title" content="Lyndon Suvanto - Équipe Canada | Site officiel de l&#039;équipe olympique" />
<meta property="og:description" content="Lyndon Suvanto a représenté le Canada aux Championnats du monde juniors 2011, où il s’est vu confier une partie des..." />
<meta property="og:url" content="https://develop.olympic.ca/olympique/team-canada/lyndon-suvanto/" />
<meta property="og:site_name" content="Équipe Canada | Site officiel de l&#039;équipe olympique" />
<meta property="article:modified_time" content="2015-08-10T19:48:20+00:00" />
<meta property="og:image" content="https://develop.olympic.ca/olympique/wp-content/uploads/sites/2/2013/12/coc_men_feature_placeholder_1340x754.png" />
	<meta property="og:image:width" content="670" />
	<meta property="og:image:height" content="377" />
	<meta property="og:image:type" content="image/png" />
<meta name="twitter:card" content="summary_large_image" />
<meta name="twitter:label1" content="Est. reading time" />
	<meta name="twitter:data1" content="2 minutes" />
	<meta name="twitter:label2" content="Written by" />
	<meta name="twitter:data2" content="joshsu" />
<script type="application/ld+json" class="yoast-schema-graph">{"@context":"https:\/\/schema.org","@graph":[{"@type":"WebPage","@id":"https:\/\/develop.olympic.ca\/olympique\/team-canada\/lyndon-suvanto\/","url":"https:\/\/develop.olympic.ca\/olympique\/team-canada\/lyndon-suvanto\/","name":"Lyndon Suvanto - Équipe Canada | Site officiel de l&#039;équipe olympique","isPartOf":{"@id":"https:\/\/develop.olympic.ca\/olympique\/#website"},"primaryImageOfPage":{"@id":"https:\/\/develop.olympic.ca\/olympique\/team-canada\/lyndon-suvanto\/#primaryimage"},"image":{"@id":"https:\/\/develop.olympic.ca\/olympique\/team-canada\/lyndon-suvanto\/#primaryimage"},"thumbnailUrl":"https:\/\/develop.olympic.ca\/olympique\/wp-content\/uploads\/sites\/2\/2013\/12\/coc_men_feature_placeholder_1340x754.png","datePublished":"2015-06-25T20:27:48+00:00","dateModified":"2015-08-10T19:48:20+00:00","inLanguage":"fr-FR","potentialAction":[{"@type":"ReadAction","target":["https:\/\/develop.olympic.ca\/olympique\/team-canada\/lyndon-suvanto\/"]}]},{"@type":"ImageObject","inLanguage":"fr-FR","@id":"https:\/\/develop.olympic.ca\/olympique\/team-canada\/lyndon-suvanto\/#primaryimage","url":"https:\/\/develop.olympic.ca\/olympique\/wp-content\/uploads\/sites\/2\/2013\/12\/coc_men_feature_placeholder_1340x754.png","contentUrl":"https:\/\/develop.olympic.ca\/olympique\/wp-content\/uploads\/sites\/2\/2013\/12\/coc_men_feature_placeholder_1340x754.png","width":670,"height":377},{"@type":"WebSite","@id":"https:\/\/develop.olympic.ca\/olympique\/#website","url":"https:\/\/develop.olympic.ca\/olympique\/","name":"Équipe Canada | Site officiel de l&#039;équipe olympique","description":"Votre source pour l’Équipe olympique canadienne. Retrouvez les récits, vidéos et photos des athlètes canadiens, sports olympiques, Jeux olympiques de 2020 et bien plus!","potentialAction":[{"@type":"SearchAction","target":{"@type":"EntryPoint","urlTemplate":"https:\/\/develop.olympic.ca\/olympique\/?s={search_term_string}"},"query-input":{"@type":"PropertyValueSpecification","valueRequired":true,"valueName":"search_term_string"}}],"inLanguage":"fr-FR"}]}</script>
<!-- / Yoast SEO plugin. -->

Lyndon Suvanto - Équipe Canada | Site officiel de l&#039;équipe olympique

Lyndon Suvanto a représenté le Canada aux Championnats du monde juniors 2011, où il s’est vu confier une partie des...

Équipe Canada | Site officiel de l&#039;équipe olympique

Votre source pour l’Équipe olympique canadienne. Retrouvez les récits, vidéos et photos des athlètes canadiens, sports olympiques, Jeux olympiques de 2020 et bien plus!
