{"id":106007,"date":"2015-07-11T13:39:43","date_gmt":"2015-07-11T17:39:43","guid":{"rendered":"http:\/\/develop.olympic.ca\/olympique\/?post_type=athletes&#038;p=106007"},"modified":"2015-08-21T14:33:08","modified_gmt":"2015-08-21T18:33:08","slug":"andrew-nicholson","status":"publish","type":"athletes","link":"https:\/\/develop.olympic.ca\/olympique\/team-canada\/andrew-nicholson\/","title":{"rendered":"Andrew Nicholson"},"content":{"rendered":"<p>En 2012, Andrew Nicholson a \u00e9t\u00e9 s\u00e9lectionn\u00e9 par le Magic d\u2019Orlando au 19<sup>e <\/sup>rang du rep\u00eachage de la NBA. En f\u00e9vrier 2013, il a \u00e9t\u00e9 nomm\u00e9 joueur rempla\u00e7ant pour le Rising Stars Challenge pendant le week-end des \u00e9toiles de la NBA. En deux ans avec le Magic, il a jou\u00e9 75 matchs par saison. Avec l\u2019\u00e9quipe canadienne, Andrew a particip\u00e9 aux Championnats des Am\u00e9riques de la FIBA de 2013 o\u00f9 il a r\u00e9colt\u00e9 une moyenne de 15\u00a0points en huit matchs. Andrew a jou\u00e9 dans l\u2019\u00e9quipe de l\u2019Universit\u00e9 St. Bonaventure o\u00f9 lors de sa derni\u00e8re ann\u00e9e d\u2019\u00e9tudes en 2011-2012, il a \u00e9t\u00e9 nomm\u00e9 joueur de l\u2019ann\u00e9e de la conf\u00e9rence Atlantic\u00a010. Il est le 7<sup>e<\/sup> joueur de l\u2019histoire de la ligue \u00e0 avoir remport\u00e9 le prix apr\u00e8s avoir \u00e9t\u00e9 nomm\u00e9 recrue de l\u2019ann\u00e9e de la conf\u00e9rence Atlantic 10. Il a \u00e9t\u00e9 nomm\u00e9 joueur le plus utile du tournoi Atlantic 10 de 2012.<\/p>\n<p><strong>\u00c0 PROPOS DE L\u2019ATHL\u00c8TE<\/strong><\/p>\n<p><strong>Famille\u00a0:<\/strong> Il est le fils de Fabian et Colmaleen Nicholson. Son fr\u00e8re a\u00een\u00e9 s\u2019appelle Gary. <strong>D\u00e9buts\u00a0:<\/strong> Il a commenc\u00e9 \u00e0 jouer au basketball organis\u00e9 au d\u00e9but du secondaire. <strong>Autres int\u00e9r\u00eats\u00a0:<\/strong> Il aime jouer au baseball. Il a obtenu son dipl\u00f4me de l\u2019Universit\u00e9 St. Bonaventure o\u00f9 il a \u00e9tudi\u00e9 la chimie avant de se mettre \u00e0 la physique.<strong> De tout et de rien\u00a0: <\/strong>On le surnomme\u00a0: YMCA. Il porte des souliers de taille\u00a018. Son envergure est de 7\u00a0pi 4\u00a0po et l\u2019envergure de ses bras est de 8\u00a0pi 11\u00a0po.<\/p>\n<p><strong>PALMAR\u00c8S INTERNATIONAL<\/strong><\/p>\n<p>FIBA Am\u00e9riques\u00a0: <strong>2013<\/strong> \u2013 6<sup>e<\/sup><\/p>\n","protected":false},"excerpt":{"rendered":"<p>En 2012, Andrew Nicholson a \u00e9t\u00e9 s\u00e9lectionn\u00e9 par le Magic d\u2019Orlando au 19e rang du rep\u00eachage de la NBA. En&#8230;<\/p>\n","protected":false},"featured_media":88525,"template":"","tags":[10725362],"hof-categories":[],"year-inducted":[],"gender":[42123],"season":[],"sport":[1985],"game":[334881982],"team":[374588548],"event":[],"province":[],"class_list":["post-106007","athletes","type-athletes","status-publish","has-post-thumbnail","hentry","tag-andrew-nicholson","gender-masculin","sport-basketball","game-2015-toronto","team-toronto-2015-basketball-hommes"],"acf":[],"yoast_head":"<!-- This site is optimized with the Yoast SEO plugin v27.3 - https:\/\/yoast.com\/product\/yoast-seo-wordpress\/ -->\n<title>Andrew Nicholson - \u00c9quipe Canada | Site officiel de l&#039;\u00e9quipe olympique<\/title>\n<meta name=\"robots\" content=\"index, follow, max-snippet:-1, max-image-preview:large, max-video-preview:-1\" \/>\n<link rel=\"canonical\" href=\"https:\/\/develop.olympic.ca\/olympique\/team-canada\/andrew-nicholson\/\" \/>\n<meta property=\"og:locale\" content=\"fr_FR\" \/>\n<meta property=\"og:type\" content=\"article\" \/>\n<meta property=\"og:title\" content=\"Andrew Nicholson - \u00c9quipe Canada | Site officiel de l&#039;\u00e9quipe olympique\" \/>\n<meta property=\"og:description\" content=\"En 2012, Andrew Nicholson a \u00e9t\u00e9 s\u00e9lectionn\u00e9 par le Magic d\u2019Orlando au 19e rang du rep\u00eachage de la NBA. En...\" \/>\n<meta property=\"og:url\" content=\"https:\/\/develop.olympic.ca\/olympique\/team-canada\/andrew-nicholson\/\" \/>\n<meta property=\"og:site_name\" content=\"\u00c9quipe Canada | Site officiel de l&#039;\u00e9quipe olympique\" \/>\n<meta property=\"article:modified_time\" content=\"2015-08-21T18:33:08+00:00\" \/>\n<meta property=\"og:image\" content=\"https:\/\/develop.olympic.ca\/olympique\/wp-content\/uploads\/sites\/2\/2013\/12\/coc_men_feature_placeholder_1340x754.png\" \/>\n\t<meta property=\"og:image:width\" content=\"670\" \/>\n\t<meta property=\"og:image:height\" content=\"377\" \/>\n\t<meta property=\"og:image:type\" content=\"image\/png\" \/>\n<meta name=\"twitter:card\" content=\"summary_large_image\" \/>\n<meta name=\"twitter:label1\" content=\"Est. reading time\" \/>\n\t<meta name=\"twitter:data1\" content=\"1 minute\" \/>\n\t<meta name=\"twitter:label2\" content=\"Written by\" \/>\n\t<meta name=\"twitter:data2\" content=\"camillecw\" \/>\n<script type=\"application\/ld+json\" class=\"yoast-schema-graph\">{\"@context\":\"https:\\\/\\\/schema.org\",\"@graph\":[{\"@type\":\"WebPage\",\"@id\":\"https:\\\/\\\/develop.olympic.ca\\\/olympique\\\/team-canada\\\/andrew-nicholson\\\/\",\"url\":\"https:\\\/\\\/develop.olympic.ca\\\/olympique\\\/team-canada\\\/andrew-nicholson\\\/\",\"name\":\"Andrew Nicholson - \u00c9quipe Canada | Site officiel de l&#039;\u00e9quipe olympique\",\"isPartOf\":{\"@id\":\"https:\\\/\\\/develop.olympic.ca\\\/olympique\\\/#website\"},\"primaryImageOfPage\":{\"@id\":\"https:\\\/\\\/develop.olympic.ca\\\/olympique\\\/team-canada\\\/andrew-nicholson\\\/#primaryimage\"},\"image\":{\"@id\":\"https:\\\/\\\/develop.olympic.ca\\\/olympique\\\/team-canada\\\/andrew-nicholson\\\/#primaryimage\"},\"thumbnailUrl\":\"https:\\\/\\\/develop.olympic.ca\\\/olympique\\\/wp-content\\\/uploads\\\/sites\\\/2\\\/2013\\\/12\\\/coc_men_feature_placeholder_1340x754.png\",\"datePublished\":\"2015-07-11T17:39:43+00:00\",\"dateModified\":\"2015-08-21T18:33:08+00:00\",\"inLanguage\":\"fr-FR\",\"potentialAction\":[{\"@type\":\"ReadAction\",\"target\":[\"https:\\\/\\\/develop.olympic.ca\\\/olympique\\\/team-canada\\\/andrew-nicholson\\\/\"]}]},{\"@type\":\"ImageObject\",\"inLanguage\":\"fr-FR\",\"@id\":\"https:\\\/\\\/develop.olympic.ca\\\/olympique\\\/team-canada\\\/andrew-nicholson\\\/#primaryimage\",\"url\":\"https:\\\/\\\/develop.olympic.ca\\\/olympique\\\/wp-content\\\/uploads\\\/sites\\\/2\\\/2013\\\/12\\\/coc_men_feature_placeholder_1340x754.png\",\"contentUrl\":\"https:\\\/\\\/develop.olympic.ca\\\/olympique\\\/wp-content\\\/uploads\\\/sites\\\/2\\\/2013\\\/12\\\/coc_men_feature_placeholder_1340x754.png\",\"width\":670,\"height\":377},{\"@type\":\"WebSite\",\"@id\":\"https:\\\/\\\/develop.olympic.ca\\\/olympique\\\/#website\",\"url\":\"https:\\\/\\\/develop.olympic.ca\\\/olympique\\\/\",\"name\":\"\u00c9quipe Canada | Site officiel de l&#039;\u00e9quipe olympique\",\"description\":\"Votre source pour l\u2019\u00c9quipe olympique canadienne. Retrouvez les r\u00e9cits, vid\u00e9os et photos des athl\u00e8tes canadiens, sports olympiques, Jeux olympiques de 2020 et bien plus!\",\"potentialAction\":[{\"@type\":\"SearchAction\",\"target\":{\"@type\":\"EntryPoint\",\"urlTemplate\":\"https:\\\/\\\/develop.olympic.ca\\\/olympique\\\/?s={search_term_string}\"},\"query-input\":{\"@type\":\"PropertyValueSpecification\",\"valueRequired\":true,\"valueName\":\"search_term_string\"}}],\"inLanguage\":\"fr-FR\"}]}<\/script>\n<!-- \/ Yoast SEO plugin. -->","yoast_head_json":{"title":"Andrew Nicholson - \u00c9quipe Canada | Site officiel de l&#039;\u00e9quipe olympique","robots":{"index":"index","follow":"follow","max-snippet":"max-snippet:-1","max-image-preview":"max-image-preview:large","max-video-preview":"max-video-preview:-1"},"canonical":"https:\/\/develop.olympic.ca\/olympique\/team-canada\/andrew-nicholson\/","og_locale":"fr_FR","og_type":"article","og_title":"Andrew Nicholson - \u00c9quipe Canada | Site officiel de l&#039;\u00e9quipe olympique","og_description":"En 2012, Andrew Nicholson a \u00e9t\u00e9 s\u00e9lectionn\u00e9 par le Magic d\u2019Orlando au 19e rang du rep\u00eachage de la NBA. En...","og_url":"https:\/\/develop.olympic.ca\/olympique\/team-canada\/andrew-nicholson\/","og_site_name":"\u00c9quipe Canada | Site officiel de l&#039;\u00e9quipe olympique","article_modified_time":"2015-08-21T18:33:08+00:00","og_image":[{"width":670,"height":377,"url":"https:\/\/develop.olympic.ca\/olympique\/wp-content\/uploads\/sites\/2\/2013\/12\/coc_men_feature_placeholder_1340x754.png","type":"image\/png"}],"twitter_card":"summary_large_image","twitter_misc":{"Est. reading time":"1 minute","Written by":"camillecw"},"schema":{"@context":"https:\/\/schema.org","@graph":[{"@type":"WebPage","@id":"https:\/\/develop.olympic.ca\/olympique\/team-canada\/andrew-nicholson\/","url":"https:\/\/develop.olympic.ca\/olympique\/team-canada\/andrew-nicholson\/","name":"Andrew Nicholson - \u00c9quipe Canada | Site officiel de l&#039;\u00e9quipe olympique","isPartOf":{"@id":"https:\/\/develop.olympic.ca\/olympique\/#website"},"primaryImageOfPage":{"@id":"https:\/\/develop.olympic.ca\/olympique\/team-canada\/andrew-nicholson\/#primaryimage"},"image":{"@id":"https:\/\/develop.olympic.ca\/olympique\/team-canada\/andrew-nicholson\/#primaryimage"},"thumbnailUrl":"https:\/\/develop.olympic.ca\/olympique\/wp-content\/uploads\/sites\/2\/2013\/12\/coc_men_feature_placeholder_1340x754.png","datePublished":"2015-07-11T17:39:43+00:00","dateModified":"2015-08-21T18:33:08+00:00","inLanguage":"fr-FR","potentialAction":[{"@type":"ReadAction","target":["https:\/\/develop.olympic.ca\/olympique\/team-canada\/andrew-nicholson\/"]}]},{"@type":"ImageObject","inLanguage":"fr-FR","@id":"https:\/\/develop.olympic.ca\/olympique\/team-canada\/andrew-nicholson\/#primaryimage","url":"https:\/\/develop.olympic.ca\/olympique\/wp-content\/uploads\/sites\/2\/2013\/12\/coc_men_feature_placeholder_1340x754.png","contentUrl":"https:\/\/develop.olympic.ca\/olympique\/wp-content\/uploads\/sites\/2\/2013\/12\/coc_men_feature_placeholder_1340x754.png","width":670,"height":377},{"@type":"WebSite","@id":"https:\/\/develop.olympic.ca\/olympique\/#website","url":"https:\/\/develop.olympic.ca\/olympique\/","name":"\u00c9quipe Canada | Site officiel de l&#039;\u00e9quipe olympique","description":"Votre source pour l\u2019\u00c9quipe olympique canadienne. Retrouvez les r\u00e9cits, vid\u00e9os et photos des athl\u00e8tes canadiens, sports olympiques, Jeux olympiques de 2020 et bien plus!","potentialAction":[{"@type":"SearchAction","target":{"@type":"EntryPoint","urlTemplate":"https:\/\/develop.olympic.ca\/olympique\/?s={search_term_string}"},"query-input":{"@type":"PropertyValueSpecification","valueRequired":true,"valueName":"search_term_string"}}],"inLanguage":"fr-FR"}]}},"featured_image_url":"https:\/\/develop.olympic.ca\/olympique\/wp-content\/uploads\/sites\/2\/2013\/12\/coc_men_feature_placeholder_1340x754.png","category_names":[],"tag_names":["Andrew Nicholson"],"sport_names":[360],"game_names":["Toronto 2015"],"season_names":[],"team_names":["Toronto 2015 Basketball Hommes"],"province_names":[],"social_facebook":"https:\/\/www.Facebook.com\/Nicholson44","social_twitter":"nicholaf44","social_linkedin":"","social_gplus":"","social_instagram":"","social_website":"","total_medal_count_gold":"","total_medal_count_silver":"","total_medal_count_bronze":"","athlete_headshot":"","athlete_height":"206","athlete_weight":"113","athlete_hometown":"Mississauga, Ontario","athlete_birthplace":"Etobicoke, Ontario","coc_gracenote_id":"","athlete_dob":"December 8, 1989","athlete_age":36,"jetpack_sharing_enabled":true,"_links":{"self":[{"href":"https:\/\/develop.olympic.ca\/olympique\/wp-json\/wp\/v2\/athletes\/106007","targetHints":{"allow":["GET"]}}],"collection":[{"href":"https:\/\/develop.olympic.ca\/olympique\/wp-json\/wp\/v2\/athletes"}],"about":[{"href":"https:\/\/develop.olympic.ca\/olympique\/wp-json\/wp\/v2\/types\/athletes"}],"version-history":[{"count":1,"href":"https:\/\/develop.olympic.ca\/olympique\/wp-json\/wp\/v2\/athletes\/106007\/revisions"}],"predecessor-version":[{"id":109604,"href":"https:\/\/develop.olympic.ca\/olympique\/wp-json\/wp\/v2\/athletes\/106007\/revisions\/109604"}],"wp:featuredmedia":[{"embeddable":true,"href":"https:\/\/develop.olympic.ca\/olympique\/wp-json\/wp\/v2\/media\/88525"}],"wp:attachment":[{"href":"https:\/\/develop.olympic.ca\/olympique\/wp-json\/wp\/v2\/media?parent=106007"}],"wp:term":[{"taxonomy":"post_tag","embeddable":true,"href":"https:\/\/develop.olympic.ca\/olympique\/wp-json\/wp\/v2\/tags?post=106007"},{"taxonomy":"hof-categories","embeddable":true,"href":"https:\/\/develop.olympic.ca\/olympique\/wp-json\/wp\/v2\/hof-categories?post=106007"},{"taxonomy":"year-inducted","embeddable":true,"href":"https:\/\/develop.olympic.ca\/olympique\/wp-json\/wp\/v2\/year-inducted?post=106007"},{"taxonomy":"gender","embeddable":true,"href":"https:\/\/develop.olympic.ca\/olympique\/wp-json\/wp\/v2\/gender?post=106007"},{"taxonomy":"season","embeddable":true,"href":"https:\/\/develop.olympic.ca\/olympique\/wp-json\/wp\/v2\/season?post=106007"},{"taxonomy":"sport","embeddable":true,"href":"https:\/\/develop.olympic.ca\/olympique\/wp-json\/wp\/v2\/sport?post=106007"},{"taxonomy":"game","embeddable":true,"href":"https:\/\/develop.olympic.ca\/olympique\/wp-json\/wp\/v2\/game?post=106007"},{"taxonomy":"team","embeddable":true,"href":"https:\/\/develop.olympic.ca\/olympique\/wp-json\/wp\/v2\/team?post=106007"},{"taxonomy":"event","embeddable":true,"href":"https:\/\/develop.olympic.ca\/olympique\/wp-json\/wp\/v2\/event?post=106007"},{"taxonomy":"province","embeddable":true,"href":"https:\/\/develop.olympic.ca\/olympique\/wp-json\/wp\/v2\/province?post=106007"}],"curies":[{"name":"wp","href":"https:\/\/api.w.org\/{rel}","templated":true}]}}

<p>En 2012, Andrew Nicholson a été sélectionné par le Magic d’Orlando au 19<sup>e </sup>rang du repêchage de la NBA. En février 2013, il a été nommé joueur remplaçant pour le Rising Stars Challenge pendant le week-end des étoiles de la NBA. En deux ans avec le Magic, il a joué 75 matchs par saison. Avec l’équipe canadienne, Andrew a participé aux Championnats des Amériques de la FIBA de 2013 où il a récolté une moyenne de 15 points en huit matchs. Andrew a joué dans l’équipe de l’Université St. Bonaventure où lors de sa dernière année d’études en 2011-2012, il a été nommé joueur de l’année de la conférence Atlantic 10. Il est le 7<sup>e</sup> joueur de l’histoire de la ligue à avoir remporté le prix après avoir été nommé recrue de l’année de la conférence Atlantic 10. Il a été nommé joueur le plus utile du tournoi Atlantic 10 de 2012.</p>
<p><strong>À PROPOS DE L’ATHLÈTE</strong></p>
<p><strong>Famille :</strong> Il est le fils de Fabian et Colmaleen Nicholson. Son frère aîné s’appelle Gary. <strong>Débuts :</strong> Il a commencé à jouer au basketball organisé au début du secondaire. <strong>Autres intérêts :</strong> Il aime jouer au baseball. Il a obtenu son diplôme de l’Université St. Bonaventure où il a étudié la chimie avant de se mettre à la physique.<strong> De tout et de rien : </strong>On le surnomme : YMCA. Il porte des souliers de taille 18. Son envergure est de 7 pi 4 po et l’envergure de ses bras est de 8 pi 11 po.</p>
<p><strong>PALMARÈS INTERNATIONAL</strong></p>
<p>FIBA Amériques : <strong>2013</strong> – 6<sup>e</sup></p>

<p>En 2012, Andrew Nicholson a été sélectionné par le Magic d’Orlando au 19e rang du repêchage de la NBA. En&#8230;</p>

<!-- This site is optimized with the Yoast SEO plugin v27.3 - https://yoast.com/product/yoast-seo-wordpress/ -->
<title>Andrew Nicholson - Équipe Canada | Site officiel de l&#039;équipe olympique</title>
<meta name="robots" content="index, follow, max-snippet:-1, max-image-preview:large, max-video-preview:-1" />
<link rel="canonical" href="https://develop.olympic.ca/olympique/team-canada/andrew-nicholson/" />
<meta property="og:locale" content="fr_FR" />
<meta property="og:type" content="article" />
<meta property="og:title" content="Andrew Nicholson - Équipe Canada | Site officiel de l&#039;équipe olympique" />
<meta property="og:description" content="En 2012, Andrew Nicholson a été sélectionné par le Magic d’Orlando au 19e rang du repêchage de la NBA. En..." />
<meta property="og:url" content="https://develop.olympic.ca/olympique/team-canada/andrew-nicholson/" />
<meta property="og:site_name" content="Équipe Canada | Site officiel de l&#039;équipe olympique" />
<meta property="article:modified_time" content="2015-08-21T18:33:08+00:00" />
<meta property="og:image" content="https://develop.olympic.ca/olympique/wp-content/uploads/sites/2/2013/12/coc_men_feature_placeholder_1340x754.png" />
	<meta property="og:image:width" content="670" />
	<meta property="og:image:height" content="377" />
	<meta property="og:image:type" content="image/png" />
<meta name="twitter:card" content="summary_large_image" />
<meta name="twitter:label1" content="Est. reading time" />
	<meta name="twitter:data1" content="1 minute" />
	<meta name="twitter:label2" content="Written by" />
	<meta name="twitter:data2" content="camillecw" />
<script type="application/ld+json" class="yoast-schema-graph">{"@context":"https:\/\/schema.org","@graph":[{"@type":"WebPage","@id":"https:\/\/develop.olympic.ca\/olympique\/team-canada\/andrew-nicholson\/","url":"https:\/\/develop.olympic.ca\/olympique\/team-canada\/andrew-nicholson\/","name":"Andrew Nicholson - Équipe Canada | Site officiel de l&#039;équipe olympique","isPartOf":{"@id":"https:\/\/develop.olympic.ca\/olympique\/#website"},"primaryImageOfPage":{"@id":"https:\/\/develop.olympic.ca\/olympique\/team-canada\/andrew-nicholson\/#primaryimage"},"image":{"@id":"https:\/\/develop.olympic.ca\/olympique\/team-canada\/andrew-nicholson\/#primaryimage"},"thumbnailUrl":"https:\/\/develop.olympic.ca\/olympique\/wp-content\/uploads\/sites\/2\/2013\/12\/coc_men_feature_placeholder_1340x754.png","datePublished":"2015-07-11T17:39:43+00:00","dateModified":"2015-08-21T18:33:08+00:00","inLanguage":"fr-FR","potentialAction":[{"@type":"ReadAction","target":["https:\/\/develop.olympic.ca\/olympique\/team-canada\/andrew-nicholson\/"]}]},{"@type":"ImageObject","inLanguage":"fr-FR","@id":"https:\/\/develop.olympic.ca\/olympique\/team-canada\/andrew-nicholson\/#primaryimage","url":"https:\/\/develop.olympic.ca\/olympique\/wp-content\/uploads\/sites\/2\/2013\/12\/coc_men_feature_placeholder_1340x754.png","contentUrl":"https:\/\/develop.olympic.ca\/olympique\/wp-content\/uploads\/sites\/2\/2013\/12\/coc_men_feature_placeholder_1340x754.png","width":670,"height":377},{"@type":"WebSite","@id":"https:\/\/develop.olympic.ca\/olympique\/#website","url":"https:\/\/develop.olympic.ca\/olympique\/","name":"Équipe Canada | Site officiel de l&#039;équipe olympique","description":"Votre source pour l’Équipe olympique canadienne. Retrouvez les récits, vidéos et photos des athlètes canadiens, sports olympiques, Jeux olympiques de 2020 et bien plus!","potentialAction":[{"@type":"SearchAction","target":{"@type":"EntryPoint","urlTemplate":"https:\/\/develop.olympic.ca\/olympique\/?s={search_term_string}"},"query-input":{"@type":"PropertyValueSpecification","valueRequired":true,"valueName":"search_term_string"}}],"inLanguage":"fr-FR"}]}</script>
<!-- / Yoast SEO plugin. -->

Andrew Nicholson - Équipe Canada | Site officiel de l&#039;équipe olympique

En 2012, Andrew Nicholson a été sélectionné par le Magic d’Orlando au 19e rang du repêchage de la NBA. En...

Équipe Canada | Site officiel de l&#039;équipe olympique

Votre source pour l’Équipe olympique canadienne. Retrouvez les récits, vidéos et photos des athlètes canadiens, sports olympiques, Jeux olympiques de 2020 et bien plus!
