{"id":12556,"date":"2011-09-18T21:43:46","date_gmt":"2011-09-19T01:43:46","guid":{"rendered":"http:\/\/develop.olympic.ca\/team-canada\/ashleigh-mcivor-2\/"},"modified":"2019-01-23T14:55:29","modified_gmt":"2019-01-23T19:55:29","slug":"ashleigh-mcivor","status":"publish","type":"athletes","link":"https:\/\/develop.olympic.ca\/olympique\/team-canada\/ashleigh-mcivor\/","title":{"rendered":"Ashleigh McIvor"},"content":{"rendered":"<h2><a href=\"http:\/\/develop.olympic.ca\/wp-content\/uploads\/sites\/2\/2011\/09\/ashleigh_mcivor_2010_1340px.jpg\"><img loading=\"lazy\" decoding=\"async\" class=\" wp-image-83646 alignleft\" src=\"http:\/\/develop.olympic.ca\/wp-content\/uploads\/sites\/2\/2011\/09\/ashleigh_mcivor_2010_1340px.jpg?w=247\" alt=\"ashleigh_mcivor_2010_1340px\" width=\"173\" height=\"260\" srcset=\"https:\/\/develop.olympic.ca\/olympique\/wp-content\/uploads\/sites\/2\/2011\/09\/ashleigh_mcivor_2010_1340px.jpg 893w, https:\/\/develop.olympic.ca\/olympique\/wp-content\/uploads\/sites\/2\/2011\/09\/ashleigh_mcivor_2010_1340px.jpg?resize=105,158 105w, https:\/\/develop.olympic.ca\/olympique\/wp-content\/uploads\/sites\/2\/2011\/09\/ashleigh_mcivor_2010_1340px.jpg?resize=247,371 247w, https:\/\/develop.olympic.ca\/olympique\/wp-content\/uploads\/sites\/2\/2011\/09\/ashleigh_mcivor_2010_1340px.jpg?resize=768,1152 768w, https:\/\/develop.olympic.ca\/olympique\/wp-content\/uploads\/sites\/2\/2011\/09\/ashleigh_mcivor_2010_1340px.jpg?resize=502,754 502w\" sizes=\"(max-width: 173px) 100vw, 173px\" \/><\/a>Renseignements g\u00e9n\u00e9raux<\/h2>\n<p>Championne du monde 2009 &#8230; A remport\u00e9 huit m\u00e9dailles \u00e0 la Coupe du monde en carri\u00e8re.<\/p>\n<h2>R\u00e9sultats aux Championnats du monde<\/h2>\n<p>2009 (Inawashiro, JPN) : Or<\/p>\n<h2>Carri\u00e8re<\/h2>\n<p>2009-10 : A r\u00e9colt\u00e9 une m\u00e9daille d&rsquo;or, deux d&rsquo;argent et une de bronze sur le circuit de la Coupe du monde. 2008-09 : Championne du monde de ski cross &#8230; A d\u00e9croch\u00e9 deux m\u00e9dailles d&rsquo;argent \u00e0 la Coupe du monde \u00e0 Flaine, FRA et \u00e0 Cypress, C.-B. \u00e0 l&rsquo;installation des Jeux olympiques d&rsquo;hiver de 2010 &#8230; A gagn\u00e9 le bronze \u00e0 la Coupe du monde \u00e0 Branaes, SUI &#8230; A pris le 5e rang au classement g\u00e9n\u00e9ral du circuit de la Coupe du monde &#8230; A termin\u00e9 troisi\u00e8me aux Championnats nationaux \u00e0 Calgary. 2007-08 : A pris le 17e rang au classement g\u00e9n\u00e9ral du circuit de la Coupe du monde malgr\u00e9 une \u00e9paule disloqu\u00e9e au cours de la premi\u00e8re comp\u00e9tition &#8230; A pass\u00e9 le reste de la saison au repos afin de se remettre de son op\u00e9ration. 2006-07 : N&rsquo;a pas concouru. 2005-06 : N&rsquo;a pas concouru. 2004-05 : A gagn\u00e9 une m\u00e9daille d&rsquo;argent \u00e0 la Coupe du monde &#8230; A pris le 19e rang au classement g\u00e9n\u00e9ral sur le circuit de la Coupe du monde. 1999-00 : A concouru sur la sc\u00e8ne internationale dans les quatre disciplines alpines.<\/p>\n<h2>Renseignements personnels<\/h2>\n<p>Poursuit actuellement des \u00e9tudes en marketing \u00e0 l&rsquo;Universit\u00e9 de la Colombie-Britannique &#8230; Ses parents s&rsquo;appellent Marilyn et Brent &#8230; A une soeur, Lindsay (24 ans) &#8230; Sa grand-m\u00e8re a concouru aux Jeux du Canada en patinage de vitesse &#8230; En g\u00e9n\u00e9ral, les gens sont surpris d&rsquo;apprendre qu&rsquo;elle a construit elle-m\u00eame sa maison &#8230; Aime le v\u00e9lo de descente, la moto tout-terrain et le surf (en tant que loisirs) &#8230; Se d\u00e9crit comme accro \u00e0 l&rsquo;adr\u00e9naline.<\/p>\n","protected":false},"excerpt":{"rendered":"<p>Renseignements g\u00e9n\u00e9raux Championne du monde 2009 &#8230; A remport\u00e9 huit m\u00e9dailles \u00e0 la Coupe du monde en carri\u00e8re. R\u00e9sultats aux&#8230;<\/p>\n","protected":false},"featured_media":83647,"template":"","tags":[],"hof-categories":[],"year-inducted":[],"gender":[23319],"season":[],"sport":[181823549],"game":[7906021],"team":[415983813],"event":[181823554],"province":[],"class_list":["post-12556","athletes","type-athletes","status-publish","has-post-thumbnail","hentry","gender-feminin","sport-ski-ski-acrobatique","game-2010-vancouver","team-vancouver-2010-ski-acrobatique","event-ski-cross-femmes"],"acf":[],"featured_image_url":"https:\/\/develop.olympic.ca\/olympique\/wp-content\/uploads\/sites\/2\/2011\/09\/ashleigh_mcivor_action_2010_e_1340px.jpg?quality=100","category_names":[],"tag_names":[],"sport_names":[237],"game_names":["Vancouver 2010"],"season_names":[],"team_names":["Vancouver 2010 Ski Acrobatique"],"province_names":[],"social_facebook":"http:\/\/www.facebook.com\/pages\/Ashleigh-McIvor-Official-Fan-Page\/337903721002","social_twitter":"AshleighMcIvor","social_linkedin":"","social_gplus":"","social_instagram":"","social_website":"ashleighmcivor.com\/","total_medal_count_gold":"1","total_medal_count_silver":"","total_medal_count_bronze":"","athlete_headshot":"","athlete_height":"178","athlete_weight":"66","athlete_hometown":"","athlete_birthplace":"Vancouver, Colombie Britannique","coc_gracenote_id":"","athlete_dob":"September 15, 1983","athlete_age":42,"jetpack_sharing_enabled":true,"_links":{"self":[{"href":"https:\/\/develop.olympic.ca\/olympique\/wp-json\/wp\/v2\/athletes\/12556","targetHints":{"allow":["GET"]}}],"collection":[{"href":"https:\/\/develop.olympic.ca\/olympique\/wp-json\/wp\/v2\/athletes"}],"about":[{"href":"https:\/\/develop.olympic.ca\/olympique\/wp-json\/wp\/v2\/types\/athletes"}],"version-history":[{"count":1,"href":"https:\/\/develop.olympic.ca\/olympique\/wp-json\/wp\/v2\/athletes\/12556\/revisions"}],"predecessor-version":[{"id":83650,"href":"https:\/\/develop.olympic.ca\/olympique\/wp-json\/wp\/v2\/athletes\/12556\/revisions\/83650"}],"wp:featuredmedia":[{"embeddable":true,"href":"https:\/\/develop.olympic.ca\/olympique\/wp-json\/wp\/v2\/media\/83647"}],"wp:attachment":[{"href":"https:\/\/develop.olympic.ca\/olympique\/wp-json\/wp\/v2\/media?parent=12556"}],"wp:term":[{"taxonomy":"post_tag","embeddable":true,"href":"https:\/\/develop.olympic.ca\/olympique\/wp-json\/wp\/v2\/tags?post=12556"},{"taxonomy":"hof-categories","embeddable":true,"href":"https:\/\/develop.olympic.ca\/olympique\/wp-json\/wp\/v2\/hof-categories?post=12556"},{"taxonomy":"year-inducted","embeddable":true,"href":"https:\/\/develop.olympic.ca\/olympique\/wp-json\/wp\/v2\/year-inducted?post=12556"},{"taxonomy":"gender","embeddable":true,"href":"https:\/\/develop.olympic.ca\/olympique\/wp-json\/wp\/v2\/gender?post=12556"},{"taxonomy":"season","embeddable":true,"href":"https:\/\/develop.olympic.ca\/olympique\/wp-json\/wp\/v2\/season?post=12556"},{"taxonomy":"sport","embeddable":true,"href":"https:\/\/develop.olympic.ca\/olympique\/wp-json\/wp\/v2\/sport?post=12556"},{"taxonomy":"game","embeddable":true,"href":"https:\/\/develop.olympic.ca\/olympique\/wp-json\/wp\/v2\/game?post=12556"},{"taxonomy":"team","embeddable":true,"href":"https:\/\/develop.olympic.ca\/olympique\/wp-json\/wp\/v2\/team?post=12556"},{"taxonomy":"event","embeddable":true,"href":"https:\/\/develop.olympic.ca\/olympique\/wp-json\/wp\/v2\/event?post=12556"},{"taxonomy":"province","embeddable":true,"href":"https:\/\/develop.olympic.ca\/olympique\/wp-json\/wp\/v2\/province?post=12556"}],"curies":[{"name":"wp","href":"https:\/\/api.w.org\/{rel}","templated":true}]}}

<h2><a href="http://develop.olympic.ca/wp-content/uploads/sites/2/2011/09/ashleigh_mcivor_2010_1340px.jpg"><img loading="lazy" decoding="async" class=" wp-image-83646 alignleft" src="http://develop.olympic.ca/wp-content/uploads/sites/2/2011/09/ashleigh_mcivor_2010_1340px.jpg?w=247" alt="ashleigh_mcivor_2010_1340px" width="173" height="260" srcset="https://develop.olympic.ca/olympique/wp-content/uploads/sites/2/2011/09/ashleigh_mcivor_2010_1340px.jpg 893w, https://develop.olympic.ca/olympique/wp-content/uploads/sites/2/2011/09/ashleigh_mcivor_2010_1340px.jpg?resize=105,158 105w, https://develop.olympic.ca/olympique/wp-content/uploads/sites/2/2011/09/ashleigh_mcivor_2010_1340px.jpg?resize=247,371 247w, https://develop.olympic.ca/olympique/wp-content/uploads/sites/2/2011/09/ashleigh_mcivor_2010_1340px.jpg?resize=768,1152 768w, https://develop.olympic.ca/olympique/wp-content/uploads/sites/2/2011/09/ashleigh_mcivor_2010_1340px.jpg?resize=502,754 502w" sizes="(max-width: 173px) 100vw, 173px" /></a>Renseignements généraux</h2>
<p>Championne du monde 2009 &#8230; A remporté huit médailles à la Coupe du monde en carrière.</p>
<h2>Résultats aux Championnats du monde</h2>
<p>2009 (Inawashiro, JPN) : Or</p>
<h2>Carrière</h2>
<p>2009-10 : A récolté une médaille d&rsquo;or, deux d&rsquo;argent et une de bronze sur le circuit de la Coupe du monde. 2008-09 : Championne du monde de ski cross &#8230; A décroché deux médailles d&rsquo;argent à la Coupe du monde à Flaine, FRA et à Cypress, C.-B. à l&rsquo;installation des Jeux olympiques d&rsquo;hiver de 2010 &#8230; A gagné le bronze à la Coupe du monde à Branaes, SUI &#8230; A pris le 5e rang au classement général du circuit de la Coupe du monde &#8230; A terminé troisième aux Championnats nationaux à Calgary. 2007-08 : A pris le 17e rang au classement général du circuit de la Coupe du monde malgré une épaule disloquée au cours de la première compétition &#8230; A passé le reste de la saison au repos afin de se remettre de son opération. 2006-07 : N&rsquo;a pas concouru. 2005-06 : N&rsquo;a pas concouru. 2004-05 : A gagné une médaille d&rsquo;argent à la Coupe du monde &#8230; A pris le 19e rang au classement général sur le circuit de la Coupe du monde. 1999-00 : A concouru sur la scène internationale dans les quatre disciplines alpines.</p>
<h2>Renseignements personnels</h2>
<p>Poursuit actuellement des études en marketing à l&rsquo;Université de la Colombie-Britannique &#8230; Ses parents s&rsquo;appellent Marilyn et Brent &#8230; A une soeur, Lindsay (24 ans) &#8230; Sa grand-mère a concouru aux Jeux du Canada en patinage de vitesse &#8230; En général, les gens sont surpris d&rsquo;apprendre qu&rsquo;elle a construit elle-même sa maison &#8230; Aime le vélo de descente, la moto tout-terrain et le surf (en tant que loisirs) &#8230; Se décrit comme accro à l&rsquo;adrénaline.</p>

<p>Renseignements généraux Championne du monde 2009 &#8230; A remporté huit médailles à la Coupe du monde en carrière. Résultats aux&#8230;</p>
