{"id":151909,"date":"2019-06-11T12:00:10","date_gmt":"2019-06-11T16:00:10","guid":{"rendered":"http:\/\/develop.olympic.ca\/olympique\/?post_type=athletes&#038;p=151909"},"modified":"2022-05-11T09:40:58","modified_gmt":"2022-05-11T13:40:58","slug":"hervan-nkogho","status":"publish","type":"athletes","link":"https:\/\/develop.olympic.ca\/olympique\/team-canada\/hervan-nkogho\/","title":{"rendered":"Hervan Nkogho"},"content":{"rendered":"<p>\u2022 A particip\u00e9 aux Championnats du monde de taekwondo pour la premi\u00e8re fois en 2017, finissant neuvi\u00e8me dans la cat\u00e9gorie des 68 kilos<\/p>\n<p>\u2022 A remport\u00e9 l\u2019or dans la cat\u00e9gorie des 68 kilos aux Championnats du Commonwealth<\/p>\n<p>\u2022 A amorc\u00e9 sa saison 2019 avec une m\u00e9daille de bronze chez les 68 kilos \u00e0 l\u2019Open de Porto Rico<\/p>\n<p>\u2022 En 2018, a remport\u00e9 l\u2019argent \u00e0 l\u2019US Open et \u00e0 l\u2019Open panam\u00e9ricain<\/p>\n<p>\u2022 Membre de l\u2019\u00e9quipe nationale senior depuis 2016<\/p>\n<p>&nbsp;<\/p>\n<p><strong>\u00c0 propos d&rsquo;Hervan<\/strong><\/p>\n<p><strong>D\u00e9buts&nbsp;<\/strong>: A commenc\u00e9 le taekwondo \u00e0 l\u2019\u00e2ge de six ans, obtenant sa ceinture noire quand il a eu 11 ans, et a commenc\u00e9 la comp\u00e9tition internationale \u00e0 15 ans\u2026<\/p>\n<p><strong>Autres int\u00e9r\u00eats&nbsp;:<\/strong> Aime jouer au basketball, regarder des matchs de la NBA et Netflix quand il n\u2019est pas en comp\u00e9tition\u2026<\/p>\n<p><strong>De tout et de rien&nbsp;:<\/strong> Sa devise pr\u00e9f\u00e9r\u00e9e est&nbsp;: \u00ab Bats-toi pour l\u2019excellence\u2026 \u00bb<\/p>\n","protected":false},"excerpt":{"rendered":"<p>\u2022 A particip\u00e9 aux Championnats du monde de taekwondo pour la premi\u00e8re fois en 2017, finissant neuvi\u00e8me dans la cat\u00e9gorie&#8230;<\/p>\n","protected":false},"featured_media":151660,"template":"","tags":[1104411,415988749,415987822,415984541],"hof-categories":[],"year-inducted":[],"gender":[42123],"season":[415983968],"sport":[19815],"game":[415988487],"team":[415988510],"event":[358042148],"province":[415983157],"class_list":["post-151909","athletes","type-athletes","status-publish","has-post-thumbnail","hentry","tag-equipe-canada","tag-hervan-nkogho","tag-lima-2019","tag-taekwondo","gender-masculin","season-ete","sport-taekwondo","game-lima-2019","team-lima-2019-taekwondo-kyorugi","event-68-kg-hommes","province-quebec"],"acf":[],"featured_image_url":"https:\/\/develop.olympic.ca\/olympique\/wp-content\/uploads\/sites\/2\/2019\/05\/coc_men_ph_1340x754.png","category_names":[],"tag_names":["\u00c9quipe canada","Hervan Nkogho","Lima 2019","Taekwondo"],"sport_names":[548],"game_names":["Lima 2019"],"season_names":["\u00c9t\u00e9"],"team_names":["Lima 2019 Taekwondo (Kyorugi)"],"province_names":["Qu\u00e9bec"],"social_facebook":"facebook.com\/hervan.nkogho","social_twitter":"","social_linkedin":"","social_gplus":"","social_instagram":"@kingpapi6","social_website":"","total_medal_count_gold":"","total_medal_count_silver":"","total_medal_count_bronze":"","athlete_headshot":"https:\/\/develop.olympic.ca\/wp-content\/uploads\/sites\/2\/2019\/05\/athlete_placeholder.jpg?quality=100","athlete_height":"179","athlete_weight":"68","athlete_hometown":"Qu\u00e9bec, Qu\u00e9bec","athlete_birthplace":"Qu\u00e9bec, Qu\u00e9bec","coc_gracenote_id":"","athlete_dob":"January 1, 1970","athlete_age":56,"jetpack_sharing_enabled":true,"_links":{"self":[{"href":"https:\/\/develop.olympic.ca\/olympique\/wp-json\/wp\/v2\/athletes\/151909","targetHints":{"allow":["GET"]}}],"collection":[{"href":"https:\/\/develop.olympic.ca\/olympique\/wp-json\/wp\/v2\/athletes"}],"about":[{"href":"https:\/\/develop.olympic.ca\/olympique\/wp-json\/wp\/v2\/types\/athletes"}],"version-history":[{"count":1,"href":"https:\/\/develop.olympic.ca\/olympique\/wp-json\/wp\/v2\/athletes\/151909\/revisions"}],"predecessor-version":[{"id":207895,"href":"https:\/\/develop.olympic.ca\/olympique\/wp-json\/wp\/v2\/athletes\/151909\/revisions\/207895"}],"wp:featuredmedia":[{"embeddable":true,"href":"https:\/\/develop.olympic.ca\/olympique\/wp-json\/wp\/v2\/media\/151660"}],"wp:attachment":[{"href":"https:\/\/develop.olympic.ca\/olympique\/wp-json\/wp\/v2\/media?parent=151909"}],"wp:term":[{"taxonomy":"post_tag","embeddable":true,"href":"https:\/\/develop.olympic.ca\/olympique\/wp-json\/wp\/v2\/tags?post=151909"},{"taxonomy":"hof-categories","embeddable":true,"href":"https:\/\/develop.olympic.ca\/olympique\/wp-json\/wp\/v2\/hof-categories?post=151909"},{"taxonomy":"year-inducted","embeddable":true,"href":"https:\/\/develop.olympic.ca\/olympique\/wp-json\/wp\/v2\/year-inducted?post=151909"},{"taxonomy":"gender","embeddable":true,"href":"https:\/\/develop.olympic.ca\/olympique\/wp-json\/wp\/v2\/gender?post=151909"},{"taxonomy":"season","embeddable":true,"href":"https:\/\/develop.olympic.ca\/olympique\/wp-json\/wp\/v2\/season?post=151909"},{"taxonomy":"sport","embeddable":true,"href":"https:\/\/develop.olympic.ca\/olympique\/wp-json\/wp\/v2\/sport?post=151909"},{"taxonomy":"game","embeddable":true,"href":"https:\/\/develop.olympic.ca\/olympique\/wp-json\/wp\/v2\/game?post=151909"},{"taxonomy":"team","embeddable":true,"href":"https:\/\/develop.olympic.ca\/olympique\/wp-json\/wp\/v2\/team?post=151909"},{"taxonomy":"event","embeddable":true,"href":"https:\/\/develop.olympic.ca\/olympique\/wp-json\/wp\/v2\/event?post=151909"},{"taxonomy":"province","embeddable":true,"href":"https:\/\/develop.olympic.ca\/olympique\/wp-json\/wp\/v2\/province?post=151909"}],"curies":[{"name":"wp","href":"https:\/\/api.w.org\/{rel}","templated":true}]}}

<p>• A participé aux Championnats du monde de taekwondo pour la première fois en 2017, finissant neuvième dans la catégorie des 68 kilos</p>
<p>• A remporté l’or dans la catégorie des 68 kilos aux Championnats du Commonwealth</p>
<p>• A amorcé sa saison 2019 avec une médaille de bronze chez les 68 kilos à l’Open de Porto Rico</p>
<p>• En 2018, a remporté l’argent à l’US Open et à l’Open panaméricain</p>
<p>• Membre de l’équipe nationale senior depuis 2016</p>
<p>&nbsp;</p>
<p><strong>À propos d&rsquo;Hervan</strong></p>
<p><strong>Débuts&nbsp;</strong>: A commencé le taekwondo à l’âge de six ans, obtenant sa ceinture noire quand il a eu 11 ans, et a commencé la compétition internationale à 15 ans…</p>
<p><strong>Autres intérêts&nbsp;:</strong> Aime jouer au basketball, regarder des matchs de la NBA et Netflix quand il n’est pas en compétition…</p>
<p><strong>De tout et de rien&nbsp;:</strong> Sa devise préférée est&nbsp;: « Bats-toi pour l’excellence… »</p>

<p>• A participé aux Championnats du monde de taekwondo pour la première fois en 2017, finissant neuvième dans la catégorie&#8230;</p>

Équipe canada

Été

Québec

Québec, Québec
