{"id":152190,"date":"2019-06-19T11:00:18","date_gmt":"2019-06-19T15:00:18","guid":{"rendered":"http:\/\/develop.olympic.ca\/olympique\/?post_type=athletes&#038;p=152190"},"modified":"2019-07-02T07:20:08","modified_gmt":"2019-07-02T11:20:08","slug":"bryanne-lameg","status":"publish","type":"athletes","link":"https:\/\/develop.olympic.ca\/olympique\/team-canada\/bryanne-lameg\/","title":{"rendered":"Bryanne Lameg"},"content":{"rendered":"<ul>\n<li>A remport\u00e9 l\u2019argent chez les juniors \u00e0 l\u2019\u00e9preuve \u00e0 poulies par \u00e9quipe aux Championnats du monde de tir \u00e0 l&rsquo;arc en salle 2018<\/li>\n<li>A repr\u00e9sent\u00e9 le Manitoba aux Jeux d\u2019hiver du Canada 2019, remportant l\u2019argent \u00e0 l\u2019\u00e9preuve par \u00e9quipe et terminant quatri\u00e8me \u00e0 la comp\u00e9tition individuelle<\/li>\n<li>A remport\u00e9 le bronze au tournoi primaire de qualification des Jeux panam\u00e9ricains 2018, assurant une place de quota pour les Jeux panam\u00e9ricains pour le Canada<\/li>\n<\/ul>\n<h2>\u00c0 PROPOS DE BRYANNE<\/h2>\n<p><strong>D\u00e9buts :<\/strong> A d\u00e9but\u00e9 le tir \u00e0 l\u2019arc en 2014 quand une amie des arts martiaux l\u2019a introduite au sport\u2026 Deux mois apr\u00e8s avoir commenc\u00e9 \u00e0 visiter le champ r\u00e9guli\u00e8rement, elle a comp\u00e9titionn\u00e9 dans son premier tournoi national \u2026 <strong>Autres int\u00e9r\u00eats : <\/strong>\u00c9tudie \u00e0 l\u2019Asper School of Business \u00e0 l\u2019Universit\u00e9 du Manitoba\u2026 Travaille comme aide-v\u00e9t\u00e9rinaire dans un h\u00f4pital v\u00e9t\u00e9rinaire\u2026 <strong>De choses et d\u2019autres :<\/strong> Collectionne diff\u00e9rentes monnaies des pays qu\u2019elle visite\u2026<\/p>\n","protected":false},"excerpt":{"rendered":"<p>A remport\u00e9 l\u2019argent chez les juniors \u00e0 l\u2019\u00e9preuve \u00e0 poulies par \u00e9quipe aux Championnats du monde de tir \u00e0 l&rsquo;arc&#8230;<\/p>\n","protected":false},"featured_media":151001,"template":"","tags":[415988839,1104411,415987822,415984516],"hof-categories":[],"year-inducted":[],"gender":[23319],"season":[415983968],"sport":[805571],"game":[415988487],"team":[415988494],"event":[],"province":[],"class_list":["post-152190","athletes","type-athletes","status-publish","has-post-thumbnail","hentry","tag-bryanne-lameg","tag-equipe-canada","tag-lima-2019","tag-tir-a-larc","gender-feminin","season-ete","sport-tir-a-larc","game-lima-2019","team-lima-2019-tir-a-larc"],"acf":[],"featured_image_url":"https:\/\/develop.olympic.ca\/olympique\/wp-content\/uploads\/sites\/2\/2019\/04\/coc_men_feature_placeholder_1340x754.png","category_names":[],"tag_names":["Bryanne Lameg","\u00c9quipe canada","Lima 2019","Tir \u00e0 l'arc"],"sport_names":[337],"game_names":["Lima 2019"],"season_names":["\u00c9t\u00e9"],"team_names":["Lima 2019 Tir \u00e0 l'arc"],"province_names":[],"social_facebook":"facebook.com\/BryanneArchery\/","social_twitter":"","social_linkedin":"","social_gplus":"","social_instagram":"@bryannelameg","social_website":"","total_medal_count_gold":"","total_medal_count_silver":"","total_medal_count_bronze":"","athlete_headshot":"https:\/\/develop.olympic.ca\/wp-content\/uploads\/sites\/2\/2019\/04\/athlete_placeholder.jpg?quality=100","athlete_height":"165","athlete_weight":"68","athlete_hometown":"Winnipeg, Manitoba","athlete_birthplace":"Winnipeg, Manitoba","coc_gracenote_id":"","athlete_dob":"January 1, 1970","athlete_age":56,"jetpack_sharing_enabled":true,"_links":{"self":[{"href":"https:\/\/develop.olympic.ca\/olympique\/wp-json\/wp\/v2\/athletes\/152190","targetHints":{"allow":["GET"]}}],"collection":[{"href":"https:\/\/develop.olympic.ca\/olympique\/wp-json\/wp\/v2\/athletes"}],"about":[{"href":"https:\/\/develop.olympic.ca\/olympique\/wp-json\/wp\/v2\/types\/athletes"}],"version-history":[{"count":1,"href":"https:\/\/develop.olympic.ca\/olympique\/wp-json\/wp\/v2\/athletes\/152190\/revisions"}],"predecessor-version":[{"id":152581,"href":"https:\/\/develop.olympic.ca\/olympique\/wp-json\/wp\/v2\/athletes\/152190\/revisions\/152581"}],"wp:featuredmedia":[{"embeddable":true,"href":"https:\/\/develop.olympic.ca\/olympique\/wp-json\/wp\/v2\/media\/151001"}],"wp:attachment":[{"href":"https:\/\/develop.olympic.ca\/olympique\/wp-json\/wp\/v2\/media?parent=152190"}],"wp:term":[{"taxonomy":"post_tag","embeddable":true,"href":"https:\/\/develop.olympic.ca\/olympique\/wp-json\/wp\/v2\/tags?post=152190"},{"taxonomy":"hof-categories","embeddable":true,"href":"https:\/\/develop.olympic.ca\/olympique\/wp-json\/wp\/v2\/hof-categories?post=152190"},{"taxonomy":"year-inducted","embeddable":true,"href":"https:\/\/develop.olympic.ca\/olympique\/wp-json\/wp\/v2\/year-inducted?post=152190"},{"taxonomy":"gender","embeddable":true,"href":"https:\/\/develop.olympic.ca\/olympique\/wp-json\/wp\/v2\/gender?post=152190"},{"taxonomy":"season","embeddable":true,"href":"https:\/\/develop.olympic.ca\/olympique\/wp-json\/wp\/v2\/season?post=152190"},{"taxonomy":"sport","embeddable":true,"href":"https:\/\/develop.olympic.ca\/olympique\/wp-json\/wp\/v2\/sport?post=152190"},{"taxonomy":"game","embeddable":true,"href":"https:\/\/develop.olympic.ca\/olympique\/wp-json\/wp\/v2\/game?post=152190"},{"taxonomy":"team","embeddable":true,"href":"https:\/\/develop.olympic.ca\/olympique\/wp-json\/wp\/v2\/team?post=152190"},{"taxonomy":"event","embeddable":true,"href":"https:\/\/develop.olympic.ca\/olympique\/wp-json\/wp\/v2\/event?post=152190"},{"taxonomy":"province","embeddable":true,"href":"https:\/\/develop.olympic.ca\/olympique\/wp-json\/wp\/v2\/province?post=152190"}],"curies":[{"name":"wp","href":"https:\/\/api.w.org\/{rel}","templated":true}]}}

<ul>
<li>A remporté l’argent chez les juniors à l’épreuve à poulies par équipe aux Championnats du monde de tir à l&rsquo;arc en salle 2018</li>
<li>A représenté le Manitoba aux Jeux d’hiver du Canada 2019, remportant l’argent à l’épreuve par équipe et terminant quatrième à la compétition individuelle</li>
<li>A remporté le bronze au tournoi primaire de qualification des Jeux panaméricains 2018, assurant une place de quota pour les Jeux panaméricains pour le Canada</li>
</ul>
<h2>À PROPOS DE BRYANNE</h2>
<p><strong>Débuts :</strong> A débuté le tir à l’arc en 2014 quand une amie des arts martiaux l’a introduite au sport… Deux mois après avoir commencé à visiter le champ régulièrement, elle a compétitionné dans son premier tournoi national … <strong>Autres intérêts : </strong>Étudie à l’Asper School of Business à l’Université du Manitoba… Travaille comme aide-vétérinaire dans un hôpital vétérinaire… <strong>De choses et d’autres :</strong> Collectionne différentes monnaies des pays qu’elle visite…</p>

<p>A remporté l’argent chez les juniors à l’épreuve à poulies par équipe aux Championnats du monde de tir à l&rsquo;arc&#8230;</p>

Équipe canada

Tir à l'arc

Été

Lima 2019 Tir à l'arc
