{"id":152417,"date":"2019-06-26T09:02:51","date_gmt":"2019-06-26T13:02:51","guid":{"rendered":"http:\/\/develop.olympic.ca\/olympique\/?post_type=athletes&#038;p=152417"},"modified":"2019-08-02T12:04:54","modified_gmt":"2019-08-02T16:04:54","slug":"joel-archambault","status":"publish","type":"athletes","link":"https:\/\/develop.olympic.ca\/olympique\/team-canada\/joel-archambault\/","title":{"rendered":"Joel Archambault"},"content":{"rendered":"<p>BIOGRAPHIE :<\/p>\n<p>\u2022\u00a0A fait ses d\u00e9buts aux Championnats du monde de cyclisme sur piste de l&rsquo;UCI en 2019, en participant au sprint et au Keirin<\/p>\n<p>\u2022\u00a0M\u00e9daill\u00e9 d&rsquo;argent en Keirin au D\u00e9fi de cyclisme sur piste de 2018 en Suisse<\/p>\n<p>\u2022\u00a0M\u00e9daill\u00e9 de bronze au sprint par \u00e9quipe aux Championnats panam\u00e9ricains de 2016<\/p>\n","protected":false},"excerpt":{"rendered":"<p>BIOGRAPHIE : \u2022\u00a0A fait ses d\u00e9buts aux Championnats du monde de cyclisme sur piste de l&rsquo;UCI en 2019, en participant&#8230;<\/p>\n","protected":false},"featured_media":150157,"template":"","tags":[48771,1104411,682162350,415987822],"hof-categories":[],"year-inducted":[],"gender":[42123],"season":[415983968],"sport":[45096687],"game":[415988487],"team":[415988531],"event":[181822886,181823676],"province":[415983157],"class_list":["post-152417","athletes","type-athletes","status-publish","has-post-thumbnail","hentry","tag-cyclisme","tag-equipe-canada","tag-joel-archambault","tag-lima-2019","gender-masculin","season-ete","sport-cyclisme-sur-piste","game-lima-2019","team-lima-2019-cyclisme-sur-piste","event-keirin-hommes","event-sprint-hommes","province-quebec"],"acf":[],"featured_image_url":"https:\/\/develop.olympic.ca\/olympique\/wp-content\/uploads\/sites\/2\/2011\/09\/coc_men_feature_placeholder_1340x754.png","category_names":[],"tag_names":["cyclisme","\u00c9quipe canada","Joel Archambault","Lima 2019"],"sport_names":[402],"game_names":["Lima 2019"],"season_names":["\u00c9t\u00e9"],"team_names":["Lima 2019 Cyclisme sur piste"],"province_names":["Qu\u00e9bec"],"social_facebook":"","social_twitter":"joelarchambault","social_linkedin":"","social_gplus":"","social_instagram":"","social_website":"","total_medal_count_gold":"","total_medal_count_silver":"","total_medal_count_bronze":"","athlete_headshot":"https:\/\/develop.olympic.ca\/wp-content\/uploads\/sites\/2\/2019\/04\/athlete_placeholder.jpg?quality=100","athlete_height":"176","athlete_weight":"88","athlete_hometown":"Sainte-Christine, Qu\u00e9bec ","athlete_birthplace":"Saint-Hyacinthe, Qu\u00e9bec ","coc_gracenote_id":"","athlete_dob":"","athlete_age":34,"jetpack_sharing_enabled":true,"_links":{"self":[{"href":"https:\/\/develop.olympic.ca\/olympique\/wp-json\/wp\/v2\/athletes\/152417","targetHints":{"allow":["GET"]}}],"collection":[{"href":"https:\/\/develop.olympic.ca\/olympique\/wp-json\/wp\/v2\/athletes"}],"about":[{"href":"https:\/\/develop.olympic.ca\/olympique\/wp-json\/wp\/v2\/types\/athletes"}],"version-history":[{"count":1,"href":"https:\/\/develop.olympic.ca\/olympique\/wp-json\/wp\/v2\/athletes\/152417\/revisions"}],"predecessor-version":[{"id":153868,"href":"https:\/\/develop.olympic.ca\/olympique\/wp-json\/wp\/v2\/athletes\/152417\/revisions\/153868"}],"wp:featuredmedia":[{"embeddable":true,"href":"https:\/\/develop.olympic.ca\/olympique\/wp-json\/wp\/v2\/media\/150157"}],"wp:attachment":[{"href":"https:\/\/develop.olympic.ca\/olympique\/wp-json\/wp\/v2\/media?parent=152417"}],"wp:term":[{"taxonomy":"post_tag","embeddable":true,"href":"https:\/\/develop.olympic.ca\/olympique\/wp-json\/wp\/v2\/tags?post=152417"},{"taxonomy":"hof-categories","embeddable":true,"href":"https:\/\/develop.olympic.ca\/olympique\/wp-json\/wp\/v2\/hof-categories?post=152417"},{"taxonomy":"year-inducted","embeddable":true,"href":"https:\/\/develop.olympic.ca\/olympique\/wp-json\/wp\/v2\/year-inducted?post=152417"},{"taxonomy":"gender","embeddable":true,"href":"https:\/\/develop.olympic.ca\/olympique\/wp-json\/wp\/v2\/gender?post=152417"},{"taxonomy":"season","embeddable":true,"href":"https:\/\/develop.olympic.ca\/olympique\/wp-json\/wp\/v2\/season?post=152417"},{"taxonomy":"sport","embeddable":true,"href":"https:\/\/develop.olympic.ca\/olympique\/wp-json\/wp\/v2\/sport?post=152417"},{"taxonomy":"game","embeddable":true,"href":"https:\/\/develop.olympic.ca\/olympique\/wp-json\/wp\/v2\/game?post=152417"},{"taxonomy":"team","embeddable":true,"href":"https:\/\/develop.olympic.ca\/olympique\/wp-json\/wp\/v2\/team?post=152417"},{"taxonomy":"event","embeddable":true,"href":"https:\/\/develop.olympic.ca\/olympique\/wp-json\/wp\/v2\/event?post=152417"},{"taxonomy":"province","embeddable":true,"href":"https:\/\/develop.olympic.ca\/olympique\/wp-json\/wp\/v2\/province?post=152417"}],"curies":[{"name":"wp","href":"https:\/\/api.w.org\/{rel}","templated":true}]}}

<p>BIOGRAPHIE :</p>
<p>• A fait ses débuts aux Championnats du monde de cyclisme sur piste de l&rsquo;UCI en 2019, en participant au sprint et au Keirin</p>
<p>• Médaillé d&rsquo;argent en Keirin au Défi de cyclisme sur piste de 2018 en Suisse</p>
<p>• Médaillé de bronze au sprint par équipe aux Championnats panaméricains de 2016</p>

<p>BIOGRAPHIE : • A fait ses débuts aux Championnats du monde de cyclisme sur piste de l&rsquo;UCI en 2019, en participant&#8230;</p>

Équipe canada

Été

Québec

Sainte-Christine, Québec

Saint-Hyacinthe, Québec
