{"id":152910,"date":"2019-07-18T10:00:11","date_gmt":"2019-07-18T14:00:11","guid":{"rendered":"http:\/\/develop.olympic.ca\/olympique\/?post_type=athletes&#038;p=152910"},"modified":"2019-08-01T15:56:46","modified_gmt":"2019-08-01T19:56:46","slug":"kim-robitaille","status":"publish","type":"athletes","link":"https:\/\/develop.olympic.ca\/olympique\/team-canada\/kim-robitaille\/","title":{"rendered":"Kim Robitaille"},"content":{"rendered":"<ul>\n<li>A fait ses d\u00e9buts avec l\u2019\u00e9quipe nationale senior au Championnat du monde de la FIVB en 2018<\/li>\n<li>Joue au niveau professionnel pour le club de Quimper Volley 29 dans la Ligue A en France<\/li>\n<\/ul>\n<h2>\u00c0 propos de Kim<\/h2>\n<p><strong>D\u00e9buts :<\/strong> A commenc\u00e9 \u00e0 jouer au volleyball \u00e0 l\u2019\u00e2ge de 11 ans avec l\u2019\u00e9quipe de son \u00e9cole&#8230; <strong>Autres int\u00e9r\u00eats :<\/strong> A \u00e9tudi\u00e9 en kin\u00e9siologie \u00e0 l\u2019Universit\u00e9 de Sherbrooke&#8230;.<\/p>\n","protected":false},"excerpt":{"rendered":"<p>Kim Robitaille repr\u00e9sentera \u00c9quipe Canada en volleyball \u00e0 Lima 2019. Elle a fait ses d\u00e9buts avec l\u2019\u00e9quipe nationale senior au Championnat du monde de la FIVB en 2018.<\/p>\n","protected":false},"featured_media":151001,"template":"","tags":[1104411,358098863,682162503,415987822,415984543],"hof-categories":[],"year-inducted":[],"gender":[23319],"season":[415983968],"sport":[24641],"game":[415988487],"team":[415988527],"event":[],"province":[415983157],"class_list":["post-152910","athletes","type-athletes","status-publish","has-post-thumbnail","hentry","tag-equipe-canada","tag-jeux-panamericains-2","tag-kim-robitaille","tag-lima-2019","tag-volleyball-interieur","gender-feminin","season-ete","sport-volleyball-interieur","game-lima-2019","team-lima-2019-volleyball-femmes","province-quebec"],"acf":[],"featured_image_url":"https:\/\/develop.olympic.ca\/olympique\/wp-content\/uploads\/sites\/2\/2019\/04\/coc_men_feature_placeholder_1340x754.png","category_names":[],"tag_names":["\u00c9quipe canada","jeux panam\u00e9ricains","Kim Robitaille","Lima 2019","Volleyball"],"sport_names":[581],"game_names":["Lima 2019"],"season_names":["\u00c9t\u00e9"],"team_names":["Lima 2019 Volleyball (femmes)"],"province_names":["Qu\u00e9bec"],"social_facebook":"","social_twitter":"","social_linkedin":"","social_gplus":"","social_instagram":"","social_website":"","total_medal_count_gold":"","total_medal_count_silver":"","total_medal_count_bronze":"","athlete_headshot":"https:\/\/develop.olympic.ca\/wp-content\/uploads\/sites\/2\/2019\/04\/athlete_placeholder.jpg?quality=100","athlete_height":"180","athlete_weight":"62","athlete_hometown":"Repentigny, Qu\u00e9bec","athlete_birthplace":"Repentigny, Qu\u00e9bec","coc_gracenote_id":"","athlete_dob":"October 16, 1991","athlete_age":34,"jetpack_sharing_enabled":true,"_links":{"self":[{"href":"https:\/\/develop.olympic.ca\/olympique\/wp-json\/wp\/v2\/athletes\/152910","targetHints":{"allow":["GET"]}}],"collection":[{"href":"https:\/\/develop.olympic.ca\/olympique\/wp-json\/wp\/v2\/athletes"}],"about":[{"href":"https:\/\/develop.olympic.ca\/olympique\/wp-json\/wp\/v2\/types\/athletes"}],"version-history":[{"count":1,"href":"https:\/\/develop.olympic.ca\/olympique\/wp-json\/wp\/v2\/athletes\/152910\/revisions"}],"predecessor-version":[{"id":153801,"href":"https:\/\/develop.olympic.ca\/olympique\/wp-json\/wp\/v2\/athletes\/152910\/revisions\/153801"}],"wp:featuredmedia":[{"embeddable":true,"href":"https:\/\/develop.olympic.ca\/olympique\/wp-json\/wp\/v2\/media\/151001"}],"wp:attachment":[{"href":"https:\/\/develop.olympic.ca\/olympique\/wp-json\/wp\/v2\/media?parent=152910"}],"wp:term":[{"taxonomy":"post_tag","embeddable":true,"href":"https:\/\/develop.olympic.ca\/olympique\/wp-json\/wp\/v2\/tags?post=152910"},{"taxonomy":"hof-categories","embeddable":true,"href":"https:\/\/develop.olympic.ca\/olympique\/wp-json\/wp\/v2\/hof-categories?post=152910"},{"taxonomy":"year-inducted","embeddable":true,"href":"https:\/\/develop.olympic.ca\/olympique\/wp-json\/wp\/v2\/year-inducted?post=152910"},{"taxonomy":"gender","embeddable":true,"href":"https:\/\/develop.olympic.ca\/olympique\/wp-json\/wp\/v2\/gender?post=152910"},{"taxonomy":"season","embeddable":true,"href":"https:\/\/develop.olympic.ca\/olympique\/wp-json\/wp\/v2\/season?post=152910"},{"taxonomy":"sport","embeddable":true,"href":"https:\/\/develop.olympic.ca\/olympique\/wp-json\/wp\/v2\/sport?post=152910"},{"taxonomy":"game","embeddable":true,"href":"https:\/\/develop.olympic.ca\/olympique\/wp-json\/wp\/v2\/game?post=152910"},{"taxonomy":"team","embeddable":true,"href":"https:\/\/develop.olympic.ca\/olympique\/wp-json\/wp\/v2\/team?post=152910"},{"taxonomy":"event","embeddable":true,"href":"https:\/\/develop.olympic.ca\/olympique\/wp-json\/wp\/v2\/event?post=152910"},{"taxonomy":"province","embeddable":true,"href":"https:\/\/develop.olympic.ca\/olympique\/wp-json\/wp\/v2\/province?post=152910"}],"curies":[{"name":"wp","href":"https:\/\/api.w.org\/{rel}","templated":true}]}}

<ul>
<li>A fait ses débuts avec l’équipe nationale senior au Championnat du monde de la FIVB en 2018</li>
<li>Joue au niveau professionnel pour le club de Quimper Volley 29 dans la Ligue A en France</li>
</ul>
<h2>À propos de Kim</h2>
<p><strong>Débuts :</strong> A commencé à jouer au volleyball à l’âge de 11 ans avec l’équipe de son école&#8230; <strong>Autres intérêts :</strong> A étudié en kinésiologie à l’Université de Sherbrooke&#8230;.</p>

<p>Kim Robitaille représentera Équipe Canada en volleyball à Lima 2019. Elle a fait ses débuts avec l’équipe nationale senior au Championnat du monde de la FIVB en 2018.</p>

Équipe canada

jeux panaméricains

Été

Québec

Repentigny, Québec
