{"id":16540,"date":"2011-09-18T22:06:32","date_gmt":"2011-09-19T02:06:32","guid":{"rendered":"http:\/\/develop.olympic.ca\/team-canada\/william-mckerlich-2\/"},"modified":"2021-12-09T11:40:23","modified_gmt":"2021-12-09T16:40:23","slug":"william-mckerlich","status":"publish","type":"athletes","link":"https:\/\/develop.olympic.ca\/olympique\/team-canada\/william-mckerlich\/","title":{"rendered":"William McKerlich"},"content":{"rendered":"\n<p class=\"wp-block-paragraph\">Le rameur Bill McKerlich a fait partie de l&rsquo;\u00e9quipage du huit de l&rsquo;Universit\u00e9 de la Colombie-Britannique (UBC) qui a \u00e9t\u00e9 choisi pour repr\u00e9senter le Canada \u00e0 <a href=\"https:\/\/develop.olympic.ca\/olympique\/jeux\/1956-melbourne\/\">Melbourne 1956<\/a>. Seulement la moiti\u00e9 de l&rsquo;\u00e9quipage avait une r\u00e9elle exp\u00e9rience de l&rsquo;aviron et alors qu&rsquo;il ne restait qu&rsquo;une ann\u00e9e pour se pr\u00e9parer pour les Jeux, on a reb\u00e2ti une \u00e9quipe comp\u00e9titive dans le but d&rsquo;aspirer \u00e0 la m\u00e9daille d&rsquo;or olympique. McKerlich a d\u00e9croch\u00e9 une m\u00e9daille d&rsquo;argent pour le Canada, terminant derri\u00e8re les Am\u00e9ricains avec un retard de seulement deux secondes en compagnie de ses co\u00e9quipiers <a href=\"https:\/\/develop.olympic.ca\/olympique\/team-canada\/david-helliwell\/\">David Helliwell<\/a>, Philip Kueber, &nbsp;<a href=\"https:\/\/develop.olympic.ca\/olympique\/team-canada\/richard-mcclure\/\">Richard McClure<\/a>,&nbsp;<a href=\"https:\/\/develop.olympic.ca\/olympique\/team-canada\/douglas-mcdonald\/\">Douglas McDonald<\/a>,&nbsp;<a href=\"https:\/\/develop.olympic.ca\/olympique\/team-canada\/carlton-ogawa\/\">Carl Ogawa<\/a>,&nbsp;<a href=\"https:\/\/develop.olympic.ca\/olympique\/team-canada\/waynne-pretty\/\">Donald Pretty<\/a>,&nbsp;<a href=\"https:\/\/develop.olympic.ca\/olympique\/team-canada\/lawrence-west\/\">Lawrence West<\/a>&nbsp;et&nbsp;<a href=\"https:\/\/develop.olympic.ca\/olympique\/team-canada\/robert-wilson\/\">Robert Wilson<\/a>. \u00c0 <a href=\"https:\/\/develop.olympic.ca\/olympique\/jeux\/1960-rome\/\">Rome 1960<\/a>, le Canada a \u00e9t\u00e9 repr\u00e9sent\u00e9 par l&rsquo;\u00e9quipage du huit de l\u2019UBC et n&rsquo;\u00e9tait d&rsquo;aucune fa\u00e7on le favori pour rafler la m\u00e9daille d&rsquo;or. L&rsquo;\u00e9quipage canadien est rest\u00e9 \u00e0 la hauteur de l&#8217;embarcation favorite jusqu&rsquo;\u00e0 ce qu&rsquo;il reste 200 m \u00e0 franchir, et les Allemands ont alors press\u00e9 le pas, si bien que McKerlich a remport\u00e9 sa deuxi\u00e8me m\u00e9daille d&rsquo;argent olympique en carri\u00e8re, en compagnie de <a href=\"https:\/\/develop.olympic.ca\/olympique\/team-canada\/david-anderson-2\/\">David Anderson<\/a>, <a href=\"https:\/\/develop.olympic.ca\/olympique\/team-canada\/donald-arnold\/\">Donald Arnold<\/a>, <a href=\"https:\/\/develop.olympic.ca\/olympique\/team-canada\/sohen-biln\/\">Sohen Biln<\/a>, <a href=\"https:\/\/develop.olympic.ca\/olympique\/team-canada\/walter-dhondt\/\">Walter D\u2019Hondt<\/a>, <a href=\"https:\/\/develop.olympic.ca\/olympique\/team-canada\/nelson-kuhn\/\">Nelson Kuhn<\/a>, <a href=\"https:\/\/develop.olympic.ca\/olympique\/team-canada\/john-lecky\/\">John Lecky<\/a>, <a href=\"https:\/\/develop.olympic.ca\/olympique\/team-canada\/archie-mackinnon\/\">Archie MacKinnon<\/a> et <a href=\"https:\/\/develop.olympic.ca\/olympique\/team-canada\/glen-mervyn\/\">Glen Mervyn<\/a>. Cette m\u00e9daille a \u00e9t\u00e9 la seule du Canada \u00e0 ces Jeux.<\/p>\n\n\n\n<p class=\"wp-block-paragraph\">M\u00e9daill\u00e9 d&rsquo;or dans l&rsquo;\u00e9preuve \u00e0 huit aux Jeux de l&rsquo;Empire et du Commonwealth britannique en 1958, McKerlich&nbsp;a pris sa retraite apr\u00e8s ces Jeux-l\u00e0. Apr\u00e8s avoir re\u00e7u son dipl\u00f4me en \u00e9ducation physique de l&rsquo;UBC en 1960, McKerlich&nbsp;a fait carri\u00e8re dans l&rsquo;enseignement et l&rsquo;administration au sein du minist\u00e8re de l&rsquo;\u00c9ducation de la Colombie-Britannique \u00e0 Vancouver,&nbsp;et il a \u00e9t\u00e9 l&rsquo;auteur de la publication intitul\u00e9e&nbsp;<em>Twelve Steps to Reform Canadian Public Education&nbsp;<\/em>(12 \u00e9tapes vers la r\u00e9forme de l&rsquo;\u00e9ducation publique au Canada).&nbsp;Son fils Ian a pris la 10e&nbsp;place dans l&rsquo;\u00e9preuve \u00e0 deux avec barreur aux Jeux de S\u00e9oul en 1988.<\/p>\n\n\n\n<p class=\"wp-block-paragraph\">McKerlich&nbsp;a \u00e9t\u00e9 intronis\u00e9 au Temple de la renomm\u00e9e des sports de la Colombie-Britannique en 1976,&nbsp;au&nbsp;Temple de la renomm\u00e9e olympique&nbsp;du Canada&nbsp;en 1958 et au Temple de la renomm\u00e9e des sports de l&rsquo;Universit\u00e9 de la Colombie-Britannique en 2012.<\/p>\n","protected":false},"excerpt":{"rendered":"<p>Le rameur Bill McKerlich a fait partie de l&rsquo;\u00e9quipage du huit de l&rsquo;Universit\u00e9 de la Colombie-Britannique (UBC) qui a \u00e9t\u00e9&#8230;<\/p>\n","protected":false},"featured_media":83203,"template":"","tags":[415966755,9949311,9274940,12143523],"hof-categories":[682162651],"year-inducted":[682162665],"gender":[42123],"season":[415983968],"sport":[392824],"game":[9241357,9241347],"team":[415983550,415983551],"event":[181822689],"province":[415983153],"class_list":["post-16540","athletes","type-athletes","status-publish","has-post-thumbnail","hentry","tag-aviron","tag-medaille-dargent","tag-melbourne-1956","tag-rome-1960","hof-categories-athlete","year-inducted-682162665","gender-masculin","season-ete","sport-aviron","game-1956-melbourne","game-1960-rome","team-melbourne-1956-aviron","team-rome-1960-aviron","event-huit-en-pointe-avec-barreur-hommes","province-colombie-britannique"],"acf":[],"featured_image_url":"https:\/\/develop.olympic.ca\/olympique\/wp-content\/uploads\/sites\/2\/2013\/08\/coc_men_ph_1340x754.png","category_names":[],"tag_names":["aviron","M\u00e9daille d'Argent","Melbourne 1956","rome 1960"],"sport_names":[515],"game_names":["Melbourne 1956","Rome 1960"],"season_names":["\u00c9t\u00e9"],"team_names":["Melbourne 1956 Aviron","Rome 1960 Aviron"],"province_names":["Colombie-Britannique"],"social_facebook":"","social_twitter":"","social_linkedin":"","social_gplus":"","social_instagram":"","social_website":"","total_medal_count_gold":"","total_medal_count_silver":"2","total_medal_count_bronze":"","athlete_headshot":"","athlete_height":"","athlete_weight":"","athlete_hometown":"","athlete_birthplace":"Vancouver, Colombie-Britannique","coc_gracenote_id":"","athlete_dob":"December 2, 1936","athlete_age":"","jetpack_sharing_enabled":true,"_links":{"self":[{"href":"https:\/\/develop.olympic.ca\/olympique\/wp-json\/wp\/v2\/athletes\/16540","targetHints":{"allow":["GET"]}}],"collection":[{"href":"https:\/\/develop.olympic.ca\/olympique\/wp-json\/wp\/v2\/athletes"}],"about":[{"href":"https:\/\/develop.olympic.ca\/olympique\/wp-json\/wp\/v2\/types\/athletes"}],"version-history":[{"count":3,"href":"https:\/\/develop.olympic.ca\/olympique\/wp-json\/wp\/v2\/athletes\/16540\/revisions"}],"predecessor-version":[{"id":195640,"href":"https:\/\/develop.olympic.ca\/olympique\/wp-json\/wp\/v2\/athletes\/16540\/revisions\/195640"}],"wp:featuredmedia":[{"embeddable":true,"href":"https:\/\/develop.olympic.ca\/olympique\/wp-json\/wp\/v2\/media\/83203"}],"wp:attachment":[{"href":"https:\/\/develop.olympic.ca\/olympique\/wp-json\/wp\/v2\/media?parent=16540"}],"wp:term":[{"taxonomy":"post_tag","embeddable":true,"href":"https:\/\/develop.olympic.ca\/olympique\/wp-json\/wp\/v2\/tags?post=16540"},{"taxonomy":"hof-categories","embeddable":true,"href":"https:\/\/develop.olympic.ca\/olympique\/wp-json\/wp\/v2\/hof-categories?post=16540"},{"taxonomy":"year-inducted","embeddable":true,"href":"https:\/\/develop.olympic.ca\/olympique\/wp-json\/wp\/v2\/year-inducted?post=16540"},{"taxonomy":"gender","embeddable":true,"href":"https:\/\/develop.olympic.ca\/olympique\/wp-json\/wp\/v2\/gender?post=16540"},{"taxonomy":"season","embeddable":true,"href":"https:\/\/develop.olympic.ca\/olympique\/wp-json\/wp\/v2\/season?post=16540"},{"taxonomy":"sport","embeddable":true,"href":"https:\/\/develop.olympic.ca\/olympique\/wp-json\/wp\/v2\/sport?post=16540"},{"taxonomy":"game","embeddable":true,"href":"https:\/\/develop.olympic.ca\/olympique\/wp-json\/wp\/v2\/game?post=16540"},{"taxonomy":"team","embeddable":true,"href":"https:\/\/develop.olympic.ca\/olympique\/wp-json\/wp\/v2\/team?post=16540"},{"taxonomy":"event","embeddable":true,"href":"https:\/\/develop.olympic.ca\/olympique\/wp-json\/wp\/v2\/event?post=16540"},{"taxonomy":"province","embeddable":true,"href":"https:\/\/develop.olympic.ca\/olympique\/wp-json\/wp\/v2\/province?post=16540"}],"curies":[{"name":"wp","href":"https:\/\/api.w.org\/{rel}","templated":true}]}}

<p class="wp-block-paragraph">Le rameur Bill McKerlich a fait partie de l&rsquo;équipage du huit de l&rsquo;Université de la Colombie-Britannique (UBC) qui a été choisi pour représenter le Canada à <a href="https://develop.olympic.ca/olympique/jeux/1956-melbourne/">Melbourne 1956</a>. Seulement la moitié de l&rsquo;équipage avait une réelle expérience de l&rsquo;aviron et alors qu&rsquo;il ne restait qu&rsquo;une année pour se préparer pour les Jeux, on a rebâti une équipe compétitive dans le but d&rsquo;aspirer à la médaille d&rsquo;or olympique. McKerlich a décroché une médaille d&rsquo;argent pour le Canada, terminant derrière les Américains avec un retard de seulement deux secondes en compagnie de ses coéquipiers <a href="https://develop.olympic.ca/olympique/team-canada/david-helliwell/">David Helliwell</a>, Philip Kueber, &nbsp;<a href="https://develop.olympic.ca/olympique/team-canada/richard-mcclure/">Richard McClure</a>,&nbsp;<a href="https://develop.olympic.ca/olympique/team-canada/douglas-mcdonald/">Douglas McDonald</a>,&nbsp;<a href="https://develop.olympic.ca/olympique/team-canada/carlton-ogawa/">Carl Ogawa</a>,&nbsp;<a href="https://develop.olympic.ca/olympique/team-canada/waynne-pretty/">Donald Pretty</a>,&nbsp;<a href="https://develop.olympic.ca/olympique/team-canada/lawrence-west/">Lawrence West</a>&nbsp;et&nbsp;<a href="https://develop.olympic.ca/olympique/team-canada/robert-wilson/">Robert Wilson</a>. À <a href="https://develop.olympic.ca/olympique/jeux/1960-rome/">Rome 1960</a>, le Canada a été représenté par l&rsquo;équipage du huit de l’UBC et n&rsquo;était d&rsquo;aucune façon le favori pour rafler la médaille d&rsquo;or. L&rsquo;équipage canadien est resté à la hauteur de l&#8217;embarcation favorite jusqu&rsquo;à ce qu&rsquo;il reste 200 m à franchir, et les Allemands ont alors pressé le pas, si bien que McKerlich a remporté sa deuxième médaille d&rsquo;argent olympique en carrière, en compagnie de <a href="https://develop.olympic.ca/olympique/team-canada/david-anderson-2/">David Anderson</a>, <a href="https://develop.olympic.ca/olympique/team-canada/donald-arnold/">Donald Arnold</a>, <a href="https://develop.olympic.ca/olympique/team-canada/sohen-biln/">Sohen Biln</a>, <a href="https://develop.olympic.ca/olympique/team-canada/walter-dhondt/">Walter D’Hondt</a>, <a href="https://develop.olympic.ca/olympique/team-canada/nelson-kuhn/">Nelson Kuhn</a>, <a href="https://develop.olympic.ca/olympique/team-canada/john-lecky/">John Lecky</a>, <a href="https://develop.olympic.ca/olympique/team-canada/archie-mackinnon/">Archie MacKinnon</a> et <a href="https://develop.olympic.ca/olympique/team-canada/glen-mervyn/">Glen Mervyn</a>. Cette médaille a été la seule du Canada à ces Jeux.</p>



<p class="wp-block-paragraph">Médaillé d&rsquo;or dans l&rsquo;épreuve à huit aux Jeux de l&rsquo;Empire et du Commonwealth britannique en 1958, McKerlich&nbsp;a pris sa retraite après ces Jeux-là. Après avoir reçu son diplôme en éducation physique de l&rsquo;UBC en 1960, McKerlich&nbsp;a fait carrière dans l&rsquo;enseignement et l&rsquo;administration au sein du ministère de l&rsquo;Éducation de la Colombie-Britannique à Vancouver,&nbsp;et il a été l&rsquo;auteur de la publication intitulée&nbsp;<em>Twelve Steps to Reform Canadian Public Education&nbsp;</em>(12 étapes vers la réforme de l&rsquo;éducation publique au Canada).&nbsp;Son fils Ian a pris la 10e&nbsp;place dans l&rsquo;épreuve à deux avec barreur aux Jeux de Séoul en 1988.</p>



<p class="wp-block-paragraph">McKerlich&nbsp;a été intronisé au Temple de la renommée des sports de la Colombie-Britannique en 1976,&nbsp;au&nbsp;Temple de la renommée olympique&nbsp;du Canada&nbsp;en 1958 et au Temple de la renommée des sports de l&rsquo;Université de la Colombie-Britannique en 2012.</p>

<p>Le rameur Bill McKerlich a fait partie de l&rsquo;équipage du huit de l&rsquo;Université de la Colombie-Britannique (UBC) qui a été&#8230;</p>

Médaille d'Argent

Été
