{"id":183670,"date":"2021-07-06T10:57:00","date_gmt":"2021-07-06T14:57:00","guid":{"rendered":"https:\/\/develop.olympic.ca\/olympique\/?post_type=athletes&#038;p=183670"},"modified":"2021-11-03T16:37:16","modified_gmt":"2021-11-03T20:37:16","slug":"haley-smith","status":"publish","type":"athletes","link":"https:\/\/develop.olympic.ca\/olympique\/team-canada\/haley-smith\/","title":{"rendered":"Haley Smith"},"content":{"rendered":"\n<p class=\"wp-block-paragraph\">Haley Smith a commenc\u00e9 \u00e0 faire du v\u00e9lo de montagne au moment d&rsquo;entreprendre ses \u00e9tudes \u00e0 l&rsquo;\u00e9cole secondaire, mais elle a d\u00fb remiser son v\u00e9lo pendant un certain temps afin d\u2019\u00eatre trait\u00e9e pour un cas grave d&rsquo;anxi\u00e9t\u00e9 et d&rsquo;anorexie. Apr\u00e8s avoir pris soin de sa sant\u00e9 mentale comme il le fallait, elle a renou\u00e9 avec le v\u00e9lo de montagne de comp\u00e9tition et elle a \u00e9t\u00e9 retenue pour la premi\u00e8re fois au sein de l&rsquo;\u00e9quipe des Championnats du monde juniors au moment o\u00f9 elle a termin\u00e9 sa 12e ann\u00e9e.&nbsp;&nbsp;<\/p>\n\n\n\n<p class=\"wp-block-paragraph\">Au cours des quatre ann\u00e9es qui ont suivi, Smith a concouru \u00e0 l&rsquo;\u00e9chelle internationale chez les moins de 23 ans, ce qui l&rsquo;a amen\u00e9e \u00e0 participer \u00e0 trois pr\u00e9sentations des Championnats du monde. Elle a v\u00e9cu un de ses premiers grands moments quand elle a sign\u00e9 sa premi\u00e8re victoire dans une \u00e9preuve de la Coupe Canada \u00e0 Horseshoe Valley en 2015. Cette ann\u00e9e-l\u00e0, elle a remport\u00e9 le titre national des moins de 23 ans et la m\u00e9daille de bronze aux Championnats continentaux am\u00e9ricains.&nbsp;<\/p>\n\n\n\n<p class=\"wp-block-paragraph\">En 2016, Smith s&rsquo;est retrouv\u00e9e sur le circuit de niveau \u00e9lite de la Coupe du monde et elle s&rsquo;est inscrite pour la premi\u00e8re fois dans la course \u00e9lite des Championnats du monde de l&rsquo;UCI. Elle a perc\u00e9 les 20 premiers rangs aux Championnats du monde 2017 quand elle a pris la 16e place. En 2018, elle a rafl\u00e9 une m\u00e9daille de bronze aux Jeux du Commonwealth \u00e0 Gold Coast, en Australie. Elle a par ailleurs fini sixi\u00e8me aux Championnats du monde, le meilleur r\u00e9sultat de sa carri\u00e8re.&nbsp;<\/p>\n\n\n\n<p class=\"wp-block-paragraph\">Smith a b\u00e2ti l\u00e0-dessus en 2019, alors qu&rsquo;elle a acc\u00e9d\u00e9 \u00e0 son premier podium de la Coupe du monde au mois de mai en vertu d&rsquo;une troisi\u00e8me place enregistr\u00e9e \u00e0 la troisi\u00e8me \u00e9tape de la saison, disput\u00e9e \u00e0&nbsp;<a href=\"https:\/\/en.wikipedia.org\/wiki\/Nov%C3%A9_M%C4%9Bsto_na_Morav%C4%9B\">Nov\u00e9 M\u011bsto<\/a>, en R\u00e9publique tch\u00e8que. Elle a ajout\u00e9 un autre r\u00e9sultat parmi les 10 meilleurs \u00e0 son palmar\u00e8s quelques mois plus tard \u00e0 Les Gets,&nbsp;en France. Cependant, la performance dont elle est la plus fi\u00e8re est celle qu&rsquo;elle a donn\u00e9e aux Championnats du monde 2019 \u00e0&nbsp;Mont-Sainte-Anne, au Qu\u00e9bec,&nbsp;quand elle a fait fi des blessures, de la maladie et d&rsquo;une grande fatigue mentale qu&rsquo;elle a connues en milieu de saison pour aller chercher la 12e place devant&nbsp;des partisans canadiens.&nbsp;<\/p>\n\n\n\n<p class=\"wp-block-paragraph\">En 2020, la pand\u00e9mie de la COVID-19 et le confinement qui a suivi ont \u00e9t\u00e9 extr\u00eamement difficiles \u00e0 vivre pour Smith, qui est retomb\u00e9e dans les vieilles habitudes et les anciens mod\u00e8les de pens\u00e9e qui accompagnent habituellement son trouble alimentaire. N&rsquo;\u00e9tant pas vraiment consciente de la fa\u00e7on dont elle se sentait \u00e0 l&rsquo;\u00e9poque, elle a entrepris la saison \u00e9court\u00e9e de la Coupe du monde. Cependant, apr\u00e8s avoir \u00e9t\u00e9 incapable de compl\u00e9ter la deuxi\u00e8me \u00e9preuve, elle a r\u00e9alis\u00e9 qu&rsquo;elle \u00e9tait en \u00e9tat de crise et elle est retourn\u00e9e \u00e0 la maison pour demander de l&rsquo;aide, autant sur le plan professionnel qu&rsquo;aupr\u00e8s des membres de sa famille. De retour \u00e0 un \u00e9tat d&rsquo;\u00e9quilibre, tout en comprenant mieux qu&rsquo;elle devait apprivoiser ses difficult\u00e9s parce que celles-ci faisaient partie int\u00e9grante de sa personnalit\u00e9, elle a renou\u00e9 avec le circuit de la Coupe du monde en 2021.&nbsp;&nbsp;<\/p>\n\n\n\n<h3 class=\"wp-block-heading\"><strong>\u00c0 propos de Haley<\/strong><\/h3>\n\n\n\n<p class=\"wp-block-paragraph\"><strong>D\u00e9buts :<\/strong>&nbsp;A commenc\u00e9 \u00e0 faire du v\u00e9lo de montagne \u00e0 l&rsquo;\u00e2ge de 13 ans, alors qu&rsquo;elle p\u00e9dalait avec son p\u00e8re et son fr\u00e8re durant les mois d&rsquo;\u00e9t\u00e9 \u00e0 une \u00e9poque o\u00f9 elle jouait au hockey pendant l&rsquo;hiver&#8230; Plus jeune, elle avait beaucoup d&rsquo;endurance et elle \u00e9tait une habile grimpeuse, mais elle peinait techniquement&#8230; A commenc\u00e9 \u00e0 se consacrer exclusivement au v\u00e9lo de montagne au moment d&rsquo;entreprendre ses \u00e9tudes \u00e0 l&rsquo;universit\u00e9\u2026&nbsp;<strong>Autres int\u00e9r\u00eats :<\/strong>&nbsp;A compl\u00e9t\u00e9 ses \u00e9tudes \u00e0 l&rsquo;Universit\u00e9&nbsp;Queen\u2019s&nbsp;en&nbsp;2015,&nbsp;obtenant alors un baccalaur\u00e9at en kin\u00e9siologie&#8230; Ambassadrice pour&nbsp;les organismes Rapides et radieuses et&nbsp;Cam\u2019s Kids\u2026&nbsp;Aime cuisiner, lire, cr\u00e9er de nouvelles choses \u00e0 l&rsquo;aide de diff\u00e9rents passe-temps, voyager et faire de longues randonn\u00e9es sur son v\u00e9lo de route aux endroits qu&rsquo;elle d\u00e9couvre pour la premi\u00e8re fois&#8230; Adore le cin\u00e9ma, surtout les films de&nbsp;Disney, Harry Potter&nbsp;et&nbsp;Marvel\u2026&nbsp;Discute fr\u00e9quemment avec d&rsquo;autres&nbsp;personnes de sa bataille pour garder une bonne sant\u00e9 mentale, interagissant sur une base individuelle avec des jeunes filles qui vivent possiblement la m\u00eame chose\u2026&nbsp;<strong>De tout et de rien :<\/strong>&nbsp;La personne la plus inspirante dans sa vie a \u00e9t\u00e9 l&rsquo;entra\u00eeneur&nbsp;Dan Proulx,&nbsp;qui l&rsquo;a conseill\u00e9e et aid\u00e9e&nbsp;afin qu&rsquo;elle se transforme de jeune adolescente timide qui connaissait des probl\u00e8mes de confiance et de sant\u00e9 mentale \u00e0&nbsp;une jeune femme qui veut \u00eatre la meilleure version d&rsquo;elle-m\u00eame&#8230; Dicton favori : \u00ab Si ce n&rsquo;est pas moi, alors qui? Si ce n\u2019est pas maintenant, alors quand? \u00bb\u2026&nbsp;<\/p>\n","protected":false},"excerpt":{"rendered":"<p>En 2016, Haley Smith s&rsquo;est retrouv\u00e9e sur le circuit de niveau \u00e9lite de la Coupe du monde et elle s&rsquo;est inscrite pour la premi\u00e8re fois dans la course \u00e9lite des Championnats du monde de l&rsquo;UCI. Elle a perc\u00e9 les 20 premiers rangs aux Championnats du monde 2017 quand elle a pris la 16e place. En 2018, elle a rafl\u00e9 une m\u00e9daille de bronze aux Jeux du Commonwealth \u00e0 Gold Coast, en Australie. Elle a par ailleurs fini sixi\u00e8me aux Championnats du monde, le meilleur r\u00e9sultat de sa carri\u00e8re. <\/p>\n","protected":false},"featured_media":183672,"template":"","tags":[48771,1104411,415987249,57868344,608444],"hof-categories":[],"year-inducted":[],"gender":[23319],"season":[415983968],"sport":[181822360],"game":[193413370],"team":[682163191],"event":[181822340],"province":[415983158],"class_list":["post-183670","athletes","type-athletes","status-publish","has-post-thumbnail","hentry","tag-cyclisme","tag-equipe-canada","tag-haley-smith","tag-tokyo-2020","tag-velo-de-montagne","gender-feminin","season-ete","sport-velo-de-montagne","game-tokyo-2020","team-tokyo-2020-cyclisme-velo-de-montagne","event-cross-country-femmes","province-ontario"],"acf":[],"featured_image_url":"https:\/\/develop.olympic.ca\/olympique\/wp-content\/uploads\/sites\/2\/2021\/07\/Mountain_Bike_Cross-Country_Smith_Haley-0014.jpeg?quality=100","category_names":[],"tag_names":["cyclisme","\u00c9quipe canada","Haley Smith","Tokyo 2020","v\u00e9lo de montagne"],"sport_names":[394],"game_names":["Tokyo 2020"],"season_names":["\u00c9t\u00e9"],"team_names":["Tokyo 2020 Cyclisme - V\u00e9lo de montagne"],"province_names":["Ontario"],"social_facebook":"","social_twitter":"hale_smith","social_linkedin":"","social_gplus":"","social_instagram":"haleyhuntersmith","social_website":"haleyhuntersmith.com","total_medal_count_gold":"","total_medal_count_silver":"","total_medal_count_bronze":"","athlete_headshot":"https:\/\/develop.olympic.ca\/olympique\/wp-content\/uploads\/sites\/2\/2021\/07\/HALEY_SMITH.jpg?quality=100","athlete_height":"170","athlete_weight":"","athlete_hometown":"Uxbridge, Ontario","athlete_birthplace":"Markham, Ontario","coc_gracenote_id":"","athlete_dob":"November 22, 1993","athlete_age":32,"jetpack_sharing_enabled":true,"_links":{"self":[{"href":"https:\/\/develop.olympic.ca\/olympique\/wp-json\/wp\/v2\/athletes\/183670","targetHints":{"allow":["GET"]}}],"collection":[{"href":"https:\/\/develop.olympic.ca\/olympique\/wp-json\/wp\/v2\/athletes"}],"about":[{"href":"https:\/\/develop.olympic.ca\/olympique\/wp-json\/wp\/v2\/types\/athletes"}],"version-history":[{"count":1,"href":"https:\/\/develop.olympic.ca\/olympique\/wp-json\/wp\/v2\/athletes\/183670\/revisions"}],"predecessor-version":[{"id":192754,"href":"https:\/\/develop.olympic.ca\/olympique\/wp-json\/wp\/v2\/athletes\/183670\/revisions\/192754"}],"wp:featuredmedia":[{"embeddable":true,"href":"https:\/\/develop.olympic.ca\/olympique\/wp-json\/wp\/v2\/media\/183672"}],"wp:attachment":[{"href":"https:\/\/develop.olympic.ca\/olympique\/wp-json\/wp\/v2\/media?parent=183670"}],"wp:term":[{"taxonomy":"post_tag","embeddable":true,"href":"https:\/\/develop.olympic.ca\/olympique\/wp-json\/wp\/v2\/tags?post=183670"},{"taxonomy":"hof-categories","embeddable":true,"href":"https:\/\/develop.olympic.ca\/olympique\/wp-json\/wp\/v2\/hof-categories?post=183670"},{"taxonomy":"year-inducted","embeddable":true,"href":"https:\/\/develop.olympic.ca\/olympique\/wp-json\/wp\/v2\/year-inducted?post=183670"},{"taxonomy":"gender","embeddable":true,"href":"https:\/\/develop.olympic.ca\/olympique\/wp-json\/wp\/v2\/gender?post=183670"},{"taxonomy":"season","embeddable":true,"href":"https:\/\/develop.olympic.ca\/olympique\/wp-json\/wp\/v2\/season?post=183670"},{"taxonomy":"sport","embeddable":true,"href":"https:\/\/develop.olympic.ca\/olympique\/wp-json\/wp\/v2\/sport?post=183670"},{"taxonomy":"game","embeddable":true,"href":"https:\/\/develop.olympic.ca\/olympique\/wp-json\/wp\/v2\/game?post=183670"},{"taxonomy":"team","embeddable":true,"href":"https:\/\/develop.olympic.ca\/olympique\/wp-json\/wp\/v2\/team?post=183670"},{"taxonomy":"event","embeddable":true,"href":"https:\/\/develop.olympic.ca\/olympique\/wp-json\/wp\/v2\/event?post=183670"},{"taxonomy":"province","embeddable":true,"href":"https:\/\/develop.olympic.ca\/olympique\/wp-json\/wp\/v2\/province?post=183670"}],"curies":[{"name":"wp","href":"https:\/\/api.w.org\/{rel}","templated":true}]}}

<p class="wp-block-paragraph">Haley Smith a commencé à faire du vélo de montagne au moment d&rsquo;entreprendre ses études à l&rsquo;école secondaire, mais elle a dû remiser son vélo pendant un certain temps afin d’être traitée pour un cas grave d&rsquo;anxiété et d&rsquo;anorexie. Après avoir pris soin de sa santé mentale comme il le fallait, elle a renoué avec le vélo de montagne de compétition et elle a été retenue pour la première fois au sein de l&rsquo;équipe des Championnats du monde juniors au moment où elle a terminé sa 12e année.&nbsp;&nbsp;</p>



<p class="wp-block-paragraph">Au cours des quatre années qui ont suivi, Smith a concouru à l&rsquo;échelle internationale chez les moins de 23 ans, ce qui l&rsquo;a amenée à participer à trois présentations des Championnats du monde. Elle a vécu un de ses premiers grands moments quand elle a signé sa première victoire dans une épreuve de la Coupe Canada à Horseshoe Valley en 2015. Cette année-là, elle a remporté le titre national des moins de 23 ans et la médaille de bronze aux Championnats continentaux américains.&nbsp;</p>



<p class="wp-block-paragraph">En 2016, Smith s&rsquo;est retrouvée sur le circuit de niveau élite de la Coupe du monde et elle s&rsquo;est inscrite pour la première fois dans la course élite des Championnats du monde de l&rsquo;UCI. Elle a percé les 20 premiers rangs aux Championnats du monde 2017 quand elle a pris la 16e place. En 2018, elle a raflé une médaille de bronze aux Jeux du Commonwealth à Gold Coast, en Australie. Elle a par ailleurs fini sixième aux Championnats du monde, le meilleur résultat de sa carrière.&nbsp;</p>



<p class="wp-block-paragraph">Smith a bâti là-dessus en 2019, alors qu&rsquo;elle a accédé à son premier podium de la Coupe du monde au mois de mai en vertu d&rsquo;une troisième place enregistrée à la troisième étape de la saison, disputée à&nbsp;<a href="https://en.wikipedia.org/wiki/Nov%C3%A9_M%C4%9Bsto_na_Morav%C4%9B">Nové Město</a>, en République tchèque. Elle a ajouté un autre résultat parmi les 10 meilleurs à son palmarès quelques mois plus tard à Les Gets,&nbsp;en France. Cependant, la performance dont elle est la plus fière est celle qu&rsquo;elle a donnée aux Championnats du monde 2019 à&nbsp;Mont-Sainte-Anne, au Québec,&nbsp;quand elle a fait fi des blessures, de la maladie et d&rsquo;une grande fatigue mentale qu&rsquo;elle a connues en milieu de saison pour aller chercher la 12e place devant&nbsp;des partisans canadiens.&nbsp;</p>



<p class="wp-block-paragraph">En 2020, la pandémie de la COVID-19 et le confinement qui a suivi ont été extrêmement difficiles à vivre pour Smith, qui est retombée dans les vieilles habitudes et les anciens modèles de pensée qui accompagnent habituellement son trouble alimentaire. N&rsquo;étant pas vraiment consciente de la façon dont elle se sentait à l&rsquo;époque, elle a entrepris la saison écourtée de la Coupe du monde. Cependant, après avoir été incapable de compléter la deuxième épreuve, elle a réalisé qu&rsquo;elle était en état de crise et elle est retournée à la maison pour demander de l&rsquo;aide, autant sur le plan professionnel qu&rsquo;auprès des membres de sa famille. De retour à un état d&rsquo;équilibre, tout en comprenant mieux qu&rsquo;elle devait apprivoiser ses difficultés parce que celles-ci faisaient partie intégrante de sa personnalité, elle a renoué avec le circuit de la Coupe du monde en 2021.&nbsp;&nbsp;</p>



<h3 class="wp-block-heading"><strong>À propos de Haley</strong></h3>



<p class="wp-block-paragraph"><strong>Débuts :</strong>&nbsp;A commencé à faire du vélo de montagne à l&rsquo;âge de 13 ans, alors qu&rsquo;elle pédalait avec son père et son frère durant les mois d&rsquo;été à une époque où elle jouait au hockey pendant l&rsquo;hiver&#8230; Plus jeune, elle avait beaucoup d&rsquo;endurance et elle était une habile grimpeuse, mais elle peinait techniquement&#8230; A commencé à se consacrer exclusivement au vélo de montagne au moment d&rsquo;entreprendre ses études à l&rsquo;université…&nbsp;<strong>Autres intérêts :</strong>&nbsp;A complété ses études à l&rsquo;Université&nbsp;Queen’s&nbsp;en&nbsp;2015,&nbsp;obtenant alors un baccalauréat en kinésiologie&#8230; Ambassadrice pour&nbsp;les organismes Rapides et radieuses et&nbsp;Cam’s Kids…&nbsp;Aime cuisiner, lire, créer de nouvelles choses à l&rsquo;aide de différents passe-temps, voyager et faire de longues randonnées sur son vélo de route aux endroits qu&rsquo;elle découvre pour la première fois&#8230; Adore le cinéma, surtout les films de&nbsp;Disney, Harry Potter&nbsp;et&nbsp;Marvel…&nbsp;Discute fréquemment avec d&rsquo;autres&nbsp;personnes de sa bataille pour garder une bonne santé mentale, interagissant sur une base individuelle avec des jeunes filles qui vivent possiblement la même chose…&nbsp;<strong>De tout et de rien :</strong>&nbsp;La personne la plus inspirante dans sa vie a été l&rsquo;entraîneur&nbsp;Dan Proulx,&nbsp;qui l&rsquo;a conseillée et aidée&nbsp;afin qu&rsquo;elle se transforme de jeune adolescente timide qui connaissait des problèmes de confiance et de santé mentale à&nbsp;une jeune femme qui veut être la meilleure version d&rsquo;elle-même&#8230; Dicton favori : « Si ce n&rsquo;est pas moi, alors qui? Si ce n’est pas maintenant, alors quand? »…&nbsp;</p>

<p>En 2016, Haley Smith s&rsquo;est retrouvée sur le circuit de niveau élite de la Coupe du monde et elle s&rsquo;est inscrite pour la première fois dans la course élite des Championnats du monde de l&rsquo;UCI. Elle a percé les 20 premiers rangs aux Championnats du monde 2017 quand elle a pris la 16e place. En 2018, elle a raflé une médaille de bronze aux Jeux du Commonwealth à Gold Coast, en Australie. Elle a par ailleurs fini sixième aux Championnats du monde, le meilleur résultat de sa carrière. </p>

Équipe canada

vélo de montagne

Été

Tokyo 2020 Cyclisme - Vélo de montagne
