{"id":225709,"date":"2023-09-06T11:45:00","date_gmt":"2023-09-06T15:45:00","guid":{"rendered":"https:\/\/develop.olympic.ca\/olympique\/?post_type=athletes&#038;p=225709"},"modified":"2024-05-09T16:41:10","modified_gmt":"2024-05-09T20:41:10","slug":"sabrina-fang","status":"publish","type":"athletes","link":"https:\/\/develop.olympic.ca\/olympique\/team-canada\/sabrina-fang\/","title":{"rendered":"Sabrina Fang"},"content":{"rendered":"\n<p class=\"wp-block-paragraph\">Sabrina Fang a particip\u00e9 \u00e0 ses premiers Jeux panam\u00e9ricains \u00e0 Santiago en 2023, o\u00f9 elle a fait partie de l\u2019\u00e9quipe f\u00e9minine de fleuret qui a remport\u00e9 la m\u00e9daille d\u2019argent.<\/p>\n\n\n\n<p class=\"wp-block-paragraph\">Fang a particip\u00e9 \u00e0 quatre \u00e9ditions des Championnats du monde juniors de la FIE, alors qu\u2019elle a notamment fini parmi les 10 meilleures au fleuret individuel en 2022. C\u2019est aussi en 2022 qu\u2019elle a disput\u00e9 ses premiers Championnats du monde seniors de la FIE.<\/p>\n\n\n\n<p class=\"wp-block-paragraph\">Fang a remport\u00e9 des m\u00e9dailles d\u2019or cons\u00e9cutives dans l\u2019\u00e9preuve du fleuret f\u00e9minin par \u00e9quipes aux Championnats panam\u00e9ricains en 2022 et 2023.<\/p>\n","protected":false},"excerpt":{"rendered":"<p>Sabrina Fang a particip\u00e9 \u00e0 ses premiers Jeux panam\u00e9ricains \u00e0 Santiago en 2023, o\u00f9 elle a fait partie de l\u2019\u00e9quipe&#8230;<\/p>\n","protected":false},"featured_media":232764,"template":"","tags":[1104411,40783077,682165636,682165310],"hof-categories":[],"year-inducted":[],"gender":[23319],"season":[415983968],"sport":[5515721],"game":[682165315],"team":[682165935],"event":[181822520],"province":[415983153],"class_list":["post-225709","athletes","type-athletes","status-publish","has-post-thumbnail","hentry","tag-equipe-canada","tag-escrime-2","tag-sabrina-fang","tag-santiago-2023","gender-feminin","season-ete","sport-escrime","game-santiago-2023","team-santiago-2023-escrime","event-fleuret-individuel-femmes","province-colombie-britannique"],"acf":[],"featured_image_url":"https:\/\/develop.olympic.ca\/olympique\/wp-content\/uploads\/sites\/2\/2023\/09\/AL_20231102_7525-e1699296707952.jpg?quality=100","category_names":[],"tag_names":["\u00c9quipe canada","escrime","Sabrina Fang","Santiago 2023"],"sport_names":[427],"game_names":["Santiago 2023"],"season_names":["\u00c9t\u00e9"],"team_names":["Santiago 2023 Escrime"],"province_names":["Colombie-Britannique"],"social_facebook":"","social_twitter":"","social_linkedin":"","social_gplus":"","social_instagram":"sabs_fang","social_website":"","total_medal_count_gold":"","total_medal_count_silver":"","total_medal_count_bronze":"","athlete_headshot":"https:\/\/develop.olympic.ca\/olympique\/wp-content\/uploads\/sites\/2\/2023\/08\/Fang_Sabrina-e1712591157562.jpg?quality=100","athlete_height":"","athlete_weight":"","athlete_hometown":"Vancouver, Colombie-Britannique","athlete_birthplace":"Kitchener, Ontario","coc_gracenote_id":"","athlete_dob":"August 21, 1970","athlete_age":56,"jetpack_sharing_enabled":true,"_links":{"self":[{"href":"https:\/\/develop.olympic.ca\/olympique\/wp-json\/wp\/v2\/athletes\/225709","targetHints":{"allow":["GET"]}}],"collection":[{"href":"https:\/\/develop.olympic.ca\/olympique\/wp-json\/wp\/v2\/athletes"}],"about":[{"href":"https:\/\/develop.olympic.ca\/olympique\/wp-json\/wp\/v2\/types\/athletes"}],"version-history":[{"count":9,"href":"https:\/\/develop.olympic.ca\/olympique\/wp-json\/wp\/v2\/athletes\/225709\/revisions"}],"predecessor-version":[{"id":242538,"href":"https:\/\/develop.olympic.ca\/olympique\/wp-json\/wp\/v2\/athletes\/225709\/revisions\/242538"}],"wp:featuredmedia":[{"embeddable":true,"href":"https:\/\/develop.olympic.ca\/olympique\/wp-json\/wp\/v2\/media\/232764"}],"wp:attachment":[{"href":"https:\/\/develop.olympic.ca\/olympique\/wp-json\/wp\/v2\/media?parent=225709"}],"wp:term":[{"taxonomy":"post_tag","embeddable":true,"href":"https:\/\/develop.olympic.ca\/olympique\/wp-json\/wp\/v2\/tags?post=225709"},{"taxonomy":"hof-categories","embeddable":true,"href":"https:\/\/develop.olympic.ca\/olympique\/wp-json\/wp\/v2\/hof-categories?post=225709"},{"taxonomy":"year-inducted","embeddable":true,"href":"https:\/\/develop.olympic.ca\/olympique\/wp-json\/wp\/v2\/year-inducted?post=225709"},{"taxonomy":"gender","embeddable":true,"href":"https:\/\/develop.olympic.ca\/olympique\/wp-json\/wp\/v2\/gender?post=225709"},{"taxonomy":"season","embeddable":true,"href":"https:\/\/develop.olympic.ca\/olympique\/wp-json\/wp\/v2\/season?post=225709"},{"taxonomy":"sport","embeddable":true,"href":"https:\/\/develop.olympic.ca\/olympique\/wp-json\/wp\/v2\/sport?post=225709"},{"taxonomy":"game","embeddable":true,"href":"https:\/\/develop.olympic.ca\/olympique\/wp-json\/wp\/v2\/game?post=225709"},{"taxonomy":"team","embeddable":true,"href":"https:\/\/develop.olympic.ca\/olympique\/wp-json\/wp\/v2\/team?post=225709"},{"taxonomy":"event","embeddable":true,"href":"https:\/\/develop.olympic.ca\/olympique\/wp-json\/wp\/v2\/event?post=225709"},{"taxonomy":"province","embeddable":true,"href":"https:\/\/develop.olympic.ca\/olympique\/wp-json\/wp\/v2\/province?post=225709"}],"curies":[{"name":"wp","href":"https:\/\/api.w.org\/{rel}","templated":true}]}}

<p class="wp-block-paragraph">Sabrina Fang a participé à ses premiers Jeux panaméricains à Santiago en 2023, où elle a fait partie de l’équipe féminine de fleuret qui a remporté la médaille d’argent.</p>



<p class="wp-block-paragraph">Fang a participé à quatre éditions des Championnats du monde juniors de la FIE, alors qu’elle a notamment fini parmi les 10 meilleures au fleuret individuel en 2022. C’est aussi en 2022 qu’elle a disputé ses premiers Championnats du monde seniors de la FIE.</p>



<p class="wp-block-paragraph">Fang a remporté des médailles d’or consécutives dans l’épreuve du fleuret féminin par équipes aux Championnats panaméricains en 2022 et 2023.</p>

<p>Sabrina Fang a participé à ses premiers Jeux panaméricains à Santiago en 2023, où elle a fait partie de l’équipe&#8230;</p>

Équipe canada

Été
