{"id":228350,"date":"2023-09-25T11:55:00","date_gmt":"2023-09-25T15:55:00","guid":{"rendered":"https:\/\/develop.olympic.ca\/olympique\/?post_type=athletes&#038;p=228350"},"modified":"2023-09-25T10:43:08","modified_gmt":"2023-09-25T14:43:08","slug":"devaney-collier","status":"publish","type":"athletes","link":"https:\/\/develop.olympic.ca\/olympique\/team-canada\/devaney-collier\/","title":{"rendered":"Devaney Collier"},"content":{"rendered":"","protected":false},"excerpt":{"rendered":"","protected":false},"featured_media":228351,"template":"","tags":[367377031,367377026,682165757,1104411,682165310],"hof-categories":[],"year-inducted":[],"gender":[23319],"season":[415983968],"sport":[45096687,21975485],"game":[682165315],"team":[682166153,682166154],"event":[181822318,181823072,181823250],"province":[415983152],"class_list":["post-228350","athletes","type-athletes","status-publish","has-post-thumbnail","hentry","tag-cyclisme-sur-piste-3","tag-cyclisme-sur-route-2","tag-devaney-collier","tag-equipe-canada","tag-santiago-2023","gender-feminin","season-ete","sport-cyclisme-sur-piste","sport-cyclisme-sur-route","game-santiago-2023","team-santiago-2023-cyclisme-sur-piste","team-santiago-2023-cyclisme-sur-route","event-course-sur-route-femmes","event-omnium-femmes","event-poursuite-par-equipes-femmes","province-alberta"],"acf":[],"featured_image_url":"https:\/\/develop.olympic.ca\/olympique\/wp-content\/uploads\/sites\/2\/2023\/09\/CP156441276-e1695431332224.jpg?quality=100","category_names":[],"tag_names":["cyclisme sur piste","cyclisme sur route","Devaney Collier","\u00c9quipe canada","Santiago 2023"],"sport_names":[402,398],"game_names":["Santiago 2023"],"season_names":["\u00c9t\u00e9"],"team_names":["Santiago 2023 Cyclisme sur piste","Santiago 2023 Cyclisme sur route"],"province_names":["Alberta"],"social_facebook":"","social_twitter":"","social_linkedin":"","social_gplus":"","social_instagram":"","social_website":"","total_medal_count_gold":"","total_medal_count_silver":"","total_medal_count_bronze":"","athlete_headshot":"","athlete_height":"","athlete_weight":"","athlete_hometown":"Edmonton, Alberta","athlete_birthplace":"St. Albert, Alberta","coc_gracenote_id":"","athlete_dob":"July 20, 1998","athlete_age":28,"jetpack_sharing_enabled":true,"_links":{"self":[{"href":"https:\/\/develop.olympic.ca\/olympique\/wp-json\/wp\/v2\/athletes\/228350","targetHints":{"allow":["GET"]}}],"collection":[{"href":"https:\/\/develop.olympic.ca\/olympique\/wp-json\/wp\/v2\/athletes"}],"about":[{"href":"https:\/\/develop.olympic.ca\/olympique\/wp-json\/wp\/v2\/types\/athletes"}],"version-history":[{"count":4,"href":"https:\/\/develop.olympic.ca\/olympique\/wp-json\/wp\/v2\/athletes\/228350\/revisions"}],"predecessor-version":[{"id":228355,"href":"https:\/\/develop.olympic.ca\/olympique\/wp-json\/wp\/v2\/athletes\/228350\/revisions\/228355"}],"wp:featuredmedia":[{"embeddable":true,"href":"https:\/\/develop.olympic.ca\/olympique\/wp-json\/wp\/v2\/media\/228351"}],"wp:attachment":[{"href":"https:\/\/develop.olympic.ca\/olympique\/wp-json\/wp\/v2\/media?parent=228350"}],"wp:term":[{"taxonomy":"post_tag","embeddable":true,"href":"https:\/\/develop.olympic.ca\/olympique\/wp-json\/wp\/v2\/tags?post=228350"},{"taxonomy":"hof-categories","embeddable":true,"href":"https:\/\/develop.olympic.ca\/olympique\/wp-json\/wp\/v2\/hof-categories?post=228350"},{"taxonomy":"year-inducted","embeddable":true,"href":"https:\/\/develop.olympic.ca\/olympique\/wp-json\/wp\/v2\/year-inducted?post=228350"},{"taxonomy":"gender","embeddable":true,"href":"https:\/\/develop.olympic.ca\/olympique\/wp-json\/wp\/v2\/gender?post=228350"},{"taxonomy":"season","embeddable":true,"href":"https:\/\/develop.olympic.ca\/olympique\/wp-json\/wp\/v2\/season?post=228350"},{"taxonomy":"sport","embeddable":true,"href":"https:\/\/develop.olympic.ca\/olympique\/wp-json\/wp\/v2\/sport?post=228350"},{"taxonomy":"game","embeddable":true,"href":"https:\/\/develop.olympic.ca\/olympique\/wp-json\/wp\/v2\/game?post=228350"},{"taxonomy":"team","embeddable":true,"href":"https:\/\/develop.olympic.ca\/olympique\/wp-json\/wp\/v2\/team?post=228350"},{"taxonomy":"event","embeddable":true,"href":"https:\/\/develop.olympic.ca\/olympique\/wp-json\/wp\/v2\/event?post=228350"},{"taxonomy":"province","embeddable":true,"href":"https:\/\/develop.olympic.ca\/olympique\/wp-json\/wp\/v2\/province?post=228350"}],"curies":[{"name":"wp","href":"https:\/\/api.w.org\/{rel}","templated":true}]}}

Équipe canada

Été
