{"id":8199,"date":"2011-09-18T22:20:52","date_gmt":"2011-09-19T02:20:52","guid":{"rendered":"http:\/\/develop.olympic.ca\/team-canada\/martine-dugrenier-2\/"},"modified":"2013-08-25T17:17:48","modified_gmt":"2013-08-25T21:17:48","slug":"martine-dugrenier","status":"publish","type":"athletes","link":"https:\/\/develop.olympic.ca\/olympique\/team-canada\/martine-dugrenier\/","title":{"rendered":"Martine Dugrenier"},"content":{"rendered":"<p><a href=\"http:\/\/develop.olympic.ca\/wp-content\/uploads\/sites\/2\/2011\/09\/martine-dugrenier_1340px.jpg\"><img loading=\"lazy\" decoding=\"async\" class=\"alignleft  wp-image-83996\" alt=\"Martine Dugrenier_1340px\" src=\"http:\/\/develop.olympic.ca\/wp-content\/uploads\/sites\/2\/2011\/09\/martine-dugrenier_1340px.jpg?w=246\" width=\"172\" height=\"260\" \/><\/a>Martine Dugrenier a particip\u00e9 aux Jeux olympiques pour la deuxi\u00e8me fois. Elle a pris part \u00e0 l\u2019\u00e9preuve de lutte libre f\u00e9minine, dans la division des 63 kg \u00e0 Londres.<\/p>\n<p>Martine Dugrenier est l\u2019une des lutteuses les plus d\u00e9cor\u00e9es du Canada, ayant remport\u00e9 des m\u00e9dailles six ann\u00e9es de suite \u00e0 des Championnats du monde. De 2005 \u00e0 2007, elle a remport\u00e9 l\u2019argent et, de 2008 \u00e0 2010, l\u2019or.<\/p>\n<p>\u00c0 Beijing, en 2008, Martine Dugrenier a perdu de justesse la m\u00e9daille de bronze en lutte f\u00e9minine en accordant un point \u00e0 son adversaire au cours des dix derni\u00e8res secondes du match.<\/p>\n<p>Elle a \u00e9t\u00e9 nomm\u00e9e lutteuse canadienne de l\u2019ann\u00e9e en 2005. Avant de s\u2019int\u00e9resser \u00e0 la lutte, elle a fait de la gymnastique artistique de comp\u00e9tition jusqu\u2019\u00e0 l\u2019\u00e2ge de 19 ans.<\/p>\n<h2>FAITS SAILLANTS EN CARRI\u00c8RE<\/h2>\n<ul>\n<li>Olympienne des Jeux de 2008, elle a termin\u00e9 5e<\/li>\n<li>M\u00e9daill\u00e9e d&rsquo;or des Championnats mondiaux universitaires de 2004<\/li>\n<li>A remport\u00e9 trois m\u00e9dailles d&rsquo;argent d&rsquo;affil\u00e9e aux Championnats du monde (2005, 2006, 2007)<\/li>\n<li>Quadruple championne nationale senior<\/li>\n<li>A gagn\u00e9 l&rsquo;or aux Championnats panam\u00e9ricains de 2008 \u00e0 Colorado Springs, Colorado, ce qui l&rsquo;a permis de se qualifier pour les Jeux olympiques de 2008<\/li>\n<li>A \u00e9t\u00e9 nomm\u00e9e athl\u00e8te f\u00e9minine canadienne de l&rsquo;ann\u00e9e en lutte en 2005 et trois fois athl\u00e8te f\u00e9minine de l&rsquo;ann\u00e9e de l&rsquo;Universit\u00e9 Concordia (2002, 2003, 2004)<\/li>\n<\/ul>\n<p>Veuillez noter que l&rsquo;information ci-dessous est\u00a0\u00e0 jour jusqu&rsquo;aux Jeux olympiques de \u00a02012 \u00e0 Londres et sera actualis\u00e9e avant les Jeux panam\u00e9ricains de 2015 \u00e0 Toronto et les Jeux olympiques de 2016 \u00e0 Rio.<\/p>\n","protected":false},"excerpt":{"rendered":"<p>Martine Dugrenier a particip\u00e9 aux Jeux olympiques pour la deuxi\u00e8me fois. Elle a pris part \u00e0 l\u2019\u00e9preuve de lutte libre&#8230;<\/p>\n","protected":false},"featured_media":83997,"template":"","tags":[415984528,105624671,415984559],"hof-categories":[],"year-inducted":[],"gender":[23319],"season":[],"sport":[415983001],"game":[2184746,31757719],"team":[],"event":[181822013],"province":[],"class_list":["post-8199","athletes","type-athletes","status-publish","has-post-thumbnail","hentry","tag-jeux-olympiques-dete","tag-lutte-libre","tag-toronto-2015-lutte","gender-feminin","sport-lutte","game-2008-beijing","game-2012-londres","event-63-kg-femmes"],"acf":[],"featured_image_url":"https:\/\/develop.olympic.ca\/olympique\/wp-content\/uploads\/sites\/2\/2011\/09\/martine_dugrenier_2012_e_1340px.jpg?quality=100","category_names":[],"tag_names":["Jeux olympiques d'\u00e9t\u00e9","Lutte libre","Toronto 2015 - Lutte"],"sport_names":[596],"game_names":["Beijing 2008","Londres 2012"],"season_names":[],"team_names":[],"province_names":[],"social_facebook":"","social_twitter":"","social_linkedin":"","social_gplus":"","social_instagram":"","social_website":"","total_medal_count_gold":"","total_medal_count_silver":"","total_medal_count_bronze":"","athlete_headshot":"","athlete_height":"166","athlete_weight":"64","athlete_hometown":"","athlete_birthplace":"Montr\u00e9al, QC","coc_gracenote_id":"","athlete_dob":"June 12, 1979","athlete_age":47,"jetpack_sharing_enabled":true,"_links":{"self":[{"href":"https:\/\/develop.olympic.ca\/olympique\/wp-json\/wp\/v2\/athletes\/8199","targetHints":{"allow":["GET"]}}],"collection":[{"href":"https:\/\/develop.olympic.ca\/olympique\/wp-json\/wp\/v2\/athletes"}],"about":[{"href":"https:\/\/develop.olympic.ca\/olympique\/wp-json\/wp\/v2\/types\/athletes"}],"version-history":[{"count":0,"href":"https:\/\/develop.olympic.ca\/olympique\/wp-json\/wp\/v2\/athletes\/8199\/revisions"}],"wp:featuredmedia":[{"embeddable":true,"href":"https:\/\/develop.olympic.ca\/olympique\/wp-json\/wp\/v2\/media\/83997"}],"wp:attachment":[{"href":"https:\/\/develop.olympic.ca\/olympique\/wp-json\/wp\/v2\/media?parent=8199"}],"wp:term":[{"taxonomy":"post_tag","embeddable":true,"href":"https:\/\/develop.olympic.ca\/olympique\/wp-json\/wp\/v2\/tags?post=8199"},{"taxonomy":"hof-categories","embeddable":true,"href":"https:\/\/develop.olympic.ca\/olympique\/wp-json\/wp\/v2\/hof-categories?post=8199"},{"taxonomy":"year-inducted","embeddable":true,"href":"https:\/\/develop.olympic.ca\/olympique\/wp-json\/wp\/v2\/year-inducted?post=8199"},{"taxonomy":"gender","embeddable":true,"href":"https:\/\/develop.olympic.ca\/olympique\/wp-json\/wp\/v2\/gender?post=8199"},{"taxonomy":"season","embeddable":true,"href":"https:\/\/develop.olympic.ca\/olympique\/wp-json\/wp\/v2\/season?post=8199"},{"taxonomy":"sport","embeddable":true,"href":"https:\/\/develop.olympic.ca\/olympique\/wp-json\/wp\/v2\/sport?post=8199"},{"taxonomy":"game","embeddable":true,"href":"https:\/\/develop.olympic.ca\/olympique\/wp-json\/wp\/v2\/game?post=8199"},{"taxonomy":"team","embeddable":true,"href":"https:\/\/develop.olympic.ca\/olympique\/wp-json\/wp\/v2\/team?post=8199"},{"taxonomy":"event","embeddable":true,"href":"https:\/\/develop.olympic.ca\/olympique\/wp-json\/wp\/v2\/event?post=8199"},{"taxonomy":"province","embeddable":true,"href":"https:\/\/develop.olympic.ca\/olympique\/wp-json\/wp\/v2\/province?post=8199"}],"curies":[{"name":"wp","href":"https:\/\/api.w.org\/{rel}","templated":true}]}}

<p><a href="http://develop.olympic.ca/wp-content/uploads/sites/2/2011/09/martine-dugrenier_1340px.jpg"><img loading="lazy" decoding="async" class="alignleft  wp-image-83996" alt="Martine Dugrenier_1340px" src="http://develop.olympic.ca/wp-content/uploads/sites/2/2011/09/martine-dugrenier_1340px.jpg?w=246" width="172" height="260" /></a>Martine Dugrenier a participé aux Jeux olympiques pour la deuxième fois. Elle a pris part à l’épreuve de lutte libre féminine, dans la division des 63 kg à Londres.</p>
<p>Martine Dugrenier est l’une des lutteuses les plus décorées du Canada, ayant remporté des médailles six années de suite à des Championnats du monde. De 2005 à 2007, elle a remporté l’argent et, de 2008 à 2010, l’or.</p>
<p>À Beijing, en 2008, Martine Dugrenier a perdu de justesse la médaille de bronze en lutte féminine en accordant un point à son adversaire au cours des dix dernières secondes du match.</p>
<p>Elle a été nommée lutteuse canadienne de l’année en 2005. Avant de s’intéresser à la lutte, elle a fait de la gymnastique artistique de compétition jusqu’à l’âge de 19 ans.</p>
<h2>FAITS SAILLANTS EN CARRIÈRE</h2>
<ul>
<li>Olympienne des Jeux de 2008, elle a terminé 5e</li>
<li>Médaillée d&rsquo;or des Championnats mondiaux universitaires de 2004</li>
<li>A remporté trois médailles d&rsquo;argent d&rsquo;affilée aux Championnats du monde (2005, 2006, 2007)</li>
<li>Quadruple championne nationale senior</li>
<li>A gagné l&rsquo;or aux Championnats panaméricains de 2008 à Colorado Springs, Colorado, ce qui l&rsquo;a permis de se qualifier pour les Jeux olympiques de 2008</li>
<li>A été nommée athlète féminine canadienne de l&rsquo;année en lutte en 2005 et trois fois athlète féminine de l&rsquo;année de l&rsquo;Université Concordia (2002, 2003, 2004)</li>
</ul>
<p>Veuillez noter que l&rsquo;information ci-dessous est à jour jusqu&rsquo;aux Jeux olympiques de  2012 à Londres et sera actualisée avant les Jeux panaméricains de 2015 à Toronto et les Jeux olympiques de 2016 à Rio.</p>

<p>Martine Dugrenier a participé aux Jeux olympiques pour la deuxième fois. Elle a pris part à l’épreuve de lutte libre&#8230;</p>

Jeux olympiques d'été

Montréal, QC
