{"id":8552,"date":"2011-09-18T21:41:57","date_gmt":"2011-09-19T01:41:57","guid":{"rendered":"http:\/\/develop.olympic.ca\/team-canada\/nathan-gafuik-2\/"},"modified":"2013-08-30T16:18:29","modified_gmt":"2013-08-30T20:18:29","slug":"nathan-gafuik","status":"publish","type":"athletes","link":"https:\/\/develop.olympic.ca\/olympique\/team-canada\/nathan-gafuik\/","title":{"rendered":"Nathan Gafuik"},"content":{"rendered":"<p>Nathan Gafuik a concouru \u00e0 ses deuxi\u00e8mes Jeux olympiques cons\u00e9cutifs en gymnastique artistique aux Jeux de Londres 2012 et a termin\u00e9 au 46e rang. Un des meilleurs concurrents au concours multiple de l\u2019\u00e9quipe canadienne, Gafuik a obtenu son billet pour les Jeux olympiques \u00e0 la suite de sa performance \u00e0 la barre fixe aux Championnats canadiens de 2012. Gafuik a remport\u00e9 deux m\u00e9dailles aux Jeux de 2011 de la FISU, une de bronze au concours multiple et une m\u00e9daille d\u2019argent au saut de cheval.<\/p>\n<p>Il s\u2019est class\u00e9 au 17e rang aux Jeux olympiques de 2008 \u00e0 Beijing, ce qui repr\u00e9sentait le deuxi\u00e8me meilleur r\u00e9sultat canadien de tous les temps au concours complet. En 2004, il a \u00e9t\u00e9 admis au sein de l\u2019\u00e9quipe \u00e0 titre de substitut.<\/p>\n<p>Il a \u00e9t\u00e9 un membre cl\u00e9 de l\u2019\u00e9quipe canadienne qui a inscrit le meilleur r\u00e9sultat du Canada de tous les temps aux Championnats du monde de 2006 en obtenant une sixi\u00e8me place.<\/p>\n<h2>FAITS SAILLANTS EN CARRI\u00c8RE<\/h2>\n<ul>\n<li>S&rsquo;est class\u00e9 17e aux Jeux olympiques de 2008, ce qui est la deuxi\u00e8me meilleure marque inscrite par un gymnaste canadien de sexe masculin au concours multiple (son co\u00e9quipier Adam Wong a pris le 15e rang)<\/li>\n<li>Substitut de l&rsquo;\u00e9quipe olympique canadienne 2004<\/li>\n<li>A d\u00e9croch\u00e9 la m\u00e9daille de bronze \u00e0 la Coupe du monde 2008 \u00e0 Cottbus, Allemagne (5e au saut de cheval)<\/li>\n<li>Championne des Jeux du Commonwealth 2006 \u00e0 l&rsquo;\u00e9preuve par \u00e9quipe et double m\u00e9daill\u00e9 d&rsquo;argent (saut de cheval, barres parall\u00e8les)<\/li>\n<\/ul>\n<p>Veuillez noter que l&rsquo;information ci-dessous est\u00a0\u00e0 jour jusqu&rsquo;aux Jeux olympiques de \u00a02012 \u00e0 Londres et sera actualis\u00e9e avant les Jeux panam\u00e9ricains de 2015 \u00e0 Toronto et les Jeux olympiques de 2016 \u00e0 Rio.<\/p>\n","protected":false},"excerpt":{"rendered":"<p>Nathan Gafuik a concouru \u00e0 ses deuxi\u00e8mes Jeux olympiques cons\u00e9cutifs en gymnastique artistique aux Jeux de Londres 2012 et a&#8230;<\/p>\n","protected":false},"featured_media":83956,"template":"","tags":[6025,2443,4314346,16081,415984528],"hof-categories":[],"year-inducted":[],"gender":[42123],"season":[],"sport":[9127036],"game":[2184746,31757719],"team":[],"event":[181822116,181822300,181823113],"province":[],"class_list":["post-8552","athletes","type-athletes","status-publish","has-post-thumbnail","hentry","tag-beijing","tag-canada","tag-gymnastique","tag-jeux","tag-jeux-olympiques-dete","gender-masculin","sport-gymnastique-artistique","game-2008-beijing","game-2012-londres","event-barre-horizontale-hommes","event-concours-multiple-individuel-hommes","event-par-equipes-hommes"],"acf":[],"featured_image_url":"https:\/\/develop.olympic.ca\/olympique\/wp-content\/uploads\/sites\/2\/2011\/09\/nathan-gafuik_2008_1340px.jpg?quality=100","category_names":[],"tag_names":["beijing","Canada","Gymnastique","Jeux","Jeux olympiques d'\u00e9t\u00e9"],"sport_names":[454],"game_names":["Beijing 2008","Londres 2012"],"season_names":[],"team_names":[],"province_names":[],"social_facebook":"http:\/\/www.facebook.com\/pages\/Nathan-Gafuik\/40511301989","social_twitter":"gafuik_nathan","social_linkedin":"","social_gplus":"","social_instagram":"","social_website":"","total_medal_count_gold":"","total_medal_count_silver":"","total_medal_count_bronze":"","athlete_headshot":"","athlete_height":"165","athlete_weight":"62","athlete_hometown":"","athlete_birthplace":"Calgary, AB","coc_gracenote_id":"","athlete_dob":"June 12, 1985","athlete_age":41,"jetpack_sharing_enabled":true,"_links":{"self":[{"href":"https:\/\/develop.olympic.ca\/olympique\/wp-json\/wp\/v2\/athletes\/8552","targetHints":{"allow":["GET"]}}],"collection":[{"href":"https:\/\/develop.olympic.ca\/olympique\/wp-json\/wp\/v2\/athletes"}],"about":[{"href":"https:\/\/develop.olympic.ca\/olympique\/wp-json\/wp\/v2\/types\/athletes"}],"version-history":[{"count":0,"href":"https:\/\/develop.olympic.ca\/olympique\/wp-json\/wp\/v2\/athletes\/8552\/revisions"}],"wp:featuredmedia":[{"embeddable":true,"href":"https:\/\/develop.olympic.ca\/olympique\/wp-json\/wp\/v2\/media\/83956"}],"wp:attachment":[{"href":"https:\/\/develop.olympic.ca\/olympique\/wp-json\/wp\/v2\/media?parent=8552"}],"wp:term":[{"taxonomy":"post_tag","embeddable":true,"href":"https:\/\/develop.olympic.ca\/olympique\/wp-json\/wp\/v2\/tags?post=8552"},{"taxonomy":"hof-categories","embeddable":true,"href":"https:\/\/develop.olympic.ca\/olympique\/wp-json\/wp\/v2\/hof-categories?post=8552"},{"taxonomy":"year-inducted","embeddable":true,"href":"https:\/\/develop.olympic.ca\/olympique\/wp-json\/wp\/v2\/year-inducted?post=8552"},{"taxonomy":"gender","embeddable":true,"href":"https:\/\/develop.olympic.ca\/olympique\/wp-json\/wp\/v2\/gender?post=8552"},{"taxonomy":"season","embeddable":true,"href":"https:\/\/develop.olympic.ca\/olympique\/wp-json\/wp\/v2\/season?post=8552"},{"taxonomy":"sport","embeddable":true,"href":"https:\/\/develop.olympic.ca\/olympique\/wp-json\/wp\/v2\/sport?post=8552"},{"taxonomy":"game","embeddable":true,"href":"https:\/\/develop.olympic.ca\/olympique\/wp-json\/wp\/v2\/game?post=8552"},{"taxonomy":"team","embeddable":true,"href":"https:\/\/develop.olympic.ca\/olympique\/wp-json\/wp\/v2\/team?post=8552"},{"taxonomy":"event","embeddable":true,"href":"https:\/\/develop.olympic.ca\/olympique\/wp-json\/wp\/v2\/event?post=8552"},{"taxonomy":"province","embeddable":true,"href":"https:\/\/develop.olympic.ca\/olympique\/wp-json\/wp\/v2\/province?post=8552"}],"curies":[{"name":"wp","href":"https:\/\/api.w.org\/{rel}","templated":true}]}}

<p>Nathan Gafuik a concouru à ses deuxièmes Jeux olympiques consécutifs en gymnastique artistique aux Jeux de Londres 2012 et a terminé au 46e rang. Un des meilleurs concurrents au concours multiple de l’équipe canadienne, Gafuik a obtenu son billet pour les Jeux olympiques à la suite de sa performance à la barre fixe aux Championnats canadiens de 2012. Gafuik a remporté deux médailles aux Jeux de 2011 de la FISU, une de bronze au concours multiple et une médaille d’argent au saut de cheval.</p>
<p>Il s’est classé au 17e rang aux Jeux olympiques de 2008 à Beijing, ce qui représentait le deuxième meilleur résultat canadien de tous les temps au concours complet. En 2004, il a été admis au sein de l’équipe à titre de substitut.</p>
<p>Il a été un membre clé de l’équipe canadienne qui a inscrit le meilleur résultat du Canada de tous les temps aux Championnats du monde de 2006 en obtenant une sixième place.</p>
<h2>FAITS SAILLANTS EN CARRIÈRE</h2>
<ul>
<li>S&rsquo;est classé 17e aux Jeux olympiques de 2008, ce qui est la deuxième meilleure marque inscrite par un gymnaste canadien de sexe masculin au concours multiple (son coéquipier Adam Wong a pris le 15e rang)</li>
<li>Substitut de l&rsquo;équipe olympique canadienne 2004</li>
<li>A décroché la médaille de bronze à la Coupe du monde 2008 à Cottbus, Allemagne (5e au saut de cheval)</li>
<li>Championne des Jeux du Commonwealth 2006 à l&rsquo;épreuve par équipe et double médaillé d&rsquo;argent (saut de cheval, barres parallèles)</li>
</ul>
<p>Veuillez noter que l&rsquo;information ci-dessous est à jour jusqu&rsquo;aux Jeux olympiques de  2012 à Londres et sera actualisée avant les Jeux panaméricains de 2015 à Toronto et les Jeux olympiques de 2016 à Rio.</p>

<p>Nathan Gafuik a concouru à ses deuxièmes Jeux olympiques consécutifs en gymnastique artistique aux Jeux de Londres 2012 et a&#8230;</p>

Jeux olympiques d'été
