{"id":86386,"date":"2013-12-04T12:09:58","date_gmt":"2013-12-04T17:09:58","guid":{"rendered":"http:\/\/develop.olympic.ca\/olympique\/?post_type=athletes&#038;p=86386"},"modified":"2013-12-04T12:09:58","modified_gmt":"2013-12-04T17:09:58","slug":"sami-jo-small","status":"publish","type":"athletes","link":"https:\/\/develop.olympic.ca\/olympique\/team-canada\/sami-jo-small\/","title":{"rendered":"Sami Jo Small"},"content":{"rendered":"<p>Sami Jo Small a remport\u00e9 une m\u00e9daille d\u2019or olympique en tant que membre de l\u2019\u00e9quipe canadienne f\u00e9minine de hockey sur glace en 2002 \u00e0 Salt Lake City. \u00c0 ces Jeux, elle a fait partie de l\u2019alignement de d\u00e9part \u00e0 une partie, celle de la victoire de 7-0 contre la Russie en ronde pr\u00e9liminaire. Quatre ans auparavant, elle avait \u00e9t\u00e9 la troisi\u00e8me gardienne de but de l\u2019\u00e9quipe lorsque le hockey sur glace \u00e9tait entr\u00e9 aux Jeux olympiques d\u2019hiver de 1998 \u00e0 Nagano. Quatre ans plus tard, elle \u00e9tait aussi la troisi\u00e8me gardienne de but \u00e0 Turin 2006. Elle n\u2019a fait aucune apparition sur la glace \u00e0 ces deux \u00e9ditions des Jeux olympiques d\u2019hiver.<\/p>\n<p>Sami Jo a grandi en jouant dans le syst\u00e8me de hockey mineur masculin \u00e0 Winnipeg. Plus tard, elle a accept\u00e9 une bourse d\u2019\u00e9tudes en athl\u00e9tisme de l\u2019Universit\u00e9 Stanford, mais lorsqu\u2019elle a subi une blessure qui a mis fin \u00e0 cette carri\u00e8re, elle est revenue au hockey et a commenc\u00e9 \u00e0 jouer pour l\u2019\u00e9quipe masculine de Stanford. Tout en poursuivant ses \u00e9tudes en g\u00e9nie m\u00e9canique, elle a d\u00e9croch\u00e9 le titre de joueuse par excellence de la Pac-10.<\/p>\n<p>Sami Jo a aussi \u00e9t\u00e9 membre de cinq \u00e9quipes championnes du monde, et elle a \u00e9t\u00e9 nomm\u00e9e meilleure gardienne de but au Championnat du monde de hockey sur glace f\u00e9minin de l\u2019IIHF en 1999 et 2000.<\/p>\n<p>Cofondatrice de la Ligue canadienne de hockey f\u00e9minin, Sami Jo Small \u00e9volue actuellement pour les Furies de Toronto.<\/p>\n","protected":false},"excerpt":{"rendered":"<p>Sami Jo Small a remport\u00e9 une m\u00e9daille d\u2019or olympique en tant que membre de l\u2019\u00e9quipe canadienne f\u00e9minine de hockey sur&#8230;<\/p>\n","protected":false},"featured_media":86387,"template":"","tags":[],"hof-categories":[],"year-inducted":[],"gender":[23319],"season":[],"sport":[891977],"game":[9241255,8561468,8561476],"team":[],"event":[203533],"province":[],"class_list":["post-86386","athletes","type-athletes","status-publish","has-post-thumbnail","hentry","gender-feminin","sport-hockey-sur-glace","game-1998-nagano","game-2002-salt-lake-city","game-2006-turin","event-femmes"],"acf":[],"yoast_head":"<!-- This site is optimized with the Yoast SEO plugin v27.3 - https:\/\/yoast.com\/product\/yoast-seo-wordpress\/ -->\n<title>Sami Jo Small - \u00c9quipe Canada | Site officiel de l&#039;\u00e9quipe olympique<\/title>\n<meta name=\"robots\" content=\"index, follow, max-snippet:-1, max-image-preview:large, max-video-preview:-1\" \/>\n<link rel=\"canonical\" href=\"https:\/\/develop.olympic.ca\/olympique\/team-canada\/sami-jo-small\/\" \/>\n<meta property=\"og:locale\" content=\"fr_FR\" \/>\n<meta property=\"og:type\" content=\"article\" \/>\n<meta property=\"og:title\" content=\"Sami Jo Small - \u00c9quipe Canada | Site officiel de l&#039;\u00e9quipe olympique\" \/>\n<meta property=\"og:description\" content=\"Sami Jo Small a remport\u00e9 une m\u00e9daille d\u2019or olympique en tant que membre de l\u2019\u00e9quipe canadienne f\u00e9minine de hockey sur...\" \/>\n<meta property=\"og:url\" content=\"https:\/\/develop.olympic.ca\/olympique\/team-canada\/sami-jo-small\/\" \/>\n<meta property=\"og:site_name\" content=\"\u00c9quipe Canada | Site officiel de l&#039;\u00e9quipe olympique\" \/>\n<meta property=\"og:image\" content=\"https:\/\/develop.olympic.ca\/olympique\/wp-content\/uploads\/sites\/2\/2013\/10\/6144461.png\" \/>\n\t<meta property=\"og:image:width\" content=\"1400\" \/>\n\t<meta property=\"og:image:height\" content=\"972\" \/>\n\t<meta property=\"og:image:type\" content=\"image\/png\" \/>\n<meta name=\"twitter:card\" content=\"summary_large_image\" \/>\n<meta name=\"twitter:label1\" content=\"Est. reading time\" \/>\n\t<meta name=\"twitter:data1\" content=\"1 minute\" \/>\n\t<meta name=\"twitter:label2\" content=\"Written by\" \/>\n\t<meta name=\"twitter:data2\" content=\"Mark Nadolny\" \/>\n<script type=\"application\/ld+json\" class=\"yoast-schema-graph\">{\"@context\":\"https:\\\/\\\/schema.org\",\"@graph\":[{\"@type\":\"WebPage\",\"@id\":\"https:\\\/\\\/develop.olympic.ca\\\/olympique\\\/team-canada\\\/sami-jo-small\\\/\",\"url\":\"https:\\\/\\\/develop.olympic.ca\\\/olympique\\\/team-canada\\\/sami-jo-small\\\/\",\"name\":\"Sami Jo Small - \u00c9quipe Canada | Site officiel de l&#039;\u00e9quipe olympique\",\"isPartOf\":{\"@id\":\"https:\\\/\\\/develop.olympic.ca\\\/olympique\\\/#website\"},\"primaryImageOfPage\":{\"@id\":\"https:\\\/\\\/develop.olympic.ca\\\/olympique\\\/team-canada\\\/sami-jo-small\\\/#primaryimage\"},\"image\":{\"@id\":\"https:\\\/\\\/develop.olympic.ca\\\/olympique\\\/team-canada\\\/sami-jo-small\\\/#primaryimage\"},\"thumbnailUrl\":\"https:\\\/\\\/develop.olympic.ca\\\/olympique\\\/wp-content\\\/uploads\\\/sites\\\/2\\\/2013\\\/10\\\/6144461.png\",\"datePublished\":\"2013-12-04T17:09:58+00:00\",\"inLanguage\":\"fr-FR\",\"potentialAction\":[{\"@type\":\"ReadAction\",\"target\":[\"https:\\\/\\\/develop.olympic.ca\\\/olympique\\\/team-canada\\\/sami-jo-small\\\/\"]}]},{\"@type\":\"ImageObject\",\"inLanguage\":\"fr-FR\",\"@id\":\"https:\\\/\\\/develop.olympic.ca\\\/olympique\\\/team-canada\\\/sami-jo-small\\\/#primaryimage\",\"url\":\"https:\\\/\\\/develop.olympic.ca\\\/olympique\\\/wp-content\\\/uploads\\\/sites\\\/2\\\/2013\\\/10\\\/6144461.png\",\"contentUrl\":\"https:\\\/\\\/develop.olympic.ca\\\/olympique\\\/wp-content\\\/uploads\\\/sites\\\/2\\\/2013\\\/10\\\/6144461.png\",\"width\":1400,\"height\":972},{\"@type\":\"WebSite\",\"@id\":\"https:\\\/\\\/develop.olympic.ca\\\/olympique\\\/#website\",\"url\":\"https:\\\/\\\/develop.olympic.ca\\\/olympique\\\/\",\"name\":\"\u00c9quipe Canada | Site officiel de l&#039;\u00e9quipe olympique\",\"description\":\"Votre source pour l\u2019\u00c9quipe olympique canadienne. Retrouvez les r\u00e9cits, vid\u00e9os et photos des athl\u00e8tes canadiens, sports olympiques, Jeux olympiques de 2020 et bien plus!\",\"potentialAction\":[{\"@type\":\"SearchAction\",\"target\":{\"@type\":\"EntryPoint\",\"urlTemplate\":\"https:\\\/\\\/develop.olympic.ca\\\/olympique\\\/?s={search_term_string}\"},\"query-input\":{\"@type\":\"PropertyValueSpecification\",\"valueRequired\":true,\"valueName\":\"search_term_string\"}}],\"inLanguage\":\"fr-FR\"}]}<\/script>\n<!-- \/ Yoast SEO plugin. -->","yoast_head_json":{"title":"Sami Jo Small - \u00c9quipe Canada | Site officiel de l&#039;\u00e9quipe olympique","robots":{"index":"index","follow":"follow","max-snippet":"max-snippet:-1","max-image-preview":"max-image-preview:large","max-video-preview":"max-video-preview:-1"},"canonical":"https:\/\/develop.olympic.ca\/olympique\/team-canada\/sami-jo-small\/","og_locale":"fr_FR","og_type":"article","og_title":"Sami Jo Small - \u00c9quipe Canada | Site officiel de l&#039;\u00e9quipe olympique","og_description":"Sami Jo Small a remport\u00e9 une m\u00e9daille d\u2019or olympique en tant que membre de l\u2019\u00e9quipe canadienne f\u00e9minine de hockey sur...","og_url":"https:\/\/develop.olympic.ca\/olympique\/team-canada\/sami-jo-small\/","og_site_name":"\u00c9quipe Canada | Site officiel de l&#039;\u00e9quipe olympique","og_image":[{"width":1400,"height":972,"url":"https:\/\/develop.olympic.ca\/olympique\/wp-content\/uploads\/sites\/2\/2013\/10\/6144461.png","type":"image\/png"}],"twitter_card":"summary_large_image","twitter_misc":{"Est. reading time":"1 minute","Written by":"Mark Nadolny"},"schema":{"@context":"https:\/\/schema.org","@graph":[{"@type":"WebPage","@id":"https:\/\/develop.olympic.ca\/olympique\/team-canada\/sami-jo-small\/","url":"https:\/\/develop.olympic.ca\/olympique\/team-canada\/sami-jo-small\/","name":"Sami Jo Small - \u00c9quipe Canada | Site officiel de l&#039;\u00e9quipe olympique","isPartOf":{"@id":"https:\/\/develop.olympic.ca\/olympique\/#website"},"primaryImageOfPage":{"@id":"https:\/\/develop.olympic.ca\/olympique\/team-canada\/sami-jo-small\/#primaryimage"},"image":{"@id":"https:\/\/develop.olympic.ca\/olympique\/team-canada\/sami-jo-small\/#primaryimage"},"thumbnailUrl":"https:\/\/develop.olympic.ca\/olympique\/wp-content\/uploads\/sites\/2\/2013\/10\/6144461.png","datePublished":"2013-12-04T17:09:58+00:00","inLanguage":"fr-FR","potentialAction":[{"@type":"ReadAction","target":["https:\/\/develop.olympic.ca\/olympique\/team-canada\/sami-jo-small\/"]}]},{"@type":"ImageObject","inLanguage":"fr-FR","@id":"https:\/\/develop.olympic.ca\/olympique\/team-canada\/sami-jo-small\/#primaryimage","url":"https:\/\/develop.olympic.ca\/olympique\/wp-content\/uploads\/sites\/2\/2013\/10\/6144461.png","contentUrl":"https:\/\/develop.olympic.ca\/olympique\/wp-content\/uploads\/sites\/2\/2013\/10\/6144461.png","width":1400,"height":972},{"@type":"WebSite","@id":"https:\/\/develop.olympic.ca\/olympique\/#website","url":"https:\/\/develop.olympic.ca\/olympique\/","name":"\u00c9quipe Canada | Site officiel de l&#039;\u00e9quipe olympique","description":"Votre source pour l\u2019\u00c9quipe olympique canadienne. Retrouvez les r\u00e9cits, vid\u00e9os et photos des athl\u00e8tes canadiens, sports olympiques, Jeux olympiques de 2020 et bien plus!","potentialAction":[{"@type":"SearchAction","target":{"@type":"EntryPoint","urlTemplate":"https:\/\/develop.olympic.ca\/olympique\/?s={search_term_string}"},"query-input":{"@type":"PropertyValueSpecification","valueRequired":true,"valueName":"search_term_string"}}],"inLanguage":"fr-FR"}]}},"featured_image_url":"https:\/\/develop.olympic.ca\/olympique\/wp-content\/uploads\/sites\/2\/2013\/10\/6144461.png","category_names":[],"tag_names":[],"sport_names":[253],"game_names":["Nagano 1998","Salt Lake City 2002","Turin 2006"],"season_names":[],"team_names":[],"province_names":[],"social_facebook":"","social_twitter":"SamiJoSmall","social_linkedin":"","social_gplus":"","social_instagram":"","social_website":"http:\/\/www.samijosmall.ca\/","total_medal_count_gold":"","total_medal_count_silver":"","total_medal_count_bronze":"","athlete_headshot":"","athlete_height":"","athlete_weight":"","athlete_hometown":"Winnipeg, Manitoba","athlete_birthplace":"","coc_gracenote_id":"","athlete_dob":"March 25, 1976","athlete_age":50,"jetpack_sharing_enabled":true,"_links":{"self":[{"href":"https:\/\/develop.olympic.ca\/olympique\/wp-json\/wp\/v2\/athletes\/86386","targetHints":{"allow":["GET"]}}],"collection":[{"href":"https:\/\/develop.olympic.ca\/olympique\/wp-json\/wp\/v2\/athletes"}],"about":[{"href":"https:\/\/develop.olympic.ca\/olympique\/wp-json\/wp\/v2\/types\/athletes"}],"version-history":[{"count":1,"href":"https:\/\/develop.olympic.ca\/olympique\/wp-json\/wp\/v2\/athletes\/86386\/revisions"}],"predecessor-version":[{"id":88228,"href":"https:\/\/develop.olympic.ca\/olympique\/wp-json\/wp\/v2\/athletes\/86386\/revisions\/88228"}],"wp:featuredmedia":[{"embeddable":true,"href":"https:\/\/develop.olympic.ca\/olympique\/wp-json\/wp\/v2\/media\/86387"}],"wp:attachment":[{"href":"https:\/\/develop.olympic.ca\/olympique\/wp-json\/wp\/v2\/media?parent=86386"}],"wp:term":[{"taxonomy":"post_tag","embeddable":true,"href":"https:\/\/develop.olympic.ca\/olympique\/wp-json\/wp\/v2\/tags?post=86386"},{"taxonomy":"hof-categories","embeddable":true,"href":"https:\/\/develop.olympic.ca\/olympique\/wp-json\/wp\/v2\/hof-categories?post=86386"},{"taxonomy":"year-inducted","embeddable":true,"href":"https:\/\/develop.olympic.ca\/olympique\/wp-json\/wp\/v2\/year-inducted?post=86386"},{"taxonomy":"gender","embeddable":true,"href":"https:\/\/develop.olympic.ca\/olympique\/wp-json\/wp\/v2\/gender?post=86386"},{"taxonomy":"season","embeddable":true,"href":"https:\/\/develop.olympic.ca\/olympique\/wp-json\/wp\/v2\/season?post=86386"},{"taxonomy":"sport","embeddable":true,"href":"https:\/\/develop.olympic.ca\/olympique\/wp-json\/wp\/v2\/sport?post=86386"},{"taxonomy":"game","embeddable":true,"href":"https:\/\/develop.olympic.ca\/olympique\/wp-json\/wp\/v2\/game?post=86386"},{"taxonomy":"team","embeddable":true,"href":"https:\/\/develop.olympic.ca\/olympique\/wp-json\/wp\/v2\/team?post=86386"},{"taxonomy":"event","embeddable":true,"href":"https:\/\/develop.olympic.ca\/olympique\/wp-json\/wp\/v2\/event?post=86386"},{"taxonomy":"province","embeddable":true,"href":"https:\/\/develop.olympic.ca\/olympique\/wp-json\/wp\/v2\/province?post=86386"}],"curies":[{"name":"wp","href":"https:\/\/api.w.org\/{rel}","templated":true}]}}

<p>Sami Jo Small a remporté une médaille d’or olympique en tant que membre de l’équipe canadienne féminine de hockey sur glace en 2002 à Salt Lake City. À ces Jeux, elle a fait partie de l’alignement de départ à une partie, celle de la victoire de 7-0 contre la Russie en ronde préliminaire. Quatre ans auparavant, elle avait été la troisième gardienne de but de l’équipe lorsque le hockey sur glace était entré aux Jeux olympiques d’hiver de 1998 à Nagano. Quatre ans plus tard, elle était aussi la troisième gardienne de but à Turin 2006. Elle n’a fait aucune apparition sur la glace à ces deux éditions des Jeux olympiques d’hiver.</p>
<p>Sami Jo a grandi en jouant dans le système de hockey mineur masculin à Winnipeg. Plus tard, elle a accepté une bourse d’études en athlétisme de l’Université Stanford, mais lorsqu’elle a subi une blessure qui a mis fin à cette carrière, elle est revenue au hockey et a commencé à jouer pour l’équipe masculine de Stanford. Tout en poursuivant ses études en génie mécanique, elle a décroché le titre de joueuse par excellence de la Pac-10.</p>
<p>Sami Jo a aussi été membre de cinq équipes championnes du monde, et elle a été nommée meilleure gardienne de but au Championnat du monde de hockey sur glace féminin de l’IIHF en 1999 et 2000.</p>
<p>Cofondatrice de la Ligue canadienne de hockey féminin, Sami Jo Small évolue actuellement pour les Furies de Toronto.</p>

<p>Sami Jo Small a remporté une médaille d’or olympique en tant que membre de l’équipe canadienne féminine de hockey sur&#8230;</p>

<!-- This site is optimized with the Yoast SEO plugin v27.3 - https://yoast.com/product/yoast-seo-wordpress/ -->
<title>Sami Jo Small - Équipe Canada | Site officiel de l&#039;équipe olympique</title>
<meta name="robots" content="index, follow, max-snippet:-1, max-image-preview:large, max-video-preview:-1" />
<link rel="canonical" href="https://develop.olympic.ca/olympique/team-canada/sami-jo-small/" />
<meta property="og:locale" content="fr_FR" />
<meta property="og:type" content="article" />
<meta property="og:title" content="Sami Jo Small - Équipe Canada | Site officiel de l&#039;équipe olympique" />
<meta property="og:description" content="Sami Jo Small a remporté une médaille d’or olympique en tant que membre de l’équipe canadienne féminine de hockey sur..." />
<meta property="og:url" content="https://develop.olympic.ca/olympique/team-canada/sami-jo-small/" />
<meta property="og:site_name" content="Équipe Canada | Site officiel de l&#039;équipe olympique" />
<meta property="og:image" content="https://develop.olympic.ca/olympique/wp-content/uploads/sites/2/2013/10/6144461.png" />
	<meta property="og:image:width" content="1400" />
	<meta property="og:image:height" content="972" />
	<meta property="og:image:type" content="image/png" />
<meta name="twitter:card" content="summary_large_image" />
<meta name="twitter:label1" content="Est. reading time" />
	<meta name="twitter:data1" content="1 minute" />
	<meta name="twitter:label2" content="Written by" />
	<meta name="twitter:data2" content="Mark Nadolny" />
<script type="application/ld+json" class="yoast-schema-graph">{"@context":"https:\/\/schema.org","@graph":[{"@type":"WebPage","@id":"https:\/\/develop.olympic.ca\/olympique\/team-canada\/sami-jo-small\/","url":"https:\/\/develop.olympic.ca\/olympique\/team-canada\/sami-jo-small\/","name":"Sami Jo Small - Équipe Canada | Site officiel de l&#039;équipe olympique","isPartOf":{"@id":"https:\/\/develop.olympic.ca\/olympique\/#website"},"primaryImageOfPage":{"@id":"https:\/\/develop.olympic.ca\/olympique\/team-canada\/sami-jo-small\/#primaryimage"},"image":{"@id":"https:\/\/develop.olympic.ca\/olympique\/team-canada\/sami-jo-small\/#primaryimage"},"thumbnailUrl":"https:\/\/develop.olympic.ca\/olympique\/wp-content\/uploads\/sites\/2\/2013\/10\/6144461.png","datePublished":"2013-12-04T17:09:58+00:00","inLanguage":"fr-FR","potentialAction":[{"@type":"ReadAction","target":["https:\/\/develop.olympic.ca\/olympique\/team-canada\/sami-jo-small\/"]}]},{"@type":"ImageObject","inLanguage":"fr-FR","@id":"https:\/\/develop.olympic.ca\/olympique\/team-canada\/sami-jo-small\/#primaryimage","url":"https:\/\/develop.olympic.ca\/olympique\/wp-content\/uploads\/sites\/2\/2013\/10\/6144461.png","contentUrl":"https:\/\/develop.olympic.ca\/olympique\/wp-content\/uploads\/sites\/2\/2013\/10\/6144461.png","width":1400,"height":972},{"@type":"WebSite","@id":"https:\/\/develop.olympic.ca\/olympique\/#website","url":"https:\/\/develop.olympic.ca\/olympique\/","name":"Équipe Canada | Site officiel de l&#039;équipe olympique","description":"Votre source pour l’Équipe olympique canadienne. Retrouvez les récits, vidéos et photos des athlètes canadiens, sports olympiques, Jeux olympiques de 2020 et bien plus!","potentialAction":[{"@type":"SearchAction","target":{"@type":"EntryPoint","urlTemplate":"https:\/\/develop.olympic.ca\/olympique\/?s={search_term_string}"},"query-input":{"@type":"PropertyValueSpecification","valueRequired":true,"valueName":"search_term_string"}}],"inLanguage":"fr-FR"}]}</script>
<!-- / Yoast SEO plugin. -->

Sami Jo Small - Équipe Canada | Site officiel de l&#039;équipe olympique

Sami Jo Small a remporté une médaille d’or olympique en tant que membre de l’équipe canadienne féminine de hockey sur...

Équipe Canada | Site officiel de l&#039;équipe olympique

Votre source pour l’Équipe olympique canadienne. Retrouvez les récits, vidéos et photos des athlètes canadiens, sports olympiques, Jeux olympiques de 2020 et bien plus!
