{"id":9356,"date":"2011-09-18T21:45:04","date_gmt":"2011-09-19T01:45:04","guid":{"rendered":"http:\/\/develop.olympic.ca\/team-canada\/dominic-seiterle-2\/"},"modified":"2019-02-13T15:49:53","modified_gmt":"2019-02-13T20:49:53","slug":"dominic-seiterle","status":"publish","type":"athletes","link":"https:\/\/develop.olympic.ca\/olympique\/team-canada\/dominic-seiterle\/","title":{"rendered":"Dominic Seiterle"},"content":{"rendered":"<h2>Faits saillants en carri\u00e8re<\/h2>\n<ul>\n<li>Membre de l&rsquo;\u00e9quipage du huit masculin favori pour gagner la m\u00e9daille d&rsquo;or aux Jeux olympiques de 2008 et qui a r\u00e9pondu aux attentes en remportant la course finale du huit masculin \u00e0 Beijing<\/li>\n<li>Est revenu \u00e0 l&rsquo;aviron en 2007 apr\u00e8s un arr\u00eat de sept ans \u00e0 la suite de sa participation aux Jeux olympiques 2000 \u00e0 Sydney dans lesquels son \u00e9quipage du deux (avec Todd Hallett) avait termin\u00e9 13e<\/li>\n<li>Le fait saillant de sa carri\u00e8re a \u00e9t\u00e9 de gagner les Championnats du monde 2007<\/li>\n<li>A gagn\u00e9 la Coupe du monde d&rsquo;aviron 2007<\/li>\n<li>A termin\u00e9 en 4e position au huit masculin aux Jeux panam\u00e9ricains de 1999<\/li>\n<\/ul>\n<h2>Le huit masculin de Beijing 2008<\/h2>\n<p>En pleine possession de ses moyens et fort de sa domination internationale, le huit masculin canadien qui a particip\u00e9 aux Jeux olympiques de 2008 \u00e0 Beijing ne pouvait que remporter l\u2019or.<\/p>\n<p>Sous la direction de l\u2019entra\u00eeneur Mike Spracklen, l\u2019\u00e9quipage compos\u00e9 de Kevin Light (Sidney, C.-B.), Ben Rutledge (Cranbrook, C.-B.), Andrew Byrnes (Toronto, Ont.), Jake Wetzel (Saskatoon, Sask.), Malcolm Howard (Victoria, C.-B.), Dominic Seiterle (Victoria, C.-B.), Adam Kreek (London, Ont.), Kyle Hamilton (Richmond, C.-B.) et du barreur Brian Price (Belleville, Ont.) avait prouv\u00e9 \u00e0 maintes reprises qu\u2019il \u00e9tait le meilleur, notamment en remportant le titre du Championnat du monde de 2007 ainsi que deux \u00e9ditions cons\u00e9cutives de la prestigieuse Coupe du monde de Lucerne en 2007 et 2008.<\/p>\n<p>\u00c0 Beijing, Steven Redgrave, commentateur du r\u00e9seau BBC et six fois m\u00e9daill\u00e9 olympique, a jug\u00e9 que l\u2019\u00e9quipe \u00ab\u00a0p\u00eachait par exc\u00e8s d\u2019assurance\u00a0\u00bb, une assurance somme toute justifi\u00e9e, puisque le huit a remport\u00e9 sa vague par plus de sept secondes.<\/p>\n<p>\u00c0 la finale, les Canadiens ont pris un d\u00e9part rapide, et \u00e0 la marque de 500\u00a0m, ils avaient une avance d\u2019environ un quart de longueur de bateau. Ils ont continu\u00e9 \u00e0 se distancer de leurs concurrents, et \u00e0 mi\u2011parcours, cette avance \u00e9tait d\u2019environ une longueur de bateau. Apr\u00e8s cela, il ne leur a suffi que de contrer la charge men\u00e9e par la Grande-Bretagne et les \u00c9tats-Unis vers la fin de la course pour enlever la m\u00e9daille d\u2019or.<\/p>\n<p>C\u2019est une victoire qui a inspir\u00e9 les Canadiens, particuli\u00e8rement l\u2019image des membres de l\u2019\u00e9quipage entonnant l\u2019\u00ab\u00a0\u00d4 Canada\u00a0\u00bb \u00e0 tue-t\u00eate sur le quai. Cela a pouss\u00e9 le triathlonien Simon Whitfield \u00e0 coller les mots \u00ab\u00a0Chanter comme Kreek\u00a0\u00bb sur les guidons de son v\u00e9lo durant sa course vers la m\u00e9daille d\u2019argent \u00e0 Beijing.<\/p>\n","protected":false},"excerpt":{"rendered":"<p>Faits saillants en carri\u00e8re Membre de l&rsquo;\u00e9quipage du huit masculin favori pour gagner la m\u00e9daille d&rsquo;or aux Jeux olympiques de&#8230;<\/p>\n","protected":false},"featured_media":93998,"template":"","tags":[415966755,11631,9114162,3074194],"hof-categories":[],"year-inducted":[],"gender":[42123],"season":[415983968],"sport":[392824],"game":[2184746,8561457],"team":[415983563,415983561],"event":[181822689],"province":[],"class_list":["post-9356","athletes","type-athletes","status-publish","has-post-thumbnail","hentry","tag-aviron","tag-beijing-2008","tag-medaille-dor","tag-sydney-2000","gender-masculin","season-ete","sport-aviron","game-2008-beijing","game-2000-sydney","team-beijing-2008-aviron","team-sydney-2000-aviron","event-huit-en-pointe-avec-barreur-hommes"],"acf":[],"featured_image_url":"https:\/\/develop.olympic.ca\/olympique\/wp-content\/uploads\/sites\/2\/2011\/09\/mens_eight_2008_e_1340px.jpg?quality=100","category_names":[],"tag_names":["aviron","beijing 2008","M\u00e9daille d'Or","Sydney 2000"],"sport_names":[515],"game_names":["Beijing 2008","Sydney 2000"],"season_names":["\u00c9t\u00e9"],"team_names":["Beijing 2008 Aviron","Sydney 2000 Aviron"],"province_names":[],"social_facebook":"","social_twitter":"","social_linkedin":"","social_gplus":"","social_instagram":"","social_website":"","total_medal_count_gold":"1","total_medal_count_silver":"","total_medal_count_bronze":"","athlete_headshot":"","athlete_height":"","athlete_weight":"","athlete_hometown":"Victoria, C.-B.","athlete_birthplace":"Montr\u00e9al, Qu\u00e9bec","coc_gracenote_id":"","athlete_dob":"September 4, 1975","athlete_age":"","jetpack_sharing_enabled":true,"_links":{"self":[{"href":"https:\/\/develop.olympic.ca\/olympique\/wp-json\/wp\/v2\/athletes\/9356","targetHints":{"allow":["GET"]}}],"collection":[{"href":"https:\/\/develop.olympic.ca\/olympique\/wp-json\/wp\/v2\/athletes"}],"about":[{"href":"https:\/\/develop.olympic.ca\/olympique\/wp-json\/wp\/v2\/types\/athletes"}],"version-history":[{"count":0,"href":"https:\/\/develop.olympic.ca\/olympique\/wp-json\/wp\/v2\/athletes\/9356\/revisions"}],"wp:featuredmedia":[{"embeddable":true,"href":"https:\/\/develop.olympic.ca\/olympique\/wp-json\/wp\/v2\/media\/93998"}],"wp:attachment":[{"href":"https:\/\/develop.olympic.ca\/olympique\/wp-json\/wp\/v2\/media?parent=9356"}],"wp:term":[{"taxonomy":"post_tag","embeddable":true,"href":"https:\/\/develop.olympic.ca\/olympique\/wp-json\/wp\/v2\/tags?post=9356"},{"taxonomy":"hof-categories","embeddable":true,"href":"https:\/\/develop.olympic.ca\/olympique\/wp-json\/wp\/v2\/hof-categories?post=9356"},{"taxonomy":"year-inducted","embeddable":true,"href":"https:\/\/develop.olympic.ca\/olympique\/wp-json\/wp\/v2\/year-inducted?post=9356"},{"taxonomy":"gender","embeddable":true,"href":"https:\/\/develop.olympic.ca\/olympique\/wp-json\/wp\/v2\/gender?post=9356"},{"taxonomy":"season","embeddable":true,"href":"https:\/\/develop.olympic.ca\/olympique\/wp-json\/wp\/v2\/season?post=9356"},{"taxonomy":"sport","embeddable":true,"href":"https:\/\/develop.olympic.ca\/olympique\/wp-json\/wp\/v2\/sport?post=9356"},{"taxonomy":"game","embeddable":true,"href":"https:\/\/develop.olympic.ca\/olympique\/wp-json\/wp\/v2\/game?post=9356"},{"taxonomy":"team","embeddable":true,"href":"https:\/\/develop.olympic.ca\/olympique\/wp-json\/wp\/v2\/team?post=9356"},{"taxonomy":"event","embeddable":true,"href":"https:\/\/develop.olympic.ca\/olympique\/wp-json\/wp\/v2\/event?post=9356"},{"taxonomy":"province","embeddable":true,"href":"https:\/\/develop.olympic.ca\/olympique\/wp-json\/wp\/v2\/province?post=9356"}],"curies":[{"name":"wp","href":"https:\/\/api.w.org\/{rel}","templated":true}]}}

<h2>Faits saillants en carrière</h2>
<ul>
<li>Membre de l&rsquo;équipage du huit masculin favori pour gagner la médaille d&rsquo;or aux Jeux olympiques de 2008 et qui a répondu aux attentes en remportant la course finale du huit masculin à Beijing</li>
<li>Est revenu à l&rsquo;aviron en 2007 après un arrêt de sept ans à la suite de sa participation aux Jeux olympiques 2000 à Sydney dans lesquels son équipage du deux (avec Todd Hallett) avait terminé 13e</li>
<li>Le fait saillant de sa carrière a été de gagner les Championnats du monde 2007</li>
<li>A gagné la Coupe du monde d&rsquo;aviron 2007</li>
<li>A terminé en 4e position au huit masculin aux Jeux panaméricains de 1999</li>
</ul>
<h2>Le huit masculin de Beijing 2008</h2>
<p>En pleine possession de ses moyens et fort de sa domination internationale, le huit masculin canadien qui a participé aux Jeux olympiques de 2008 à Beijing ne pouvait que remporter l’or.</p>
<p>Sous la direction de l’entraîneur Mike Spracklen, l’équipage composé de Kevin Light (Sidney, C.-B.), Ben Rutledge (Cranbrook, C.-B.), Andrew Byrnes (Toronto, Ont.), Jake Wetzel (Saskatoon, Sask.), Malcolm Howard (Victoria, C.-B.), Dominic Seiterle (Victoria, C.-B.), Adam Kreek (London, Ont.), Kyle Hamilton (Richmond, C.-B.) et du barreur Brian Price (Belleville, Ont.) avait prouvé à maintes reprises qu’il était le meilleur, notamment en remportant le titre du Championnat du monde de 2007 ainsi que deux éditions consécutives de la prestigieuse Coupe du monde de Lucerne en 2007 et 2008.</p>
<p>À Beijing, Steven Redgrave, commentateur du réseau BBC et six fois médaillé olympique, a jugé que l’équipe « pêchait par excès d’assurance », une assurance somme toute justifiée, puisque le huit a remporté sa vague par plus de sept secondes.</p>
<p>À la finale, les Canadiens ont pris un départ rapide, et à la marque de 500 m, ils avaient une avance d’environ un quart de longueur de bateau. Ils ont continué à se distancer de leurs concurrents, et à mi‑parcours, cette avance était d’environ une longueur de bateau. Après cela, il ne leur a suffi que de contrer la charge menée par la Grande-Bretagne et les États-Unis vers la fin de la course pour enlever la médaille d’or.</p>
<p>C’est une victoire qui a inspiré les Canadiens, particulièrement l’image des membres de l’équipage entonnant l’« Ô Canada » à tue-tête sur le quai. Cela a poussé le triathlonien Simon Whitfield à coller les mots « Chanter comme Kreek » sur les guidons de son vélo durant sa course vers la médaille d’argent à Beijing.</p>

<p>Faits saillants en carrière Membre de l&rsquo;équipage du huit masculin favori pour gagner la médaille d&rsquo;or aux Jeux olympiques de&#8230;</p>

Médaille d'Or

Été

Montréal, Québec
