{"id":119164,"date":"2016-07-25T14:04:31","date_gmt":"2016-07-25T18:04:31","guid":{"rendered":"http:\/\/develop.olympic.ca\/wp-content\/uploads\/sites\/2\/2016\/07\/capture-d_c3a9cran-2016-07-25-c3a0-12-29-32.png"},"modified":"2016-07-25T23:17:07","modified_gmt":"2016-07-26T03:17:07","slug":"capture-decran-2016-07-25-a-12-29-32","status":"inherit","type":"attachment","link":"https:\/\/develop.olympic.ca\/olympique\/photos\/rio-2016-annonce-de-lequipe-de-volleyball\/capture-decran-2016-07-25-a-12-29-32\/#main","title":{"rendered":"Capture d\u2019\u00e9cran 2016-07-25 \u00e0 12.29.32"},"author":105677670,"featured_media":0,"comment_status":"open","ping_status":"closed","template":"","meta":{"_acf_changed":false},"class_list":["post-119164","attachment","type-attachment","status-inherit","hentry"],"acf":[],"jetpack_sharing_enabled":true,"jetpack_shortlink":"https:\/\/wp.me\/abmyEP-v00","description":{"rendered":"<p class=\"attachment\"><a href='https:\/\/develop.olympic.ca\/olympique\/wp-content\/uploads\/sites\/2\/2016\/07\/capture-d_c3a9cran-2016-07-25-c3a0-12-29-32.png'><img loading=\"lazy\" decoding=\"async\" width=\"568\" height=\"371\" src=\"https:\/\/develop.olympic.ca\/olympique\/wp-content\/uploads\/sites\/2\/2016\/07\/capture-d_c3a9cran-2016-07-25-c3a0-12-29-32.png?w=568\" class=\"attachment-medium size-medium\" alt=\"\" srcset=\"https:\/\/develop.olympic.ca\/olympique\/wp-content\/uploads\/sites\/2\/2016\/07\/capture-d_c3a9cran-2016-07-25-c3a0-12-29-32.png 1936w, https:\/\/develop.olympic.ca\/olympique\/wp-content\/uploads\/sites\/2\/2016\/07\/capture-d_c3a9cran-2016-07-25-c3a0-12-29-32.png?resize=242,158 242w, https:\/\/develop.olympic.ca\/olympique\/wp-content\/uploads\/sites\/2\/2016\/07\/capture-d_c3a9cran-2016-07-25-c3a0-12-29-32.png?resize=568,371 568w, https:\/\/develop.olympic.ca\/olympique\/wp-content\/uploads\/sites\/2\/2016\/07\/capture-d_c3a9cran-2016-07-25-c3a0-12-29-32.png?resize=768,501 768w, https:\/\/develop.olympic.ca\/olympique\/wp-content\/uploads\/sites\/2\/2016\/07\/capture-d_c3a9cran-2016-07-25-c3a0-12-29-32.png?resize=1155,754 1155w, https:\/\/develop.olympic.ca\/olympique\/wp-content\/uploads\/sites\/2\/2016\/07\/capture-d_c3a9cran-2016-07-25-c3a0-12-29-32.png?resize=1536,1003 1536w\" sizes=\"(max-width: 568px) 100vw, 568px\" \/><\/a><\/p>\n"},"caption":{"rendered":"<p>Justin Duff re\u00e7oit sa veste d&rsquo;\u00e9quipe le 22 juillet 2016, \u00e0 Gatineau. (Thomas Skrlj\/COC)<\/p>\n"},"alt_text":"","media_type":"image","mime_type":"image\/png","media_details":{"width":1936,"height":1264,"file":"2016\/07\/capture-d_c3a9cran-2016-07-25-c3a0-12-29-32.png","sizes":{"thumbnail":{"file":"capture-d_c3a9cran-2016-07-25-c3a0-12-29-32.png?resize=242,158","width":242,"height":158,"filesize":0,"mime_type":"image\/png","source_url":"https:\/\/develop.olympic.ca\/olympique\/wp-content\/uploads\/sites\/2\/2016\/07\/capture-d_c3a9cran-2016-07-25-c3a0-12-29-32.png?w=242"},"medium":{"file":"capture-d_c3a9cran-2016-07-25-c3a0-12-29-32.png?resize=568,371","width":568,"height":371,"filesize":0,"mime_type":"image\/png","source_url":"https:\/\/develop.olympic.ca\/olympique\/wp-content\/uploads\/sites\/2\/2016\/07\/capture-d_c3a9cran-2016-07-25-c3a0-12-29-32.png?w=568"},"medium_large":{"file":"capture-d_c3a9cran-2016-07-25-c3a0-12-29-32.png?resize=768,501","width":768,"height":501,"filesize":0,"mime_type":"image\/png","source_url":"https:\/\/develop.olympic.ca\/olympique\/wp-content\/uploads\/sites\/2\/2016\/07\/capture-d_c3a9cran-2016-07-25-c3a0-12-29-32.png?w=768"},"large":{"file":"capture-d_c3a9cran-2016-07-25-c3a0-12-29-32.png?resize=1155,754","width":1155,"height":754,"filesize":0,"mime_type":"image\/png","source_url":"https:\/\/develop.olympic.ca\/olympique\/wp-content\/uploads\/sites\/2\/2016\/07\/capture-d_c3a9cran-2016-07-25-c3a0-12-29-32.png?w=1155"},"1536x1536":{"file":"capture-d_c3a9cran-2016-07-25-c3a0-12-29-32.png?resize=1536,1003","width":1536,"height":1003,"filesize":0,"mime_type":"image\/png","source_url":"https:\/\/develop.olympic.ca\/olympique\/wp-content\/uploads\/sites\/2\/2016\/07\/capture-d_c3a9cran-2016-07-25-c3a0-12-29-32.png?w=1536"},"full":{"file":"capture-d_c3a9cran-2016-07-25-c3a0-12-29-32.png","width":1936,"height":1264,"mime_type":"image\/png","source_url":"https:\/\/develop.olympic.ca\/olympique\/wp-content\/uploads\/sites\/2\/2016\/07\/capture-d_c3a9cran-2016-07-25-c3a0-12-29-32.png"}},"image_meta":{"aperture":"0","credit":"","camera":"","caption":"","created_timestamp":"0","copyright":"","focal_length":"0","iso":"0","shutter_speed":"0","title":"","orientation":"0","keywords":[]}},"post":119154,"source_url":"https:\/\/develop.olympic.ca\/olympique\/wp-content\/uploads\/sites\/2\/2016\/07\/capture-d_c3a9cran-2016-07-25-c3a0-12-29-32.png","filename":"capture-d_c3a9cran-2016-07-25-c3a0-12-29-32.png","filesize":2382972,"_links":{"self":[{"href":"https:\/\/develop.olympic.ca\/olympique\/wp-json\/wp\/v2\/media\/119164","targetHints":{"allow":["GET"]}}],"collection":[{"href":"https:\/\/develop.olympic.ca\/olympique\/wp-json\/wp\/v2\/media"}],"about":[{"href":"https:\/\/develop.olympic.ca\/olympique\/wp-json\/wp\/v2\/types\/attachment"}],"author":[{"embeddable":true,"href":"https:\/\/develop.olympic.ca\/olympique\/wp-json\/wp\/v2\/users\/105677670"}],"replies":[{"embeddable":true,"href":"https:\/\/develop.olympic.ca\/olympique\/wp-json\/wp\/v2\/comments?post=119164"}],"wp:attached-to":[{"embeddable":true,"post_type":"photos","id":119154,"href":"https:\/\/develop.olympic.ca\/olympique\/wp-json\/wp\/v2\/photos\/119154"}],"curies":[{"name":"wp","href":"https:\/\/api.w.org\/{rel}","templated":true}]}}

Capture d’écran 2016-07-25 à 12.29.32

<p>Justin Duff reçoit sa veste d&rsquo;équipe le 22 juillet 2016, à Gatineau. (Thomas Skrlj/COC)</p>
