{"id":119168,"date":"2016-07-25T14:12:35","date_gmt":"2016-07-25T18:12:35","guid":{"rendered":"http:\/\/develop.olympic.ca\/wp-content\/uploads\/sites\/2\/2016\/07\/capture-d_c3a9cran-2016-07-25-c3a0-13-46-00.png"},"modified":"2016-07-25T15:23:15","modified_gmt":"2016-07-25T19:23:15","slug":"capture-decran-2016-07-25-a-13-46-00","status":"inherit","type":"attachment","link":"https:\/\/develop.olympic.ca\/olympique\/photos\/rio-2016-annonce-de-lequipe-de-volleyball\/capture-decran-2016-07-25-a-13-46-00\/#main","title":{"rendered":"Capture d\u2019\u00e9cran 2016-07-25 \u00e0 13.46.00"},"author":105677670,"featured_media":0,"comment_status":"open","ping_status":"closed","template":"","meta":{"_acf_changed":false},"class_list":["post-119168","attachment","type-attachment","status-inherit","hentry"],"acf":[],"jetpack_sharing_enabled":true,"jetpack_shortlink":"https:\/\/wp.me\/abmyEP-v04","description":{"rendered":"<p class=\"attachment\"><a href='https:\/\/develop.olympic.ca\/olympique\/wp-content\/uploads\/sites\/2\/2016\/07\/capture-d_c3a9cran-2016-07-25-c3a0-13-46-00.png'><img loading=\"lazy\" decoding=\"async\" width=\"558\" height=\"371\" src=\"https:\/\/develop.olympic.ca\/olympique\/wp-content\/uploads\/sites\/2\/2016\/07\/capture-d_c3a9cran-2016-07-25-c3a0-13-46-00.png?w=558\" class=\"attachment-medium size-medium\" alt=\"\" srcset=\"https:\/\/develop.olympic.ca\/olympique\/wp-content\/uploads\/sites\/2\/2016\/07\/capture-d_c3a9cran-2016-07-25-c3a0-13-46-00.png 1944w, https:\/\/develop.olympic.ca\/olympique\/wp-content\/uploads\/sites\/2\/2016\/07\/capture-d_c3a9cran-2016-07-25-c3a0-13-46-00.png?resize=238,158 238w, https:\/\/develop.olympic.ca\/olympique\/wp-content\/uploads\/sites\/2\/2016\/07\/capture-d_c3a9cran-2016-07-25-c3a0-13-46-00.png?resize=558,371 558w, https:\/\/develop.olympic.ca\/olympique\/wp-content\/uploads\/sites\/2\/2016\/07\/capture-d_c3a9cran-2016-07-25-c3a0-13-46-00.png?resize=768,510 768w, https:\/\/develop.olympic.ca\/olympique\/wp-content\/uploads\/sites\/2\/2016\/07\/capture-d_c3a9cran-2016-07-25-c3a0-13-46-00.png?resize=1135,754 1135w, https:\/\/develop.olympic.ca\/olympique\/wp-content\/uploads\/sites\/2\/2016\/07\/capture-d_c3a9cran-2016-07-25-c3a0-13-46-00.png?resize=1536,1021 1536w\" sizes=\"(max-width: 558px) 100vw, 558px\" \/><\/a><\/p>\n"},"caption":{"rendered":"<p>Voici l&rsquo;\u00e9quipe de volleyball qui repr\u00e9sentera le Canada \u00e0 Rio cet \u00e9t\u00e9.le 22 juillet 2016, \u00e0 Gatineau. (Thomas Skrlj\/COC)<\/p>\n"},"alt_text":"","media_type":"image","mime_type":"image\/png","media_details":{"width":1944,"height":1292,"file":"2016\/07\/capture-d_c3a9cran-2016-07-25-c3a0-13-46-00.png","sizes":{"thumbnail":{"file":"capture-d_c3a9cran-2016-07-25-c3a0-13-46-00.png?resize=238,158","width":238,"height":158,"filesize":0,"mime_type":"image\/png","source_url":"https:\/\/develop.olympic.ca\/olympique\/wp-content\/uploads\/sites\/2\/2016\/07\/capture-d_c3a9cran-2016-07-25-c3a0-13-46-00.png?w=238"},"medium":{"file":"capture-d_c3a9cran-2016-07-25-c3a0-13-46-00.png?resize=558,371","width":558,"height":371,"filesize":0,"mime_type":"image\/png","source_url":"https:\/\/develop.olympic.ca\/olympique\/wp-content\/uploads\/sites\/2\/2016\/07\/capture-d_c3a9cran-2016-07-25-c3a0-13-46-00.png?w=558"},"medium_large":{"file":"capture-d_c3a9cran-2016-07-25-c3a0-13-46-00.png?resize=768,510","width":768,"height":510,"filesize":0,"mime_type":"image\/png","source_url":"https:\/\/develop.olympic.ca\/olympique\/wp-content\/uploads\/sites\/2\/2016\/07\/capture-d_c3a9cran-2016-07-25-c3a0-13-46-00.png?w=768"},"large":{"file":"capture-d_c3a9cran-2016-07-25-c3a0-13-46-00.png?resize=1135,754","width":1135,"height":754,"filesize":0,"mime_type":"image\/png","source_url":"https:\/\/develop.olympic.ca\/olympique\/wp-content\/uploads\/sites\/2\/2016\/07\/capture-d_c3a9cran-2016-07-25-c3a0-13-46-00.png?w=1135"},"1536x1536":{"file":"capture-d_c3a9cran-2016-07-25-c3a0-13-46-00.png?resize=1536,1021","width":1536,"height":1021,"filesize":0,"mime_type":"image\/png","source_url":"https:\/\/develop.olympic.ca\/olympique\/wp-content\/uploads\/sites\/2\/2016\/07\/capture-d_c3a9cran-2016-07-25-c3a0-13-46-00.png?w=1536"},"full":{"file":"capture-d_c3a9cran-2016-07-25-c3a0-13-46-00.png","width":1944,"height":1292,"mime_type":"image\/png","source_url":"https:\/\/develop.olympic.ca\/olympique\/wp-content\/uploads\/sites\/2\/2016\/07\/capture-d_c3a9cran-2016-07-25-c3a0-13-46-00.png"}},"image_meta":{"aperture":"0","credit":"","camera":"","caption":"","created_timestamp":"0","copyright":"","focal_length":"0","iso":"0","shutter_speed":"0","title":"","orientation":"0","keywords":[]}},"post":119154,"source_url":"https:\/\/develop.olympic.ca\/olympique\/wp-content\/uploads\/sites\/2\/2016\/07\/capture-d_c3a9cran-2016-07-25-c3a0-13-46-00.png","filename":"capture-d_c3a9cran-2016-07-25-c3a0-13-46-00.png","filesize":2103163,"_links":{"self":[{"href":"https:\/\/develop.olympic.ca\/olympique\/wp-json\/wp\/v2\/media\/119168","targetHints":{"allow":["GET"]}}],"collection":[{"href":"https:\/\/develop.olympic.ca\/olympique\/wp-json\/wp\/v2\/media"}],"about":[{"href":"https:\/\/develop.olympic.ca\/olympique\/wp-json\/wp\/v2\/types\/attachment"}],"author":[{"embeddable":true,"href":"https:\/\/develop.olympic.ca\/olympique\/wp-json\/wp\/v2\/users\/105677670"}],"replies":[{"embeddable":true,"href":"https:\/\/develop.olympic.ca\/olympique\/wp-json\/wp\/v2\/comments?post=119168"}],"wp:attached-to":[{"embeddable":true,"post_type":"photos","id":119154,"href":"https:\/\/develop.olympic.ca\/olympique\/wp-json\/wp\/v2\/photos\/119154"}],"curies":[{"name":"wp","href":"https:\/\/api.w.org\/{rel}","templated":true}]}}

Capture d’écran 2016-07-25 à 13.46.00

<p>Voici l&rsquo;équipe de volleyball qui représentera le Canada à Rio cet été.le 22 juillet 2016, à Gatineau. (Thomas Skrlj/COC)</p>
