{"id":119181,"date":"2016-07-25T14:18:35","date_gmt":"2016-07-25T18:18:35","guid":{"rendered":"http:\/\/develop.olympic.ca\/wp-content\/uploads\/sites\/2\/2016\/07\/capture-d_c3a9cran-2016-07-25-c3a0-12-29-14.png"},"modified":"2016-07-25T23:20:45","modified_gmt":"2016-07-26T03:20:45","slug":"capture-decran-2016-07-25-a-12-29-14","status":"inherit","type":"attachment","link":"https:\/\/develop.olympic.ca\/olympique\/photos\/rio-2016-annonce-de-lequipe-de-volleyball\/capture-decran-2016-07-25-a-12-29-14\/#main","title":{"rendered":"Capture d\u2019\u00e9cran 2016-07-25 \u00e0 12.29.14"},"author":105677670,"featured_media":0,"comment_status":"open","ping_status":"closed","template":"","meta":{"_acf_changed":false},"class_list":["post-119181","attachment","type-attachment","status-inherit","hentry"],"acf":[],"jetpack_sharing_enabled":true,"jetpack_shortlink":"https:\/\/wp.me\/abmyEP-v0h","description":{"rendered":"<p class=\"attachment\"><a href='https:\/\/develop.olympic.ca\/olympique\/wp-content\/uploads\/sites\/2\/2016\/07\/capture-d_c3a9cran-2016-07-25-c3a0-12-29-14.png'><img loading=\"lazy\" decoding=\"async\" width=\"570\" height=\"371\" src=\"https:\/\/develop.olympic.ca\/olympique\/wp-content\/uploads\/sites\/2\/2016\/07\/capture-d_c3a9cran-2016-07-25-c3a0-12-29-14.png?w=570\" class=\"attachment-medium size-medium\" alt=\"\" srcset=\"https:\/\/develop.olympic.ca\/olympique\/wp-content\/uploads\/sites\/2\/2016\/07\/capture-d_c3a9cran-2016-07-25-c3a0-12-29-14.png 1944w, https:\/\/develop.olympic.ca\/olympique\/wp-content\/uploads\/sites\/2\/2016\/07\/capture-d_c3a9cran-2016-07-25-c3a0-12-29-14.png?resize=243,158 243w, https:\/\/develop.olympic.ca\/olympique\/wp-content\/uploads\/sites\/2\/2016\/07\/capture-d_c3a9cran-2016-07-25-c3a0-12-29-14.png?resize=570,371 570w, https:\/\/develop.olympic.ca\/olympique\/wp-content\/uploads\/sites\/2\/2016\/07\/capture-d_c3a9cran-2016-07-25-c3a0-12-29-14.png?resize=768,500 768w, https:\/\/develop.olympic.ca\/olympique\/wp-content\/uploads\/sites\/2\/2016\/07\/capture-d_c3a9cran-2016-07-25-c3a0-12-29-14.png?resize=1158,754 1158w, https:\/\/develop.olympic.ca\/olympique\/wp-content\/uploads\/sites\/2\/2016\/07\/capture-d_c3a9cran-2016-07-25-c3a0-12-29-14.png?resize=1536,1000 1536w\" sizes=\"(max-width: 570px) 100vw, 570px\" \/><\/a><\/p>\n"},"caption":{"rendered":"<p>Blair Bann re\u00e7oit sa veste d&rsquo;\u00e9quipe le 22 juillet 2016, \u00e0 Gatineau. (Thomas Skrlj\/COC)<\/p>\n"},"alt_text":"","media_type":"image","mime_type":"image\/png","media_details":{"width":1944,"height":1266,"file":"2016\/07\/capture-d_c3a9cran-2016-07-25-c3a0-12-29-14.png","sizes":{"thumbnail":{"file":"capture-d_c3a9cran-2016-07-25-c3a0-12-29-14.png?resize=243,158","width":243,"height":158,"filesize":0,"mime_type":"image\/png","source_url":"https:\/\/develop.olympic.ca\/olympique\/wp-content\/uploads\/sites\/2\/2016\/07\/capture-d_c3a9cran-2016-07-25-c3a0-12-29-14.png?w=243"},"medium":{"file":"capture-d_c3a9cran-2016-07-25-c3a0-12-29-14.png?resize=570,371","width":570,"height":371,"filesize":0,"mime_type":"image\/png","source_url":"https:\/\/develop.olympic.ca\/olympique\/wp-content\/uploads\/sites\/2\/2016\/07\/capture-d_c3a9cran-2016-07-25-c3a0-12-29-14.png?w=570"},"medium_large":{"file":"capture-d_c3a9cran-2016-07-25-c3a0-12-29-14.png?resize=768,500","width":768,"height":500,"filesize":0,"mime_type":"image\/png","source_url":"https:\/\/develop.olympic.ca\/olympique\/wp-content\/uploads\/sites\/2\/2016\/07\/capture-d_c3a9cran-2016-07-25-c3a0-12-29-14.png?w=768"},"large":{"file":"capture-d_c3a9cran-2016-07-25-c3a0-12-29-14.png?resize=1158,754","width":1158,"height":754,"filesize":0,"mime_type":"image\/png","source_url":"https:\/\/develop.olympic.ca\/olympique\/wp-content\/uploads\/sites\/2\/2016\/07\/capture-d_c3a9cran-2016-07-25-c3a0-12-29-14.png?w=1158"},"1536x1536":{"file":"capture-d_c3a9cran-2016-07-25-c3a0-12-29-14.png?resize=1536,1000","width":1536,"height":1000,"filesize":0,"mime_type":"image\/png","source_url":"https:\/\/develop.olympic.ca\/olympique\/wp-content\/uploads\/sites\/2\/2016\/07\/capture-d_c3a9cran-2016-07-25-c3a0-12-29-14.png?w=1536"},"full":{"file":"capture-d_c3a9cran-2016-07-25-c3a0-12-29-14.png","width":1944,"height":1266,"mime_type":"image\/png","source_url":"https:\/\/develop.olympic.ca\/olympique\/wp-content\/uploads\/sites\/2\/2016\/07\/capture-d_c3a9cran-2016-07-25-c3a0-12-29-14.png"}},"image_meta":{"aperture":"0","credit":"","camera":"","caption":"","created_timestamp":"0","copyright":"","focal_length":"0","iso":"0","shutter_speed":"0","title":"","orientation":"0","keywords":[]}},"post":119154,"source_url":"https:\/\/develop.olympic.ca\/olympique\/wp-content\/uploads\/sites\/2\/2016\/07\/capture-d_c3a9cran-2016-07-25-c3a0-12-29-14.png","filename":"capture-d_c3a9cran-2016-07-25-c3a0-12-29-14.png","filesize":2285471,"_links":{"self":[{"href":"https:\/\/develop.olympic.ca\/olympique\/wp-json\/wp\/v2\/media\/119181","targetHints":{"allow":["GET"]}}],"collection":[{"href":"https:\/\/develop.olympic.ca\/olympique\/wp-json\/wp\/v2\/media"}],"about":[{"href":"https:\/\/develop.olympic.ca\/olympique\/wp-json\/wp\/v2\/types\/attachment"}],"author":[{"embeddable":true,"href":"https:\/\/develop.olympic.ca\/olympique\/wp-json\/wp\/v2\/users\/105677670"}],"replies":[{"embeddable":true,"href":"https:\/\/develop.olympic.ca\/olympique\/wp-json\/wp\/v2\/comments?post=119181"}],"wp:attached-to":[{"embeddable":true,"post_type":"photos","id":119154,"href":"https:\/\/develop.olympic.ca\/olympique\/wp-json\/wp\/v2\/photos\/119154"}],"curies":[{"name":"wp","href":"https:\/\/api.w.org\/{rel}","templated":true}]}}

Capture d’écran 2016-07-25 à 12.29.14

<p>Blair Bann reçoit sa veste d&rsquo;équipe le 22 juillet 2016, à Gatineau. (Thomas Skrlj/COC)</p>
