{"id":119183,"date":"2016-07-25T14:19:25","date_gmt":"2016-07-25T18:19:25","guid":{"rendered":"http:\/\/develop.olympic.ca\/wp-content\/uploads\/sites\/2\/2016\/07\/capture-d_c3a9cran-2016-07-25-c3a0-13-46-35.png"},"modified":"2016-07-25T15:30:17","modified_gmt":"2016-07-25T19:30:17","slug":"capture-decran-2016-07-25-a-13-46-35","status":"inherit","type":"attachment","link":"https:\/\/develop.olympic.ca\/olympique\/photos\/rio-2016-annonce-de-lequipe-de-volleyball\/capture-decran-2016-07-25-a-13-46-35\/#main","title":{"rendered":"Capture d\u2019\u00e9cran 2016-07-25 \u00e0 13.46.35"},"author":105677670,"featured_media":0,"comment_status":"open","ping_status":"closed","template":"","meta":{"_acf_changed":false},"class_list":["post-119183","attachment","type-attachment","status-inherit","hentry"],"acf":[],"jetpack_sharing_enabled":true,"jetpack_shortlink":"https:\/\/wp.me\/abmyEP-v0j","description":{"rendered":"<p class=\"attachment\"><a href='https:\/\/develop.olympic.ca\/olympique\/wp-content\/uploads\/sites\/2\/2016\/07\/capture-d_c3a9cran-2016-07-25-c3a0-13-46-35.png'><img loading=\"lazy\" decoding=\"async\" width=\"554\" height=\"371\" src=\"https:\/\/develop.olympic.ca\/olympique\/wp-content\/uploads\/sites\/2\/2016\/07\/capture-d_c3a9cran-2016-07-25-c3a0-13-46-35.png?w=554\" class=\"attachment-medium size-medium\" alt=\"\" srcset=\"https:\/\/develop.olympic.ca\/olympique\/wp-content\/uploads\/sites\/2\/2016\/07\/capture-d_c3a9cran-2016-07-25-c3a0-13-46-35.png 1952w, https:\/\/develop.olympic.ca\/olympique\/wp-content\/uploads\/sites\/2\/2016\/07\/capture-d_c3a9cran-2016-07-25-c3a0-13-46-35.png?resize=236,158 236w, https:\/\/develop.olympic.ca\/olympique\/wp-content\/uploads\/sites\/2\/2016\/07\/capture-d_c3a9cran-2016-07-25-c3a0-13-46-35.png?resize=554,371 554w, https:\/\/develop.olympic.ca\/olympique\/wp-content\/uploads\/sites\/2\/2016\/07\/capture-d_c3a9cran-2016-07-25-c3a0-13-46-35.png?resize=768,515 768w, https:\/\/develop.olympic.ca\/olympique\/wp-content\/uploads\/sites\/2\/2016\/07\/capture-d_c3a9cran-2016-07-25-c3a0-13-46-35.png?resize=1125,754 1125w, https:\/\/develop.olympic.ca\/olympique\/wp-content\/uploads\/sites\/2\/2016\/07\/capture-d_c3a9cran-2016-07-25-c3a0-13-46-35.png?resize=1536,1029 1536w\" sizes=\"(max-width: 554px) 100vw, 554px\" \/><\/a><\/p>\n"},"caption":{"rendered":"<p>L&rsquo;\u00e9quipe canadienne de volleyball signe des autographes apr\u00e8s leur nomination le le 22 juillet 2016, \u00e0 Gatineau. (Thomas Skrlj\/COC)<\/p>\n"},"alt_text":"","media_type":"image","mime_type":"image\/png","media_details":{"width":1952,"height":1308,"file":"2016\/07\/capture-d_c3a9cran-2016-07-25-c3a0-13-46-35.png","sizes":{"thumbnail":{"file":"capture-d_c3a9cran-2016-07-25-c3a0-13-46-35.png?resize=236,158","width":236,"height":158,"filesize":0,"mime_type":"image\/png","source_url":"https:\/\/develop.olympic.ca\/olympique\/wp-content\/uploads\/sites\/2\/2016\/07\/capture-d_c3a9cran-2016-07-25-c3a0-13-46-35.png?w=236"},"medium":{"file":"capture-d_c3a9cran-2016-07-25-c3a0-13-46-35.png?resize=554,371","width":554,"height":371,"filesize":0,"mime_type":"image\/png","source_url":"https:\/\/develop.olympic.ca\/olympique\/wp-content\/uploads\/sites\/2\/2016\/07\/capture-d_c3a9cran-2016-07-25-c3a0-13-46-35.png?w=554"},"medium_large":{"file":"capture-d_c3a9cran-2016-07-25-c3a0-13-46-35.png?resize=768,515","width":768,"height":515,"filesize":0,"mime_type":"image\/png","source_url":"https:\/\/develop.olympic.ca\/olympique\/wp-content\/uploads\/sites\/2\/2016\/07\/capture-d_c3a9cran-2016-07-25-c3a0-13-46-35.png?w=768"},"large":{"file":"capture-d_c3a9cran-2016-07-25-c3a0-13-46-35.png?resize=1125,754","width":1125,"height":754,"filesize":0,"mime_type":"image\/png","source_url":"https:\/\/develop.olympic.ca\/olympique\/wp-content\/uploads\/sites\/2\/2016\/07\/capture-d_c3a9cran-2016-07-25-c3a0-13-46-35.png?w=1125"},"1536x1536":{"file":"capture-d_c3a9cran-2016-07-25-c3a0-13-46-35.png?resize=1536,1029","width":1536,"height":1029,"filesize":0,"mime_type":"image\/png","source_url":"https:\/\/develop.olympic.ca\/olympique\/wp-content\/uploads\/sites\/2\/2016\/07\/capture-d_c3a9cran-2016-07-25-c3a0-13-46-35.png?w=1536"},"full":{"file":"capture-d_c3a9cran-2016-07-25-c3a0-13-46-35.png","width":1952,"height":1308,"mime_type":"image\/png","source_url":"https:\/\/develop.olympic.ca\/olympique\/wp-content\/uploads\/sites\/2\/2016\/07\/capture-d_c3a9cran-2016-07-25-c3a0-13-46-35.png"}},"image_meta":{"aperture":"0","credit":"","camera":"","caption":"","created_timestamp":"0","copyright":"","focal_length":"0","iso":"0","shutter_speed":"0","title":"","orientation":"0","keywords":[]}},"post":119154,"source_url":"https:\/\/develop.olympic.ca\/olympique\/wp-content\/uploads\/sites\/2\/2016\/07\/capture-d_c3a9cran-2016-07-25-c3a0-13-46-35.png","filename":"capture-d_c3a9cran-2016-07-25-c3a0-13-46-35.png","filesize":2125078,"_links":{"self":[{"href":"https:\/\/develop.olympic.ca\/olympique\/wp-json\/wp\/v2\/media\/119183","targetHints":{"allow":["GET"]}}],"collection":[{"href":"https:\/\/develop.olympic.ca\/olympique\/wp-json\/wp\/v2\/media"}],"about":[{"href":"https:\/\/develop.olympic.ca\/olympique\/wp-json\/wp\/v2\/types\/attachment"}],"author":[{"embeddable":true,"href":"https:\/\/develop.olympic.ca\/olympique\/wp-json\/wp\/v2\/users\/105677670"}],"replies":[{"embeddable":true,"href":"https:\/\/develop.olympic.ca\/olympique\/wp-json\/wp\/v2\/comments?post=119183"}],"wp:attached-to":[{"embeddable":true,"post_type":"photos","id":119154,"href":"https:\/\/develop.olympic.ca\/olympique\/wp-json\/wp\/v2\/photos\/119154"}],"curies":[{"name":"wp","href":"https:\/\/api.w.org\/{rel}","templated":true}]}}

Capture d’écran 2016-07-25 à 13.46.35

<p>L&rsquo;équipe canadienne de volleyball signe des autographes après leur nomination le le 22 juillet 2016, à Gatineau. (Thomas Skrlj/COC)</p>
