{"id":119185,"date":"2016-07-25T14:20:23","date_gmt":"2016-07-25T18:20:23","guid":{"rendered":"http:\/\/develop.olympic.ca\/wp-content\/uploads\/sites\/2\/2016\/07\/capture-d_c3a9cran-2016-07-25-c3a0-13-45-35.png"},"modified":"2016-07-25T15:29:48","modified_gmt":"2016-07-25T19:29:48","slug":"capture-decran-2016-07-25-a-13-45-35","status":"inherit","type":"attachment","link":"https:\/\/develop.olympic.ca\/olympique\/photos\/rio-2016-annonce-de-lequipe-de-volleyball\/capture-decran-2016-07-25-a-13-45-35\/#main","title":{"rendered":"Capture d\u2019\u00e9cran 2016-07-25 \u00e0 13.45.35"},"author":105677670,"featured_media":0,"comment_status":"open","ping_status":"closed","template":"","meta":{"_acf_changed":false},"class_list":["post-119185","attachment","type-attachment","status-inherit","hentry"],"acf":[],"jetpack_sharing_enabled":true,"jetpack_shortlink":"https:\/\/wp.me\/abmyEP-v0l","description":{"rendered":"<p class=\"attachment\"><a href='https:\/\/develop.olympic.ca\/olympique\/wp-content\/uploads\/sites\/2\/2016\/07\/capture-d_c3a9cran-2016-07-25-c3a0-13-45-35.png'><img loading=\"lazy\" decoding=\"async\" width=\"557\" height=\"371\" src=\"https:\/\/develop.olympic.ca\/olympique\/wp-content\/uploads\/sites\/2\/2016\/07\/capture-d_c3a9cran-2016-07-25-c3a0-13-45-35.png?w=557\" class=\"attachment-medium size-medium\" alt=\"\" srcset=\"https:\/\/develop.olympic.ca\/olympique\/wp-content\/uploads\/sites\/2\/2016\/07\/capture-d_c3a9cran-2016-07-25-c3a0-13-45-35.png 1956w, https:\/\/develop.olympic.ca\/olympique\/wp-content\/uploads\/sites\/2\/2016\/07\/capture-d_c3a9cran-2016-07-25-c3a0-13-45-35.png?resize=237,158 237w, https:\/\/develop.olympic.ca\/olympique\/wp-content\/uploads\/sites\/2\/2016\/07\/capture-d_c3a9cran-2016-07-25-c3a0-13-45-35.png?resize=557,371 557w, https:\/\/develop.olympic.ca\/olympique\/wp-content\/uploads\/sites\/2\/2016\/07\/capture-d_c3a9cran-2016-07-25-c3a0-13-45-35.png?resize=768,512 768w, https:\/\/develop.olympic.ca\/olympique\/wp-content\/uploads\/sites\/2\/2016\/07\/capture-d_c3a9cran-2016-07-25-c3a0-13-45-35.png?resize=1131,754 1131w, https:\/\/develop.olympic.ca\/olympique\/wp-content\/uploads\/sites\/2\/2016\/07\/capture-d_c3a9cran-2016-07-25-c3a0-13-45-35.png?resize=1536,1024 1536w\" sizes=\"(max-width: 557px) 100vw, 557px\" \/><\/a><\/p>\n"},"caption":{"rendered":"<p>Glenn Hoag durant la pr\u00e9sentation de l&rsquo;\u00e9quipe national le 22 juillet 2016, \u00e0 Gatineau. (Thomas Skrlj\/COC)<\/p>\n"},"alt_text":"","media_type":"image","mime_type":"image\/png","media_details":{"width":1956,"height":1304,"file":"2016\/07\/capture-d_c3a9cran-2016-07-25-c3a0-13-45-35.png","sizes":{"thumbnail":{"file":"capture-d_c3a9cran-2016-07-25-c3a0-13-45-35.png?resize=237,158","width":237,"height":158,"filesize":959,"mime_type":"image\/png","source_url":"https:\/\/develop.olympic.ca\/olympique\/wp-content\/uploads\/sites\/2\/2016\/07\/capture-d_c3a9cran-2016-07-25-c3a0-13-45-35.png?w=237"},"medium":{"file":"capture-d_c3a9cran-2016-07-25-c3a0-13-45-35.png?resize=557,371","width":557,"height":371,"filesize":959,"mime_type":"image\/png","source_url":"https:\/\/develop.olympic.ca\/olympique\/wp-content\/uploads\/sites\/2\/2016\/07\/capture-d_c3a9cran-2016-07-25-c3a0-13-45-35.png?w=557"},"medium_large":{"file":"capture-d_c3a9cran-2016-07-25-c3a0-13-45-35.png?resize=768,512","width":768,"height":512,"filesize":959,"mime_type":"image\/png","source_url":"https:\/\/develop.olympic.ca\/olympique\/wp-content\/uploads\/sites\/2\/2016\/07\/capture-d_c3a9cran-2016-07-25-c3a0-13-45-35.png?w=768"},"large":{"file":"capture-d_c3a9cran-2016-07-25-c3a0-13-45-35.png?resize=1131,754","width":1131,"height":754,"filesize":959,"mime_type":"image\/png","source_url":"https:\/\/develop.olympic.ca\/olympique\/wp-content\/uploads\/sites\/2\/2016\/07\/capture-d_c3a9cran-2016-07-25-c3a0-13-45-35.png?w=1131"},"1536x1536":{"file":"capture-d_c3a9cran-2016-07-25-c3a0-13-45-35.png?resize=1536,1024","width":1536,"height":1024,"filesize":959,"mime_type":"image\/png","source_url":"https:\/\/develop.olympic.ca\/olympique\/wp-content\/uploads\/sites\/2\/2016\/07\/capture-d_c3a9cran-2016-07-25-c3a0-13-45-35.png?w=1536"},"full":{"file":"capture-d_c3a9cran-2016-07-25-c3a0-13-45-35.png","width":1956,"height":1304,"mime_type":"image\/png","source_url":"https:\/\/develop.olympic.ca\/olympique\/wp-content\/uploads\/sites\/2\/2016\/07\/capture-d_c3a9cran-2016-07-25-c3a0-13-45-35.png"}},"image_meta":{"aperture":"0","credit":"","camera":"","caption":"","created_timestamp":"0","copyright":"","focal_length":"0","iso":"0","shutter_speed":"0","title":"","orientation":"0","keywords":[]},"filesize":959},"post":119154,"source_url":"https:\/\/develop.olympic.ca\/olympique\/wp-content\/uploads\/sites\/2\/2016\/07\/capture-d_c3a9cran-2016-07-25-c3a0-13-45-35.png","filename":"capture-d_c3a9cran-2016-07-25-c3a0-13-45-35.png","filesize":959,"_links":{"self":[{"href":"https:\/\/develop.olympic.ca\/olympique\/wp-json\/wp\/v2\/media\/119185","targetHints":{"allow":["GET"]}}],"collection":[{"href":"https:\/\/develop.olympic.ca\/olympique\/wp-json\/wp\/v2\/media"}],"about":[{"href":"https:\/\/develop.olympic.ca\/olympique\/wp-json\/wp\/v2\/types\/attachment"}],"author":[{"embeddable":true,"href":"https:\/\/develop.olympic.ca\/olympique\/wp-json\/wp\/v2\/users\/105677670"}],"replies":[{"embeddable":true,"href":"https:\/\/develop.olympic.ca\/olympique\/wp-json\/wp\/v2\/comments?post=119185"}],"wp:attached-to":[{"embeddable":true,"post_type":"photos","id":119154,"href":"https:\/\/develop.olympic.ca\/olympique\/wp-json\/wp\/v2\/photos\/119154"}],"curies":[{"name":"wp","href":"https:\/\/api.w.org\/{rel}","templated":true}]}}

Capture d’écran 2016-07-25 à 13.45.35

<p>Glenn Hoag durant la présentation de l&rsquo;équipe national le 22 juillet 2016, à Gatineau. (Thomas Skrlj/COC)</p>
