{"id":153635,"date":"2019-07-29T20:10:10","date_gmt":"2019-07-30T00:10:10","guid":{"rendered":"http:\/\/develop.olympic.ca\/wp-content\/uploads\/sites\/2\/2019\/07\/daj_20190729_44-1.jpg"},"modified":"2019-07-29T20:15:24","modified_gmt":"2019-07-30T00:15:24","slug":"daj_20190729_44-2","status":"inherit","type":"attachment","link":"https:\/\/develop.olympic.ca\/olympique\/2019\/07\/29\/lima-jour-3-equipe-canada-defend-sa-medaille-dor-et-se-qualifie-pour-tokyo-2020\/daj_20190729_44-2\/#main","title":{"rendered":"DAJ_20190729_44"},"author":96107080,"featured_media":0,"comment_status":"closed","ping_status":"closed","template":"","meta":{"_acf_changed":false},"class_list":["post-153635","attachment","type-attachment","status-inherit","hentry"],"acf":[],"jetpack_sharing_enabled":true,"jetpack_shortlink":"https:\/\/wp.me\/abmyEP-DXZ","description":{"rendered":"<p class=\"attachment\"><a href='https:\/\/develop.olympic.ca\/olympique\/wp-content\/uploads\/sites\/2\/2019\/07\/daj_20190729_44-1.jpg?quality=100'><img loading=\"lazy\" decoding=\"async\" width=\"535\" height=\"371\" src=\"https:\/\/develop.olympic.ca\/olympique\/wp-content\/uploads\/sites\/2\/2019\/07\/daj_20190729_44-1.jpg?quality=100&amp;w=535\" class=\"attachment-medium size-medium\" alt=\"\" srcset=\"https:\/\/develop.olympic.ca\/olympique\/wp-content\/uploads\/sites\/2\/2019\/07\/daj_20190729_44-1.jpg 5291w, https:\/\/develop.olympic.ca\/olympique\/wp-content\/uploads\/sites\/2\/2019\/07\/daj_20190729_44-1.jpg?resize=228,158 228w, https:\/\/develop.olympic.ca\/olympique\/wp-content\/uploads\/sites\/2\/2019\/07\/daj_20190729_44-1.jpg?resize=535,371 535w, https:\/\/develop.olympic.ca\/olympique\/wp-content\/uploads\/sites\/2\/2019\/07\/daj_20190729_44-1.jpg?resize=768,533 768w, https:\/\/develop.olympic.ca\/olympique\/wp-content\/uploads\/sites\/2\/2019\/07\/daj_20190729_44-1.jpg?resize=1087,754 1087w, https:\/\/develop.olympic.ca\/olympique\/wp-content\/uploads\/sites\/2\/2019\/07\/daj_20190729_44-1.jpg?resize=1536,1065 1536w, https:\/\/develop.olympic.ca\/olympique\/wp-content\/uploads\/sites\/2\/2019\/07\/daj_20190729_44-1.jpg?resize=2048,1421 2048w\" sizes=\"(max-width: 535px) 100vw, 535px\" \/><\/a><\/p>\n"},"caption":{"rendered":"<p>La cavali\u00e8re \u00e9questre d&rsquo;\u00c9quipe Canada, Na\u00efma Moreira Lalibert\u00e9, et son cheval Statesman lors de l&rsquo;\u00e9preuve par \u00e9quipes de dressage aux Jeux panam\u00e9ricains de Lima 2019 le 29 juillet 2019. Photo de David Jackson \/ COC<\/p>\n"},"alt_text":"","media_type":"image","mime_type":"image\/jpeg","media_details":{"width":5291,"height":3670,"file":"2019\/07\/daj_20190729_44-1.jpg","sizes":{"thumbnail":{"file":"daj_20190729_44-1.jpg?resize=228,158","width":228,"height":158,"filesize":12083708,"mime_type":"image\/jpeg","source_url":"https:\/\/develop.olympic.ca\/olympique\/wp-content\/uploads\/sites\/2\/2019\/07\/daj_20190729_44-1.jpg?quality=100&w=228"},"medium":{"file":"daj_20190729_44-1.jpg?resize=535,371","width":535,"height":371,"filesize":12083708,"mime_type":"image\/jpeg","source_url":"https:\/\/develop.olympic.ca\/olympique\/wp-content\/uploads\/sites\/2\/2019\/07\/daj_20190729_44-1.jpg?quality=100&w=535"},"medium_large":{"file":"daj_20190729_44-1.jpg?resize=768,533","width":768,"height":533,"filesize":12083708,"mime_type":"image\/jpeg","source_url":"https:\/\/develop.olympic.ca\/olympique\/wp-content\/uploads\/sites\/2\/2019\/07\/daj_20190729_44-1.jpg?quality=100&w=768"},"large":{"file":"daj_20190729_44-1.jpg?resize=1087,754","width":1087,"height":754,"filesize":12083708,"mime_type":"image\/jpeg","source_url":"https:\/\/develop.olympic.ca\/olympique\/wp-content\/uploads\/sites\/2\/2019\/07\/daj_20190729_44-1.jpg?quality=100&w=1087"},"1536x1536":{"file":"daj_20190729_44-1.jpg?resize=1536,1065","width":1536,"height":1065,"filesize":12083708,"mime_type":"image\/jpeg","source_url":"https:\/\/develop.olympic.ca\/olympique\/wp-content\/uploads\/sites\/2\/2019\/07\/daj_20190729_44-1.jpg?quality=100&w=1536"},"2048x2048":{"file":"daj_20190729_44-1.jpg?resize=2048,1421","width":2048,"height":1421,"filesize":12083708,"mime_type":"image\/jpeg","source_url":"https:\/\/develop.olympic.ca\/olympique\/wp-content\/uploads\/sites\/2\/2019\/07\/daj_20190729_44-1.jpg?quality=100&w=2048"},"extra-large":{"file":"daj_20190729_44-1.jpg?resize=2200,1526","width":2200,"height":1526,"filesize":12083708,"mime_type":"image\/jpeg","source_url":"https:\/\/develop.olympic.ca\/olympique\/wp-content\/uploads\/sites\/2\/2019\/07\/daj_20190729_44-1.jpg?quality=100&w=2200"},"full":{"file":"daj_20190729_44-1.jpg?quality=100","width":5291,"height":3670,"mime_type":"image\/jpeg","source_url":"https:\/\/develop.olympic.ca\/olympique\/wp-content\/uploads\/sites\/2\/2019\/07\/daj_20190729_44-1.jpg?quality=100"}},"image_meta":{"aperture":"5.6","credit":"David Jackson","camera":"ILCE-9","caption":"LIMA, Peru. - Team Canada equestrian rider Anima Moreira Lalibert\u00e9 and her horse Statesman compete in dressage at the Lima 2019 Pan American Games on July 29, 2019. Photo by David Jackson\/COC","created_timestamp":"1564433712","copyright":"\u00a9 2019 Canadian Olympic Committee","focal_length":"291","iso":"800","shutter_speed":"0.001","title":"","orientation":"0","keywords":["Lima 2019","Pan Ams","Pan American Games","Pan Am Games","equestrian","Anima Moreira Lalibert\u00e9"]},"filesize":12083708},"post":153623,"source_url":"https:\/\/develop.olympic.ca\/olympique\/wp-content\/uploads\/sites\/2\/2019\/07\/daj_20190729_44-1.jpg?quality=100","filename":"daj_20190729_44-1.jpg","filesize":12083708,"_links":{"self":[{"href":"https:\/\/develop.olympic.ca\/olympique\/wp-json\/wp\/v2\/media\/153635","targetHints":{"allow":["GET"]}}],"collection":[{"href":"https:\/\/develop.olympic.ca\/olympique\/wp-json\/wp\/v2\/media"}],"about":[{"href":"https:\/\/develop.olympic.ca\/olympique\/wp-json\/wp\/v2\/types\/attachment"}],"author":[{"embeddable":true,"href":"https:\/\/develop.olympic.ca\/olympique\/wp-json\/wp\/v2\/users\/96107080"}],"replies":[{"embeddable":true,"href":"https:\/\/develop.olympic.ca\/olympique\/wp-json\/wp\/v2\/comments?post=153635"}],"wp:attached-to":[{"embeddable":true,"post_type":"post","id":153623,"href":"https:\/\/develop.olympic.ca\/olympique\/wp-json\/wp\/v2\/posts\/153623"}],"curies":[{"name":"wp","href":"https:\/\/api.w.org\/{rel}","templated":true}]}}

<p>La cavalière équestre d&rsquo;Équipe Canada, Naïma Moreira Laliberté, et son cheval Statesman lors de l&rsquo;épreuve par équipes de dressage aux Jeux panaméricains de Lima 2019 le 29 juillet 2019. Photo de David Jackson / COC</p>

LIMA, Peru. - Team Canada equestrian rider Anima Moreira Laliberté and her horse Statesman compete in dressage at the Lima 2019 Pan American Games on July 29, 2019. Photo by David Jackson/COC

Anima Moreira Laliberté
