{"id":86472,"date":"2013-10-10T10:44:08","date_gmt":"2013-10-10T14:44:08","guid":{"rendered":"http:\/\/develop.olympic.ca\/wp-content\/uploads\/sites\/2\/2013\/10\/harnett-1996-oly-7.jpg"},"modified":"2013-10-10T10:44:08","modified_gmt":"2013-10-10T14:44:08","slug":"curt","status":"inherit","type":"attachment","link":"https:\/\/develop.olympic.ca\/olympique\/2013\/10\/10\/curt-harnett-nomme-chef-de-mission-pour-to2015\/curt\/#main","title":{"rendered":"Curt"},"author":52435436,"featured_media":0,"comment_status":"open","ping_status":"open","template":"","meta":{"_acf_changed":false},"class_list":["post-86472","attachment","type-attachment","status-inherit","hentry"],"acf":[],"jetpack_sharing_enabled":true,"jetpack_shortlink":"https:\/\/wp.me\/abmyEP-muI","description":{"rendered":"<p class=\"attachment\"><a href='https:\/\/develop.olympic.ca\/olympique\/wp-content\/uploads\/sites\/2\/2013\/10\/harnett-1996-oly-7.jpg?quality=100'><img loading=\"lazy\" decoding=\"async\" width=\"267\" height=\"371\" src=\"https:\/\/develop.olympic.ca\/olympique\/wp-content\/uploads\/sites\/2\/2013\/10\/harnett-1996-oly-7.jpg?quality=100&amp;w=267\" class=\"attachment-medium size-medium\" alt=\"\" srcset=\"https:\/\/develop.olympic.ca\/olympique\/wp-content\/uploads\/sites\/2\/2013\/10\/harnett-1996-oly-7.jpg 2161w, https:\/\/develop.olympic.ca\/olympique\/wp-content\/uploads\/sites\/2\/2013\/10\/harnett-1996-oly-7.jpg?resize=114,158 114w, https:\/\/develop.olympic.ca\/olympique\/wp-content\/uploads\/sites\/2\/2013\/10\/harnett-1996-oly-7.jpg?resize=267,371 267w, https:\/\/develop.olympic.ca\/olympique\/wp-content\/uploads\/sites\/2\/2013\/10\/harnett-1996-oly-7.jpg?resize=768,1066 768w, https:\/\/develop.olympic.ca\/olympique\/wp-content\/uploads\/sites\/2\/2013\/10\/harnett-1996-oly-7.jpg?resize=543,754 543w, https:\/\/develop.olympic.ca\/olympique\/wp-content\/uploads\/sites\/2\/2013\/10\/harnett-1996-oly-7.jpg?resize=1106,1536 1106w, https:\/\/develop.olympic.ca\/olympique\/wp-content\/uploads\/sites\/2\/2013\/10\/harnett-1996-oly-7.jpg?resize=1475,2048 1475w\" sizes=\"(max-width: 267px) 100vw, 267px\" \/><\/a><\/p>\n<p>Canada&rsquo;s Curt Harnett celebrates the bronze medal he won for the sprint cycling event at the 1996 Atlanta Summer Olympic Games. (CP PHOTO\/COC\/Mike Ridewood)<\/p>\n<p>Curt Harnett du Canada c\u00e9l\u00e8bre sa m\u00e9daille de bronze en cyclisme sur piste pour  l&rsquo;\u00e9preuve de vitesse aux Jeux olympiques d&rsquo;Atlanta de 1996. (PC-Photo\/AOC)<\/p>\n"},"caption":{"rendered":"<p>Canada&rsquo;s Curt Harnett celebrates the bronze medal he won for the sprint cycling event at the 1996 Atlanta Summer Olympic&#8230;<\/p>\n"},"alt_text":"","media_type":"image","mime_type":"image\/jpeg","media_details":{"width":2161,"height":3000,"file":"2013\/10\/harnett-1996-oly-7.jpg","sizes":{"thumbnail":{"file":"harnett-1996-oly-7.jpg?resize=114,158","width":114,"height":158,"filesize":0,"mime_type":"image\/jpeg","source_url":"https:\/\/develop.olympic.ca\/olympique\/wp-content\/uploads\/sites\/2\/2013\/10\/harnett-1996-oly-7.jpg?quality=100&w=114"},"medium":{"file":"harnett-1996-oly-7.jpg?resize=267,371","width":267,"height":371,"filesize":0,"mime_type":"image\/jpeg","source_url":"https:\/\/develop.olympic.ca\/olympique\/wp-content\/uploads\/sites\/2\/2013\/10\/harnett-1996-oly-7.jpg?quality=100&w=267"},"medium_large":{"file":"harnett-1996-oly-7.jpg?resize=768,1066","width":768,"height":1066,"filesize":0,"mime_type":"image\/jpeg","source_url":"https:\/\/develop.olympic.ca\/olympique\/wp-content\/uploads\/sites\/2\/2013\/10\/harnett-1996-oly-7.jpg?quality=100&w=768"},"large":{"file":"harnett-1996-oly-7.jpg?resize=543,754","width":543,"height":754,"filesize":0,"mime_type":"image\/jpeg","source_url":"https:\/\/develop.olympic.ca\/olympique\/wp-content\/uploads\/sites\/2\/2013\/10\/harnett-1996-oly-7.jpg?quality=100&w=543"},"1536x1536":{"file":"harnett-1996-oly-7.jpg?resize=1106,1536","width":1106,"height":1536,"filesize":0,"mime_type":"image\/jpeg","source_url":"https:\/\/develop.olympic.ca\/olympique\/wp-content\/uploads\/sites\/2\/2013\/10\/harnett-1996-oly-7.jpg?quality=100&w=1106"},"2048x2048":{"file":"harnett-1996-oly-7.jpg?resize=1475,2048","width":1475,"height":2048,"filesize":0,"mime_type":"image\/jpeg","source_url":"https:\/\/develop.olympic.ca\/olympique\/wp-content\/uploads\/sites\/2\/2013\/10\/harnett-1996-oly-7.jpg?quality=100&w=1475"},"full":{"file":"harnett-1996-oly-7.jpg?quality=100","width":2161,"height":3000,"mime_type":"image\/jpeg","source_url":"https:\/\/develop.olympic.ca\/olympique\/wp-content\/uploads\/sites\/2\/2013\/10\/harnett-1996-oly-7.jpg?quality=100"}},"image_meta":{"aperture":0,"credit":"Canadian Olympic Committee","camera":"","caption":"Canada's Curt Harnett celebrates the bronze medal he won for the sprint cycling event at the 1996 Atlanta Summer Olympic Games. (CP PHOTO\/COC\/Mike Ridewood)\r\n\r\nCurt Harnett du Canada c\u00e9l\u00e8bre sa m\u00e9daille de bronze en cyclisme sur piste pour  l'\u00e9preuve de vitesse aux Jeux olympiques d'Atlanta de 1996. (PC-Photo\/AOC)","created_timestamp":837734400,"copyright":"","focal_length":0,"iso":0,"shutter_speed":0,"title":"Curt"}},"post":86458,"source_url":"https:\/\/develop.olympic.ca\/olympique\/wp-content\/uploads\/sites\/2\/2013\/10\/harnett-1996-oly-7.jpg?quality=100","filename":"harnett-1996-oly-7.jpg","filesize":917444,"_links":{"self":[{"href":"https:\/\/develop.olympic.ca\/olympique\/wp-json\/wp\/v2\/media\/86472","targetHints":{"allow":["GET"]}}],"collection":[{"href":"https:\/\/develop.olympic.ca\/olympique\/wp-json\/wp\/v2\/media"}],"about":[{"href":"https:\/\/develop.olympic.ca\/olympique\/wp-json\/wp\/v2\/types\/attachment"}],"author":[{"embeddable":true,"href":"https:\/\/develop.olympic.ca\/olympique\/wp-json\/wp\/v2\/users\/52435436"}],"replies":[{"embeddable":true,"href":"https:\/\/develop.olympic.ca\/olympique\/wp-json\/wp\/v2\/comments?post=86472"}],"wp:attached-to":[{"embeddable":true,"post_type":"post","id":86458,"href":"https:\/\/develop.olympic.ca\/olympique\/wp-json\/wp\/v2\/posts\/86458"}],"curies":[{"name":"wp","href":"https:\/\/api.w.org\/{rel}","templated":true}]}}

<p class="attachment"><a href='https://develop.olympic.ca/olympique/wp-content/uploads/sites/2/2013/10/harnett-1996-oly-7.jpg?quality=100'><img loading="lazy" decoding="async" width="267" height="371" src="https://develop.olympic.ca/olympique/wp-content/uploads/sites/2/2013/10/harnett-1996-oly-7.jpg?quality=100&amp;w=267" class="attachment-medium size-medium" alt="" srcset="https://develop.olympic.ca/olympique/wp-content/uploads/sites/2/2013/10/harnett-1996-oly-7.jpg 2161w, https://develop.olympic.ca/olympique/wp-content/uploads/sites/2/2013/10/harnett-1996-oly-7.jpg?resize=114,158 114w, https://develop.olympic.ca/olympique/wp-content/uploads/sites/2/2013/10/harnett-1996-oly-7.jpg?resize=267,371 267w, https://develop.olympic.ca/olympique/wp-content/uploads/sites/2/2013/10/harnett-1996-oly-7.jpg?resize=768,1066 768w, https://develop.olympic.ca/olympique/wp-content/uploads/sites/2/2013/10/harnett-1996-oly-7.jpg?resize=543,754 543w, https://develop.olympic.ca/olympique/wp-content/uploads/sites/2/2013/10/harnett-1996-oly-7.jpg?resize=1106,1536 1106w, https://develop.olympic.ca/olympique/wp-content/uploads/sites/2/2013/10/harnett-1996-oly-7.jpg?resize=1475,2048 1475w" sizes="(max-width: 267px) 100vw, 267px" /></a></p>
<p>Canada&rsquo;s Curt Harnett celebrates the bronze medal he won for the sprint cycling event at the 1996 Atlanta Summer Olympic Games. (CP PHOTO/COC/Mike Ridewood)</p>
<p>Curt Harnett du Canada célèbre sa médaille de bronze en cyclisme sur piste pour  l&rsquo;épreuve de vitesse aux Jeux olympiques d&rsquo;Atlanta de 1996. (PC-Photo/AOC)</p>

Canada's Curt Harnett celebrates the bronze medal he won for the sprint cycling event at the 1996 Atlanta Summer Olympic Games. (CP PHOTO/COC/Mike Ridewood)

Curt Harnett du Canada célèbre sa médaille de bronze en cyclisme sur piste pour  l'épreuve de vitesse aux Jeux olympiques d'Atlanta de 1996. (PC-Photo/AOC)
