{"id":159302,"date":"2020-02-03T09:00:43","date_gmt":"2020-02-03T14:00:43","guid":{"rendered":"http:\/\/develop.olympic.ca\/olympique\/?page_id=159302"},"modified":"2021-04-12T18:03:51","modified_gmt":"2021-04-12T22:03:51","slug":"serie-des-essais-olympiques-et-paralympiques-2020-presentee-par-bell","status":"publish","type":"page","link":"https:\/\/develop.olympic.ca\/olympique\/serie-des-essais-olympiques-et-paralympiques-2020-presentee-par-bell\/","title":{"rendered":"S\u00e9rie des Essais olympiques et paralympiques pr\u00e9sent\u00e9e par Bell"},"content":{"rendered":"<p><span style=\"font-weight: 400\">Alors que de nombreux athl\u00e8tes ont d\u00e9j\u00e0 en main leur billet pour <a href=\"https:\/\/develop.olympic.ca\/olympique\/jeux\/tokyo-2020\/\">Tokyo 2020<\/a>, d&rsquo;autres sont concentr\u00e9s sur les Essais olympiques et paralympiques au cours desquels ils se frotteront aux meilleurs au pays dans l\u2019espoir de m\u00e9riter une place au sein d\u2019\u00c9quipe Canada.<\/span><\/p>\n<p><span style=\"font-weight: 400\">Pour la toute premi\u00e8re fois, le Comit\u00e9 olympique canadien (COC), le Comit\u00e9 paralympique canadien (CPC), Bell Canada, Natation Canada, Gymnastique Canada et Athl\u00e9tisme Canada se sont associ\u00e9s pour aider \u00e0 faire de ces r\u00eaves olympiques et paralympiques une r\u00e9alit\u00e9. La S\u00e9rie des Essais olympiques et paralympiques pr\u00e9sent\u00e9e par Bell pr\u00e9parera le terrain pour les athl\u00e8tes d&rsquo;\u00e9lite du Canada qui concourront pour devenir les prochaines vedettes des Jeux de Tokyo.<\/span><\/p>\n<p><span style=\"font-weight: 400\">Pour en savoir plus sur chacun de ces Essais et sur la mani\u00e8re dont vous pouvez vivre l&rsquo;action, veuillez cliquer sur les liens ci-dessous.<\/span><\/p>\n<h3><span style=\"font-weight: 400\">ESSAIS OLYMPIQUES ET PARALYMPIQUES CANADIENS DE NATATION <\/span><span style=\"font-weight: 400\">PR\u00c9SENT\u00c9S PAR BELL<\/span><\/h3>\n<p><span style=\"font-weight: 400\">Du 24 au 28 mai 2021<br \/>\n<\/span><span style=\"font-weight: 400\">Centre sportif panam\u00e9ricain de Toronto<br \/>\n<\/span><span style=\"font-weight: 400\">Toronto, Ontario<\/span><\/p>\n<p><span style=\"font-weight: 400\"><b>Pour de plus amples renseignements, veuillez cliquer <a href=\"https:\/\/www.swimming.ca\/fr\/evenements-resultats\/evenements\/essais-canadiens-de-natation-2020\/\" target=\"_blank\" rel=\"noopener noreferrer\">ICI<\/a>.<\/b><\/span><\/p>\n<hr \/>\n<h3><span style=\"font-weight: 400\">CHAMPIONNATS CANADIENS DE GYMNASTIQUE <\/span><span style=\"font-weight: 400\">PR\u00c9SENT\u00c9S PAR BELL<\/span><\/h3>\n<p><em>Gymnastique Canada a confirm\u00e9 que toutes les comp\u00e9titions nationales pr\u00e9vues pour la saison 2020 seront annul\u00e9es ou report\u00e9es, y compris les Essais olympiques et paralympiques de gymnastique. Plus de d\u00e9tails \u00e0 venir<\/em><\/p>\n<p><span style=\"font-weight: 400\"><b>Pour de plus amples renseignements, veuillez cliquer <a href=\"http:\/\/www.gymcan.org\/fr\/epreuves-resultats\/championnats-canadiens-gafgam\/general\" target=\"_blank\" rel=\"noopener noreferrer\">ICI<\/a>.<\/b><\/span><\/p>\n<hr \/>\n<h3><span style=\"font-weight: 400\">ESSAIS OLYMPIQUES ET PARALYMPIQUES CANADIENS D&rsquo;ATHL\u00c9TISME PR\u00c9SENT\u00c9S PAR BELL<\/span><\/h3>\n<p>Du 24 au 27 juin 2021<br \/>\n<span style=\"font-weight: 400\">Complexe sportif Claude-Robillard<\/span><br \/>\n<span style=\"font-weight: 400\">Montr\u00e9al, Qu\u00e9bec<\/span><\/p>\n<p><span style=\"font-weight: 400\"><b>Pour de plus amples renseignements, veuillez cliquer <a href=\"https:\/\/athletics.ca\/fr\/championnat\/essais-olympiques-et-paralympiques-2020\/\" target=\"_blank\" rel=\"noopener noreferrer\">ICI<\/a>.<\/b><\/span><\/p>\n","protected":false},"excerpt":{"rendered":"<p>Alors que de nombreux athl\u00e8tes ont d\u00e9j\u00e0 en main leur billet pour Tokyo 2020, d&rsquo;autres sont concentr\u00e9s sur les Essais&#8230;<\/p>\n","protected":false},"author":52435436,"featured_media":159477,"parent":0,"menu_order":0,"comment_status":"closed","ping_status":"closed","template":"","meta":{"_edit_lock":["1618264891:83644251"],"_edit_last":["83644251"],"_thumbnail_id":["159477"],"_wp_page_template":["default"],"coc_sharing_options":["a:1:{s:18:\"coc_hide_share_bar\";b:0;}"],"coc_campaign_options":["a:4:{s:16:\"coc_campaign_tag\";s:0:\"\";s:15:\"coc_campaign_bg\";N;s:25:\"coc_campaign_bg_downloads\";a:0:{}s:20:\"coc_campaign_posters\";a:0:{}}"],"coc_team_options":["a:1:{s:15:\"coc_game_select\";i:156417;}"],"coc_oc_landing_options":["a:2:{s:17:\"coc_oc_landing_bg\";N;s:22:\"coc_oc_landing_stories\";a:0:{}}"],"coc_edit_profile_options":["a:1:{s:20:\"coc_favourite_sports\";a:0:{}}"],"coc_oc_reward_options":["a:13:{s:16:\"coc_oc_reward_id\";s:0:\"\";s:19:\"coc_oc_ac_reward_id\";s:0:\"\";s:20:\"coc_oc_reward_points\";s:0:\"\";s:19:\"coc_oc_reward_rules\";N;s:31:\"coc_oc_digital_download_desktop\";N;s:30:\"coc_oc_digital_download_mobile\";N;s:32:\"coc_oc_digital_download_facebook\";N;s:29:\"coc_oc_reward_success_message\";s:0:\"\";s:23:\"coc_oc_facebook_content\";s:0:\"\";s:22:\"coc_oc_twitter_content\";s:0:\"\";s:24:\"coc_oc_social_contest_id\";s:0:\"\";s:31:\"coc_oc_reward_logged_in_message\";s:0:\"\";s:32:\"coc_oc_reward_logged_out_message\";s:0:\"\";}"],"coc_press_options":["a:2:{s:28:\"coc_press_additional_content\";s:0:\"\";s:27:\"coc_press_resource_category\";a:0:{}}"],"coc_breaking_news_options":["a:1:{s:25:\"coc_breaking_news_details\";a:0:{}}"],"coc_be_olympic_options":["a:8:{s:37:\"coc_be_olympic_exclusive_content_link\";s:0:\"\";s:27:\"coc_be_olympic_videos_title\";s:0:\"\";s:21:\"coc_be_olympic_videos\";a:0:{}s:27:\"coc_be_olympic_photos_title\";s:0:\"\";s:21:\"coc_be_olympic_photos\";a:0:{}s:24:\"coc_be_olympic_downloads\";a:0:{}s:22:\"coc_be_olympic_quizzes\";a:0:{}s:26:\"coc_be_olympic_fan_fun_ads\";a:0:{}}"],"coc_fan_fun_options":["a:2:{s:23:\"coc_fan_fun_hammer_time\";a:2:{s:29:\"coc_fan_fun_hammer_time_image\";N;s:27:\"coc_fan_fun_hammer_time_url\";s:0:\"\";}s:22:\"coc_fan_fun_torch_dash\";a:2:{s:28:\"coc_fan_fun_torch_dash_image\";N;s:26:\"coc_fan_fun_torch_dash_url\";s:0:\"\";}}"],"coc_interactive_game_options":["a:3:{s:28:\"coc_interactive_game_message\";s:0:\"\";s:24:\"coc_interactive_game_url\";s:0:\"\";s:27:\"coc_interactive_game_iframe\";b:0;}"],"coc_olympic_club_options":["a:1:{s:12:\"redirect_url\";s:0:\"\";}"],"coc_favorites_options":["a:3:{s:13:\"content_types\";a:0:{}s:7:\"seasons\";a:0:{}s:4:\"gear\";a:0:{}}"],"coc_og_tags":["a:3:{s:8:\"og_title\";s:0:\"\";s:14:\"og_description\";s:0:\"\";s:8:\"og_image\";N;}"],"coc_education_options":["A"],"coc_page_options":["a:2:{s:14:\"show_crazy_egg\";b:0;s:30:\"coc_partner_takeover_ads_story\";a:5:{s:20:\"coc_ad_story_desktop\";N;s:26:\"coc_ad_story_desktop_label\";s:0:\"\";s:19:\"coc_ad_story_mobile\";N;s:25:\"coc_ad_story_mobile_label\";s:0:\"\";s:16:\"coc_ad_story_url\";s:0:\"\";}}"],"coc_donor_video_options":["a:1:{s:21:\"donor_featured_videos\";a:0:{}}"],"coc_about_video_options":["a:1:{s:11:\"about_video\";a:3:{s:21:\"coc_about_video_title\";s:0:\"\";s:20:\"coc_about_video_text\";s:0:\"\";s:21:\"coc_about_youtube_url\";s:0:\"\";}}"],"coc_about_image_options":["a:1:{s:11:\"about_image\";a:3:{s:21:\"coc_about_image_title\";s:0:\"\";s:20:\"coc_about_image_text\";s:0:\"\";s:19:\"coc_about_image_url\";N;}}"],"coc_about_reporting_options":["a:1:{s:23:\"about_reporting_options\";a:0:{}}"],"coc_about_audit_options":["a:1:{s:19:\"about_audit_options\";a:0:{}}"],"coc_giving_options":["a:1:{s:14:\"giving_options\";a:0:{}}"],"coc_homepage_video_options":["a:1:{s:13:\"video_options\";a:1:{s:18:\"coc_homepage_video\";s:0:\"\";}}"],"coc_homepage_priorities":["a:1:{s:16:\"priority_options\";a:0:{}}"],"coc_homepage_campaign_options":["a:1:{s:16:\"campaign_options\";a:3:{s:24:\"coc_campaign_video_title\";s:0:\"\";s:23:\"coc_campaign_video_text\";s:0:\"\";s:24:\"coc_campaign_youtube_url\";s:0:\"\";}}"],"hof_selected_committee":["a:1:{s:11:\"hof_members\";a:0:{}}"],"hof_partners_options":["a:1:{s:12:\"hof_partners\";a:0:{}}"],"hof_search_excerpt":["a:1:{s:18:\"coc_search_excerpt\";s:0:\"\";}"],"geo_public":["0"],"_x_multifield_seo_accordion":["a:1:{i:0;a:2:{s:19:\"seo_accordion_title\";s:0:\"\";s:25:\"seo_accordion_description\";s:0:\"\";}}"],"_publicize_pending":["1"],"jabber_published":["1580495143"],"_elasticsearch_indexed_on":["2020-01-31 18:25:43"],"seo_translation_link":["https:\/\/wp.me\/P3DwEw-QvW"],"wpcom-scheduled-post-publish-time":["1580738443"],"_last_editor_used_jetpack":["classic-editor"],"_yoast_wpseo_content_score":["30"],"_yoast_wpseo_estimated-reading-time-minutes":["2"],"coc_games":[""],"_coc_games":["field_5e83bf020f51f"],"coc_trivia":[""],"_coc_trivia":["field_5e83bacdec2aa"]},"coauthors":[209008581],"class_list":["post-159302","page","type-page","status-publish","format-standard","has-post-thumbnail","hentry"],"acf":[],"yoast_head":"<!-- This site is optimized with the Yoast SEO plugin v27.3 - https:\/\/yoast.com\/product\/yoast-seo-wordpress\/ -->\n<title>S\u00e9rie des Essais olympiques et paralympiques pr\u00e9sent\u00e9e par Bell - \u00c9quipe Canada | Site officiel de l&#039;\u00e9quipe olympique<\/title>\n<meta name=\"robots\" content=\"index, follow, max-snippet:-1, max-image-preview:large, max-video-preview:-1\" \/>\n<link rel=\"canonical\" href=\"https:\/\/develop.olympic.ca\/olympique\/serie-des-essais-olympiques-et-paralympiques-2020-presentee-par-bell\/\" \/>\n<meta property=\"og:locale\" content=\"fr_FR\" \/>\n<meta property=\"og:type\" content=\"article\" \/>\n<meta property=\"og:title\" content=\"S\u00e9rie des Essais olympiques et paralympiques pr\u00e9sent\u00e9e par Bell - \u00c9quipe Canada | Site officiel de l&#039;\u00e9quipe olympique\" \/>\n<meta property=\"og:description\" content=\"Alors que de nombreux athl\u00e8tes ont d\u00e9j\u00e0 en main leur billet pour Tokyo 2020, d&rsquo;autres sont concentr\u00e9s sur les Essais...\" \/>\n<meta property=\"og:url\" content=\"https:\/\/develop.olympic.ca\/olympique\/serie-des-essais-olympiques-et-paralympiques-2020-presentee-par-bell\/\" \/>\n<meta property=\"og:site_name\" content=\"\u00c9quipe Canada | Site officiel de l&#039;\u00e9quipe olympique\" \/>\n<meta property=\"article:modified_time\" content=\"2021-04-12T22:03:51+00:00\" \/>\n<meta property=\"og:image\" content=\"https:\/\/develop.olympic.ca\/olympique\/wp-content\/uploads\/sites\/2\/2020\/02\/2680x1508-4-fr.jpg?quality=100\" \/>\n\t<meta property=\"og:image:width\" content=\"4187\" \/>\n\t<meta property=\"og:image:height\" content=\"2357\" \/>\n\t<meta property=\"og:image:type\" content=\"image\/jpeg\" \/>\n<meta name=\"twitter:card\" content=\"summary_large_image\" \/>\n<meta name=\"twitter:label1\" content=\"Est. reading time\" \/>\n\t<meta name=\"twitter:data1\" content=\"2 minutes\" \/>\n\t<meta name=\"twitter:label2\" content=\"Written by\" \/>\n\t<meta name=\"twitter:data2\" content=\"Mark Nadolny\" \/>\n<script type=\"application\/ld+json\" class=\"yoast-schema-graph\">{\"@context\":\"https:\\\/\\\/schema.org\",\"@graph\":[{\"@type\":\"WebPage\",\"@id\":\"https:\\\/\\\/develop.olympic.ca\\\/olympique\\\/serie-des-essais-olympiques-et-paralympiques-2020-presentee-par-bell\\\/\",\"url\":\"https:\\\/\\\/develop.olympic.ca\\\/olympique\\\/serie-des-essais-olympiques-et-paralympiques-2020-presentee-par-bell\\\/\",\"name\":\"S\u00e9rie des Essais olympiques et paralympiques pr\u00e9sent\u00e9e par Bell - \u00c9quipe Canada | Site officiel de l&#039;\u00e9quipe olympique\",\"isPartOf\":{\"@id\":\"https:\\\/\\\/develop.olympic.ca\\\/olympique\\\/#website\"},\"primaryImageOfPage\":{\"@id\":\"https:\\\/\\\/develop.olympic.ca\\\/olympique\\\/serie-des-essais-olympiques-et-paralympiques-2020-presentee-par-bell\\\/#primaryimage\"},\"image\":{\"@id\":\"https:\\\/\\\/develop.olympic.ca\\\/olympique\\\/serie-des-essais-olympiques-et-paralympiques-2020-presentee-par-bell\\\/#primaryimage\"},\"thumbnailUrl\":\"https:\\\/\\\/develop.olympic.ca\\\/olympique\\\/wp-content\\\/uploads\\\/sites\\\/2\\\/2020\\\/02\\\/2680x1508-4-fr.jpg?quality=100\",\"datePublished\":\"2020-02-03T14:00:43+00:00\",\"dateModified\":\"2021-04-12T22:03:51+00:00\",\"inLanguage\":\"fr-FR\",\"potentialAction\":[{\"@type\":\"ReadAction\",\"target\":[\"https:\\\/\\\/develop.olympic.ca\\\/olympique\\\/serie-des-essais-olympiques-et-paralympiques-2020-presentee-par-bell\\\/\"]}]},{\"@type\":\"ImageObject\",\"inLanguage\":\"fr-FR\",\"@id\":\"https:\\\/\\\/develop.olympic.ca\\\/olympique\\\/serie-des-essais-olympiques-et-paralympiques-2020-presentee-par-bell\\\/#primaryimage\",\"url\":\"https:\\\/\\\/develop.olympic.ca\\\/olympique\\\/wp-content\\\/uploads\\\/sites\\\/2\\\/2020\\\/02\\\/2680x1508-4-fr.jpg?quality=100\",\"contentUrl\":\"https:\\\/\\\/develop.olympic.ca\\\/olympique\\\/wp-content\\\/uploads\\\/sites\\\/2\\\/2020\\\/02\\\/2680x1508-4-fr.jpg?quality=100\",\"width\":4187,\"height\":2357},{\"@type\":\"WebSite\",\"@id\":\"https:\\\/\\\/develop.olympic.ca\\\/olympique\\\/#website\",\"url\":\"https:\\\/\\\/develop.olympic.ca\\\/olympique\\\/\",\"name\":\"\u00c9quipe Canada | Site officiel de l&#039;\u00e9quipe olympique\",\"description\":\"Votre source pour l\u2019\u00c9quipe olympique canadienne. Retrouvez les r\u00e9cits, vid\u00e9os et photos des athl\u00e8tes canadiens, sports olympiques, Jeux olympiques de 2020 et bien plus!\",\"potentialAction\":[{\"@type\":\"SearchAction\",\"target\":{\"@type\":\"EntryPoint\",\"urlTemplate\":\"https:\\\/\\\/develop.olympic.ca\\\/olympique\\\/?s={search_term_string}\"},\"query-input\":{\"@type\":\"PropertyValueSpecification\",\"valueRequired\":true,\"valueName\":\"search_term_string\"}}],\"inLanguage\":\"fr-FR\"}]}<\/script>\n<!-- \/ Yoast SEO plugin. -->","yoast_head_json":{"title":"S\u00e9rie des Essais olympiques et paralympiques pr\u00e9sent\u00e9e par Bell - \u00c9quipe Canada | Site officiel de l&#039;\u00e9quipe olympique","robots":{"index":"index","follow":"follow","max-snippet":"max-snippet:-1","max-image-preview":"max-image-preview:large","max-video-preview":"max-video-preview:-1"},"canonical":"https:\/\/develop.olympic.ca\/olympique\/serie-des-essais-olympiques-et-paralympiques-2020-presentee-par-bell\/","og_locale":"fr_FR","og_type":"article","og_title":"S\u00e9rie des Essais olympiques et paralympiques pr\u00e9sent\u00e9e par Bell - \u00c9quipe Canada | Site officiel de l&#039;\u00e9quipe olympique","og_description":"Alors que de nombreux athl\u00e8tes ont d\u00e9j\u00e0 en main leur billet pour Tokyo 2020, d&rsquo;autres sont concentr\u00e9s sur les Essais...","og_url":"https:\/\/develop.olympic.ca\/olympique\/serie-des-essais-olympiques-et-paralympiques-2020-presentee-par-bell\/","og_site_name":"\u00c9quipe Canada | Site officiel de l&#039;\u00e9quipe olympique","article_modified_time":"2021-04-12T22:03:51+00:00","og_image":[{"width":4187,"height":2357,"url":"https:\/\/develop.olympic.ca\/olympique\/wp-content\/uploads\/sites\/2\/2020\/02\/2680x1508-4-fr.jpg?quality=100","type":"image\/jpeg"}],"twitter_card":"summary_large_image","twitter_misc":{"Est. reading time":"2 minutes","Written by":"Mark Nadolny"},"schema":{"@context":"https:\/\/schema.org","@graph":[{"@type":"WebPage","@id":"https:\/\/develop.olympic.ca\/olympique\/serie-des-essais-olympiques-et-paralympiques-2020-presentee-par-bell\/","url":"https:\/\/develop.olympic.ca\/olympique\/serie-des-essais-olympiques-et-paralympiques-2020-presentee-par-bell\/","name":"S\u00e9rie des Essais olympiques et paralympiques pr\u00e9sent\u00e9e par Bell - \u00c9quipe Canada | Site officiel de l&#039;\u00e9quipe olympique","isPartOf":{"@id":"https:\/\/develop.olympic.ca\/olympique\/#website"},"primaryImageOfPage":{"@id":"https:\/\/develop.olympic.ca\/olympique\/serie-des-essais-olympiques-et-paralympiques-2020-presentee-par-bell\/#primaryimage"},"image":{"@id":"https:\/\/develop.olympic.ca\/olympique\/serie-des-essais-olympiques-et-paralympiques-2020-presentee-par-bell\/#primaryimage"},"thumbnailUrl":"https:\/\/develop.olympic.ca\/olympique\/wp-content\/uploads\/sites\/2\/2020\/02\/2680x1508-4-fr.jpg?quality=100","datePublished":"2020-02-03T14:00:43+00:00","dateModified":"2021-04-12T22:03:51+00:00","inLanguage":"fr-FR","potentialAction":[{"@type":"ReadAction","target":["https:\/\/develop.olympic.ca\/olympique\/serie-des-essais-olympiques-et-paralympiques-2020-presentee-par-bell\/"]}]},{"@type":"ImageObject","inLanguage":"fr-FR","@id":"https:\/\/develop.olympic.ca\/olympique\/serie-des-essais-olympiques-et-paralympiques-2020-presentee-par-bell\/#primaryimage","url":"https:\/\/develop.olympic.ca\/olympique\/wp-content\/uploads\/sites\/2\/2020\/02\/2680x1508-4-fr.jpg?quality=100","contentUrl":"https:\/\/develop.olympic.ca\/olympique\/wp-content\/uploads\/sites\/2\/2020\/02\/2680x1508-4-fr.jpg?quality=100","width":4187,"height":2357},{"@type":"WebSite","@id":"https:\/\/develop.olympic.ca\/olympique\/#website","url":"https:\/\/develop.olympic.ca\/olympique\/","name":"\u00c9quipe Canada | Site officiel de l&#039;\u00e9quipe olympique","description":"Votre source pour l\u2019\u00c9quipe olympique canadienne. Retrouvez les r\u00e9cits, vid\u00e9os et photos des athl\u00e8tes canadiens, sports olympiques, Jeux olympiques de 2020 et bien plus!","potentialAction":[{"@type":"SearchAction","target":{"@type":"EntryPoint","urlTemplate":"https:\/\/develop.olympic.ca\/olympique\/?s={search_term_string}"},"query-input":{"@type":"PropertyValueSpecification","valueRequired":true,"valueName":"search_term_string"}}],"inLanguage":"fr-FR"}]}},"jetpack_sharing_enabled":true,"jetpack-related-posts":[],"jetpack_shortlink":"https:\/\/wp.me\/PbmyEP-Fro","_links":{"self":[{"href":"https:\/\/develop.olympic.ca\/olympique\/wp-json\/wp\/v2\/pages\/159302","targetHints":{"allow":["GET"]}}],"collection":[{"href":"https:\/\/develop.olympic.ca\/olympique\/wp-json\/wp\/v2\/pages"}],"about":[{"href":"https:\/\/develop.olympic.ca\/olympique\/wp-json\/wp\/v2\/types\/page"}],"author":[{"embeddable":true,"href":"https:\/\/develop.olympic.ca\/olympique\/wp-json\/wp\/v2\/users\/52435436"}],"replies":[{"embeddable":true,"href":"https:\/\/develop.olympic.ca\/olympique\/wp-json\/wp\/v2\/comments?post=159302"}],"version-history":[{"count":35,"href":"https:\/\/develop.olympic.ca\/olympique\/wp-json\/wp\/v2\/pages\/159302\/revisions"}],"predecessor-version":[{"id":174583,"href":"https:\/\/develop.olympic.ca\/olympique\/wp-json\/wp\/v2\/pages\/159302\/revisions\/174583"}],"wp:featuredmedia":[{"embeddable":true,"href":"https:\/\/develop.olympic.ca\/olympique\/wp-json\/wp\/v2\/media\/159477"}],"wp:attachment":[{"href":"https:\/\/develop.olympic.ca\/olympique\/wp-json\/wp\/v2\/media?parent=159302"}],"wp:term":[{"taxonomy":"author","embeddable":true,"href":"https:\/\/develop.olympic.ca\/olympique\/wp-json\/wp\/v2\/coauthors?post=159302"}],"curies":[{"name":"wp","href":"https:\/\/api.w.org\/{rel}","templated":true}]}}