{"id":194078,"date":"2021-12-09T16:30:00","date_gmt":"2021-12-09T21:30:00","guid":{"rendered":"https:\/\/develop.olympic.ca\/olympique\/?page_id=194078"},"modified":"2021-12-08T15:21:44","modified_gmt":"2021-12-08T20:21:44","slug":"candidature-et-accueil-devenements","status":"publish","type":"page","link":"https:\/\/develop.olympic.ca\/olympique\/comite-olympique-canadien\/candidature-et-accueil-devenements\/","title":{"rendered":"Candidature et accueil d\u2019\u00e9v\u00e9nements"},"content":{"rendered":"\n<figure class=\"wp-block-image size-large\"><img loading=\"lazy\" decoding=\"async\" height=\"754\" width=\"1131\" src=\"https:\/\/develop.olympic.ca\/olympique\/wp-content\/uploads\/sites\/2\/2021\/11\/OLY-20100228DCS118.jpg?quality=100&amp;w=1131\" alt=\"Vancouver 2010\" class=\"wp-image-194079\" srcset=\"https:\/\/develop.olympic.ca\/olympique\/wp-content\/uploads\/sites\/2\/2021\/11\/OLY-20100228DCS118.jpg 1200w, https:\/\/develop.olympic.ca\/olympique\/wp-content\/uploads\/sites\/2\/2021\/11\/OLY-20100228DCS118.jpg?resize=237,158 237w, https:\/\/develop.olympic.ca\/olympique\/wp-content\/uploads\/sites\/2\/2021\/11\/OLY-20100228DCS118.jpg?resize=557,371 557w, https:\/\/develop.olympic.ca\/olympique\/wp-content\/uploads\/sites\/2\/2021\/11\/OLY-20100228DCS118.jpg?resize=768,512 768w, https:\/\/develop.olympic.ca\/olympique\/wp-content\/uploads\/sites\/2\/2021\/11\/OLY-20100228DCS118.jpg?resize=1131,754 1131w\" sizes=\"(max-width: 1131px) 100vw, 1131px\" \/><\/figure>\n\n\n\n<h2 class=\"wp-block-heading\">Vision<\/h2>\n\n\n\n<p class=\"wp-block-paragraph\">Les Jeux olympiques et paralympiques font partie int\u00e9grante du tissu canadien. Chaque jour, des dizaines de milliers de Canadiens vivent, travaillent et jouent en b\u00e9n\u00e9ficiant de l\u2019h\u00e9ritage des trois Jeux olympiques et paralympiques et des trois Jeux panam\u00e9ricains et parapanam\u00e9ricains organis\u00e9s au Canada.<\/p>\n\n\n\n<p class=\"wp-block-paragraph\">Cet h\u00e9ritage se retrouve dans nos maisons, nos parcs, nos routes, nos trains, nos \u00e9coles, nos gymnases, nos piscines, nos pentes de ski, nos ar\u00e9nas. On les trouve chez nos employ\u00e9s et dirigeants politiques ainsi que dans notre communaut\u00e9 et nos entreprises. On retrouve aussi cet h\u00e9ritage dans les histoires que nous racontons \u00e0 propos des moments qui nous unissent et nous d\u00e9finissent en tant que nation.<\/p>\n\n\n\n<p class=\"wp-block-paragraph\">Notre objectif au Comit\u00e9 olympique canadien et au Comit\u00e9 paralympique canadien est de continuer \u00e0 nous appuyer sur cet h\u00e9ritage pour les g\u00e9n\u00e9rations futures. Pour ce faire, nous voulons ramener les Jeux olympiques et paralympiques d&rsquo;hiver au Canada au cours de la prochaine d\u00e9cennie et les Jeux d&rsquo;\u00e9t\u00e9 au Canada avant 2050. Nous savons que des Jeux olympiques et paralympiques pr\u00e9sent\u00e9s au Canada, respectant une vision claire et harmonis\u00e9e avec les objectifs autochtones et les objectifs de d\u00e9veloppement locaux, r\u00e9gionaux et nationaux, peuvent alimenter un h\u00e9ritage \u00e0 long terme, notamment :<\/p>\n\n\n\n<ul class=\"wp-block-list\"><li>possibilit\u00e9s de r\u00e9conciliation significative<\/li><li>participation accrue au sport<\/li><li>am\u00e9lioration de la sant\u00e9 physique et mentale<\/li><li>nouvelles installations mises \u00e0 jour et accessibles<\/li><li>nouvelles maisons et communaut\u00e9s<\/li><li>nouveaux emplois et une main-d&rsquo;\u0153uvre plus qualifi\u00e9e<\/li><li>possibilit\u00e9s commerciales<\/li><li>profil international pour la r\u00e9gion<\/li><li>am\u00e9liorations des infrastructures r\u00e9gionales<\/li><li>possibilit\u00e9s artistiques et culturelles<\/li><li>et bien plus<\/li><\/ul>\n\n\n\n<h2 class=\"wp-block-heading\">Processus de candidature et d&rsquo;accueil<\/h2>\n\n\n\n<p class=\"wp-block-paragraph\">Le COC est responsable de sanctionner toute candidature canadienne pour accueillir les Jeux olympiques et paralympiques pr\u00e9sent\u00e9e au Comit\u00e9 international olympique (CIO).<\/p>\n\n\n\n<p class=\"wp-block-paragraph\">Les r\u00e9cents changements apport\u00e9s au processus d&rsquo;\u00e9lection des futurs h\u00f4tes du CIO permettent aux futurs h\u00f4tes de r\u00e9aliser d&rsquo;importantes \u00e9conomies, offrant au Canada l&rsquo;occasion d&rsquo;\u00e9laborer un projet et un plan directeur plus durables.<\/p>\n\n\n\n<p class=\"wp-block-paragraph\">Au cours de la derni\u00e8re ann\u00e9e, le COC et le CPC ont \u00e9labor\u00e9 un cadre de candidature fond\u00e9 sur la Politique f\u00e9d\u00e9rale concernant l&rsquo;accueil de manifestations sportives internationales du gouvernement du Canada et le Cadre strat\u00e9gique concernant l\u2019accueil de manifestations sportives internationales \u00e9labor\u00e9 par des coll\u00e8gues f\u00e9d\u00e9raux, provinciaux\/territoriaux et du sport pour d\u00e9crire les pratiques exemplaires pour la candidature d\u2019accueil de grands \u00e9v\u00e9nements.<\/p>\n\n\n\n<p class=\"wp-block-paragraph\">La nouvelle approche du CIO pour la s\u00e9lection des h\u00f4tes des Jeux olympiques offre aux intervenants une occasion importante de participer \u00e0 des discussions ouvertes et sans engagement. Ce processus permet de garantir qu&rsquo;un concept d\u2019accueil s&rsquo;aligne sur les plans de d\u00e9veloppement \u00e0 long terme des futurs h\u00f4tes. Nous sommes fiers d&rsquo;\u00eatre \u00e0 l&rsquo;avant-garde avec un engagement envers les pratiques exemplaires environnementales, sociales et de gouvernance (ESG), notamment :<\/p>\n\n\n\n<ul class=\"wp-block-list\"><li>donner la priorit\u00e9 \u00e0 l&rsquo;Appel \u00e0 l&rsquo;action 91 de la Commission de v\u00e9rit\u00e9 et r\u00e9conciliation du Canada en veillant \u00e0 ce que les protocoles territoriaux des peuples autochtones soient respect\u00e9s et que les communaut\u00e9s autochtones locales participent \u00e0 tous les aspects de la planification et de la tenue des manifestations sportives internationales;<\/li><li>\u00e9laborer un concept d&rsquo;accueil conforme aux plans et priorit\u00e9s \u00e0 long terme existants pour les r\u00e9gions, la province et le pays d&rsquo;accueil; et<\/li><li>assurer la durabilit\u00e9 environnementale est une priorit\u00e9 \u00e0 chaque \u00e9tape importante du processus.<\/li><\/ul>\n\n\n\n<h2 class=\"wp-block-heading\">Nous joindre<\/h2>\n\n\n\n<p class=\"wp-block-paragraph\">Pour plus d&rsquo;informations sur la candidature et l&rsquo;accueil des Jeux olympiques au Canada, veuillez communiquer avec <a href=\"mailto:candidatures@olympique.ca\">candidatures@olympique.ca<\/a><\/p>\n\n\n\n<p class=\"wp-block-paragraph\">Pour les demandes des m\u00e9dias, veuillez contacter : <a href=\"mailto:communications@olympique.ca\">communications@olympique.ca<\/a>.<\/p>\n\n\n\n<p class=\"wp-block-paragraph\"><\/p>\n","protected":false},"excerpt":{"rendered":"<p>Vision Les Jeux olympiques et paralympiques font partie int\u00e9grante du tissu canadien. Chaque jour, des dizaines de milliers de Canadiens&#8230;<\/p>\n","protected":false},"author":52435436,"featured_media":0,"parent":3112,"menu_order":0,"comment_status":"closed","ping_status":"closed","template":"templates\/template-about.php","meta":{"_edit_lock":["1638994905:52435436"],"_last_editor_used_jetpack":["block-editor"],"_edit_last":["52435436"],"coc_games":[""],"_coc_games":["field_5e83bf020f51f"],"coc_trivia":[""],"_coc_trivia":["field_5e83bacdec2aa"],"coc_sharing_options":["a:1:{s:18:\"coc_hide_share_bar\";b:0;}"],"coc_campaign_options":["a:4:{s:16:\"coc_campaign_tag\";s:0:\"\";s:15:\"coc_campaign_bg\";N;s:25:\"coc_campaign_bg_downloads\";a:0:{}s:20:\"coc_campaign_posters\";a:0:{}}"],"coc_team_options":["a:1:{s:15:\"coc_game_select\";i:184566;}"],"coc_oc_landing_options":["a:2:{s:17:\"coc_oc_landing_bg\";N;s:22:\"coc_oc_landing_stories\";a:0:{}}"],"coc_edit_profile_options":["a:1:{s:20:\"coc_favourite_sports\";a:0:{}}"],"coc_oc_reward_options":["a:13:{s:16:\"coc_oc_reward_id\";s:0:\"\";s:19:\"coc_oc_ac_reward_id\";s:0:\"\";s:20:\"coc_oc_reward_points\";s:0:\"\";s:19:\"coc_oc_reward_rules\";N;s:31:\"coc_oc_digital_download_desktop\";N;s:30:\"coc_oc_digital_download_mobile\";N;s:32:\"coc_oc_digital_download_facebook\";N;s:29:\"coc_oc_reward_success_message\";s:0:\"\";s:23:\"coc_oc_facebook_content\";s:0:\"\";s:22:\"coc_oc_twitter_content\";s:0:\"\";s:24:\"coc_oc_social_contest_id\";s:0:\"\";s:31:\"coc_oc_reward_logged_in_message\";s:0:\"\";s:32:\"coc_oc_reward_logged_out_message\";s:0:\"\";}"],"coc_press_options":["a:2:{s:28:\"coc_press_additional_content\";s:0:\"\";s:27:\"coc_press_resource_category\";a:0:{}}"],"coc_breaking_news_options":["a:1:{s:25:\"coc_breaking_news_details\";a:0:{}}"],"coc_be_olympic_options":["a:8:{s:37:\"coc_be_olympic_exclusive_content_link\";s:0:\"\";s:27:\"coc_be_olympic_videos_title\";s:0:\"\";s:21:\"coc_be_olympic_videos\";a:0:{}s:27:\"coc_be_olympic_photos_title\";s:0:\"\";s:21:\"coc_be_olympic_photos\";a:0:{}s:24:\"coc_be_olympic_downloads\";a:0:{}s:22:\"coc_be_olympic_quizzes\";a:0:{}s:26:\"coc_be_olympic_fan_fun_ads\";a:0:{}}"],"coc_fan_fun_options":["a:2:{s:23:\"coc_fan_fun_hammer_time\";a:2:{s:29:\"coc_fan_fun_hammer_time_image\";N;s:27:\"coc_fan_fun_hammer_time_url\";s:0:\"\";}s:22:\"coc_fan_fun_torch_dash\";a:2:{s:28:\"coc_fan_fun_torch_dash_image\";N;s:26:\"coc_fan_fun_torch_dash_url\";s:0:\"\";}}"],"coc_interactive_game_options":["a:3:{s:28:\"coc_interactive_game_message\";s:0:\"\";s:24:\"coc_interactive_game_url\";s:0:\"\";s:27:\"coc_interactive_game_iframe\";b:0;}"],"coc_olympic_club_options":["a:1:{s:12:\"redirect_url\";s:0:\"\";}"],"coc_favorites_options":["a:3:{s:13:\"content_types\";a:0:{}s:7:\"seasons\";a:0:{}s:4:\"gear\";a:0:{}}"],"coc_og_tags":["a:3:{s:8:\"og_title\";s:0:\"\";s:14:\"og_description\";s:0:\"\";s:8:\"og_image\";N;}"],"coc_education_options":["A"],"coc_page_options":["a:2:{s:14:\"show_crazy_egg\";b:0;s:30:\"coc_partner_takeover_ads_story\";a:5:{s:20:\"coc_ad_story_desktop\";N;s:26:\"coc_ad_story_desktop_label\";s:0:\"\";s:19:\"coc_ad_story_mobile\";N;s:25:\"coc_ad_story_mobile_label\";s:0:\"\";s:16:\"coc_ad_story_url\";s:0:\"\";}}"],"coc_donor_video_options":["a:1:{s:21:\"donor_featured_videos\";a:0:{}}"],"coc_about_video_options":["a:1:{s:11:\"about_video\";a:3:{s:21:\"coc_about_video_title\";s:0:\"\";s:20:\"coc_about_video_text\";s:0:\"\";s:21:\"coc_about_youtube_url\";s:0:\"\";}}"],"coc_about_image_options":["a:1:{s:11:\"about_image\";a:3:{s:21:\"coc_about_image_title\";s:0:\"\";s:20:\"coc_about_image_text\";s:0:\"\";s:19:\"coc_about_image_url\";N;}}"],"coc_giving_options":["a:1:{s:14:\"giving_options\";a:0:{}}"],"coc_homepage_video_options":["a:1:{s:13:\"video_options\";a:1:{s:18:\"coc_homepage_video\";s:0:\"\";}}"],"coc_homepage_priorities":["a:1:{s:16:\"priority_options\";a:0:{}}"],"coc_homepage_campaign_options":["a:1:{s:16:\"campaign_options\";a:3:{s:24:\"coc_campaign_video_title\";s:0:\"\";s:23:\"coc_campaign_video_text\";s:0:\"\";s:24:\"coc_campaign_youtube_url\";s:0:\"\";}}"],"hof_selected_committee":["a:1:{s:11:\"hof_members\";a:0:{}}"],"hof_partners_options":["a:1:{s:12:\"hof_partners\";a:0:{}}"],"hof_search_excerpt":["a:1:{s:18:\"coc_search_excerpt\";s:0:\"\";}"],"_x_multifield_seo_accordion":["a:1:{i:0;a:2:{s:19:\"seo_accordion_title\";s:0:\"\";s:25:\"seo_accordion_description\";s:0:\"\";}}"],"_yoast_wpseo_estimated-reading-time-minutes":["3"],"_wp_page_template":["templates\/template-about.php"],"seo_translation_link":["https:\/\/develop.olympic.ca\/canadian-olympic-committee\/bidding-hosting"],"_yoast_wpseo_content_score":["30"]},"coauthors":[209008581],"class_list":["post-194078","page","type-page","status-publish","format-standard","hentry"],"acf":[],"yoast_head":"<!-- This site is optimized with the Yoast SEO plugin v27.3 - https:\/\/yoast.com\/product\/yoast-seo-wordpress\/ -->\n<title>Candidature et accueil d\u2019\u00e9v\u00e9nements - \u00c9quipe Canada | Site officiel de l&#039;\u00e9quipe olympique<\/title>\n<meta name=\"robots\" content=\"index, follow, max-snippet:-1, max-image-preview:large, max-video-preview:-1\" \/>\n<link rel=\"canonical\" href=\"https:\/\/develop.olympic.ca\/olympique\/comite-olympique-canadien\/candidature-et-accueil-devenements\/\" \/>\n<meta property=\"og:locale\" content=\"fr_FR\" \/>\n<meta property=\"og:type\" content=\"article\" \/>\n<meta property=\"og:title\" content=\"Candidature et accueil d\u2019\u00e9v\u00e9nements - \u00c9quipe Canada | Site officiel de l&#039;\u00e9quipe olympique\" \/>\n<meta property=\"og:description\" content=\"Vision Les Jeux olympiques et paralympiques font partie int\u00e9grante du tissu canadien. Chaque jour, des dizaines de milliers de Canadiens...\" \/>\n<meta property=\"og:url\" content=\"https:\/\/develop.olympic.ca\/olympique\/comite-olympique-canadien\/candidature-et-accueil-devenements\/\" \/>\n<meta property=\"og:site_name\" content=\"\u00c9quipe Canada | Site officiel de l&#039;\u00e9quipe olympique\" \/>\n<meta property=\"og:image\" content=\"https:\/\/develop.olympic.ca\/olympique\/wp-content\/uploads\/sites\/2\/2021\/11\/OLY-20100228DCS118.jpg?quality=100&amp;w=1131\" \/>\n<meta name=\"twitter:card\" content=\"summary_large_image\" \/>\n<meta name=\"twitter:label1\" content=\"Est. reading time\" \/>\n\t<meta name=\"twitter:data1\" content=\"3 minutes\" \/>\n\t<meta name=\"twitter:label2\" content=\"Written by\" \/>\n\t<meta name=\"twitter:data2\" content=\"Mark Nadolny\" \/>\n<script type=\"application\/ld+json\" class=\"yoast-schema-graph\">{\"@context\":\"https:\\\/\\\/schema.org\",\"@graph\":[{\"@type\":\"WebPage\",\"@id\":\"https:\\\/\\\/develop.olympic.ca\\\/olympique\\\/comite-olympique-canadien\\\/candidature-et-accueil-devenements\\\/\",\"url\":\"https:\\\/\\\/develop.olympic.ca\\\/olympique\\\/comite-olympique-canadien\\\/candidature-et-accueil-devenements\\\/\",\"name\":\"Candidature et accueil d\u2019\u00e9v\u00e9nements - \u00c9quipe Canada | Site officiel de l&#039;\u00e9quipe olympique\",\"isPartOf\":{\"@id\":\"https:\\\/\\\/develop.olympic.ca\\\/olympique\\\/#website\"},\"primaryImageOfPage\":{\"@id\":\"https:\\\/\\\/develop.olympic.ca\\\/olympique\\\/comite-olympique-canadien\\\/candidature-et-accueil-devenements\\\/#primaryimage\"},\"image\":{\"@id\":\"https:\\\/\\\/develop.olympic.ca\\\/olympique\\\/comite-olympique-canadien\\\/candidature-et-accueil-devenements\\\/#primaryimage\"},\"thumbnailUrl\":\"https:\\\/\\\/develop.olympic.ca\\\/olympique\\\/wp-content\\\/uploads\\\/sites\\\/2\\\/2021\\\/11\\\/OLY-20100228DCS118.jpg?quality=100&amp;w=1131\",\"datePublished\":\"2021-12-09T21:30:00+00:00\",\"breadcrumb\":{\"@id\":\"https:\\\/\\\/develop.olympic.ca\\\/olympique\\\/comite-olympique-canadien\\\/candidature-et-accueil-devenements\\\/#breadcrumb\"},\"inLanguage\":\"fr-FR\",\"potentialAction\":[{\"@type\":\"ReadAction\",\"target\":[\"https:\\\/\\\/develop.olympic.ca\\\/olympique\\\/comite-olympique-canadien\\\/candidature-et-accueil-devenements\\\/\"]}]},{\"@type\":\"ImageObject\",\"inLanguage\":\"fr-FR\",\"@id\":\"https:\\\/\\\/develop.olympic.ca\\\/olympique\\\/comite-olympique-canadien\\\/candidature-et-accueil-devenements\\\/#primaryimage\",\"url\":\"https:\\\/\\\/develop.olympic.ca\\\/olympique\\\/wp-content\\\/uploads\\\/sites\\\/2\\\/2021\\\/11\\\/OLY-20100228DCS118.jpg?quality=100\",\"contentUrl\":\"https:\\\/\\\/develop.olympic.ca\\\/olympique\\\/wp-content\\\/uploads\\\/sites\\\/2\\\/2021\\\/11\\\/OLY-20100228DCS118.jpg?quality=100\",\"width\":1200,\"height\":800,\"caption\":\"Members of the Canadian Olympic Team march into closing ceremonies at BC Place during the 2010 Vancouver Olympic Winter Games in Vancouver, B.C. THE (CANADIAN PRESS)2010(HO-COC-Dave Sandford)\"},{\"@type\":\"BreadcrumbList\",\"@id\":\"https:\\\/\\\/develop.olympic.ca\\\/olympique\\\/comite-olympique-canadien\\\/candidature-et-accueil-devenements\\\/#breadcrumb\",\"itemListElement\":[{\"@type\":\"ListItem\",\"position\":1,\"name\":\"Aper\u00e7u du Comit\u00e9 olympique canadien\",\"item\":\"https:\\\/\\\/develop.olympic.ca\\\/olympique\\\/comite-olympique-canadien\\\/\"},{\"@type\":\"ListItem\",\"position\":2,\"name\":\"Candidature et accueil d\u2019\u00e9v\u00e9nements\"}]},{\"@type\":\"WebSite\",\"@id\":\"https:\\\/\\\/develop.olympic.ca\\\/olympique\\\/#website\",\"url\":\"https:\\\/\\\/develop.olympic.ca\\\/olympique\\\/\",\"name\":\"\u00c9quipe Canada | Site officiel de l&#039;\u00e9quipe olympique\",\"description\":\"Votre source pour l\u2019\u00c9quipe olympique canadienne. Retrouvez les r\u00e9cits, vid\u00e9os et photos des athl\u00e8tes canadiens, sports olympiques, Jeux olympiques de 2020 et bien plus!\",\"potentialAction\":[{\"@type\":\"SearchAction\",\"target\":{\"@type\":\"EntryPoint\",\"urlTemplate\":\"https:\\\/\\\/develop.olympic.ca\\\/olympique\\\/?s={search_term_string}\"},\"query-input\":{\"@type\":\"PropertyValueSpecification\",\"valueRequired\":true,\"valueName\":\"search_term_string\"}}],\"inLanguage\":\"fr-FR\"}]}<\/script>\n<!-- \/ Yoast SEO plugin. -->","yoast_head_json":{"title":"Candidature et accueil d\u2019\u00e9v\u00e9nements - \u00c9quipe Canada | Site officiel de l&#039;\u00e9quipe olympique","robots":{"index":"index","follow":"follow","max-snippet":"max-snippet:-1","max-image-preview":"max-image-preview:large","max-video-preview":"max-video-preview:-1"},"canonical":"https:\/\/develop.olympic.ca\/olympique\/comite-olympique-canadien\/candidature-et-accueil-devenements\/","og_locale":"fr_FR","og_type":"article","og_title":"Candidature et accueil d\u2019\u00e9v\u00e9nements - \u00c9quipe Canada | Site officiel de l&#039;\u00e9quipe olympique","og_description":"Vision Les Jeux olympiques et paralympiques font partie int\u00e9grante du tissu canadien. Chaque jour, des dizaines de milliers de Canadiens...","og_url":"https:\/\/develop.olympic.ca\/olympique\/comite-olympique-canadien\/candidature-et-accueil-devenements\/","og_site_name":"\u00c9quipe Canada | Site officiel de l&#039;\u00e9quipe olympique","og_image":[{"url":"https:\/\/develop.olympic.ca\/olympique\/wp-content\/uploads\/sites\/2\/2021\/11\/OLY-20100228DCS118.jpg?quality=100&amp;w=1131","type":"","width":"","height":""}],"twitter_card":"summary_large_image","twitter_misc":{"Est. reading time":"3 minutes","Written by":"Mark Nadolny"},"schema":{"@context":"https:\/\/schema.org","@graph":[{"@type":"WebPage","@id":"https:\/\/develop.olympic.ca\/olympique\/comite-olympique-canadien\/candidature-et-accueil-devenements\/","url":"https:\/\/develop.olympic.ca\/olympique\/comite-olympique-canadien\/candidature-et-accueil-devenements\/","name":"Candidature et accueil d\u2019\u00e9v\u00e9nements - \u00c9quipe Canada | Site officiel de l&#039;\u00e9quipe olympique","isPartOf":{"@id":"https:\/\/develop.olympic.ca\/olympique\/#website"},"primaryImageOfPage":{"@id":"https:\/\/develop.olympic.ca\/olympique\/comite-olympique-canadien\/candidature-et-accueil-devenements\/#primaryimage"},"image":{"@id":"https:\/\/develop.olympic.ca\/olympique\/comite-olympique-canadien\/candidature-et-accueil-devenements\/#primaryimage"},"thumbnailUrl":"https:\/\/develop.olympic.ca\/olympique\/wp-content\/uploads\/sites\/2\/2021\/11\/OLY-20100228DCS118.jpg?quality=100&amp;w=1131","datePublished":"2021-12-09T21:30:00+00:00","breadcrumb":{"@id":"https:\/\/develop.olympic.ca\/olympique\/comite-olympique-canadien\/candidature-et-accueil-devenements\/#breadcrumb"},"inLanguage":"fr-FR","potentialAction":[{"@type":"ReadAction","target":["https:\/\/develop.olympic.ca\/olympique\/comite-olympique-canadien\/candidature-et-accueil-devenements\/"]}]},{"@type":"ImageObject","inLanguage":"fr-FR","@id":"https:\/\/develop.olympic.ca\/olympique\/comite-olympique-canadien\/candidature-et-accueil-devenements\/#primaryimage","url":"https:\/\/develop.olympic.ca\/olympique\/wp-content\/uploads\/sites\/2\/2021\/11\/OLY-20100228DCS118.jpg?quality=100","contentUrl":"https:\/\/develop.olympic.ca\/olympique\/wp-content\/uploads\/sites\/2\/2021\/11\/OLY-20100228DCS118.jpg?quality=100","width":1200,"height":800,"caption":"Members of the Canadian Olympic Team march into closing ceremonies at BC Place during the 2010 Vancouver Olympic Winter Games in Vancouver, B.C. THE (CANADIAN PRESS)2010(HO-COC-Dave Sandford)"},{"@type":"BreadcrumbList","@id":"https:\/\/develop.olympic.ca\/olympique\/comite-olympique-canadien\/candidature-et-accueil-devenements\/#breadcrumb","itemListElement":[{"@type":"ListItem","position":1,"name":"Aper\u00e7u du Comit\u00e9 olympique canadien","item":"https:\/\/develop.olympic.ca\/olympique\/comite-olympique-canadien\/"},{"@type":"ListItem","position":2,"name":"Candidature et accueil d\u2019\u00e9v\u00e9nements"}]},{"@type":"WebSite","@id":"https:\/\/develop.olympic.ca\/olympique\/#website","url":"https:\/\/develop.olympic.ca\/olympique\/","name":"\u00c9quipe Canada | Site officiel de l&#039;\u00e9quipe olympique","description":"Votre source pour l\u2019\u00c9quipe olympique canadienne. Retrouvez les r\u00e9cits, vid\u00e9os et photos des athl\u00e8tes canadiens, sports olympiques, Jeux olympiques de 2020 et bien plus!","potentialAction":[{"@type":"SearchAction","target":{"@type":"EntryPoint","urlTemplate":"https:\/\/develop.olympic.ca\/olympique\/?s={search_term_string}"},"query-input":{"@type":"PropertyValueSpecification","valueRequired":true,"valueName":"search_term_string"}}],"inLanguage":"fr-FR"}]}},"jetpack_sharing_enabled":true,"jetpack-related-posts":[],"jetpack_shortlink":"https:\/\/wp.me\/PbmyEP-Oui","_links":{"self":[{"href":"https:\/\/develop.olympic.ca\/olympique\/wp-json\/wp\/v2\/pages\/194078","targetHints":{"allow":["GET"]}}],"collection":[{"href":"https:\/\/develop.olympic.ca\/olympique\/wp-json\/wp\/v2\/pages"}],"about":[{"href":"https:\/\/develop.olympic.ca\/olympique\/wp-json\/wp\/v2\/types\/page"}],"author":[{"embeddable":true,"href":"https:\/\/develop.olympic.ca\/olympique\/wp-json\/wp\/v2\/users\/52435436"}],"replies":[{"embeddable":true,"href":"https:\/\/develop.olympic.ca\/olympique\/wp-json\/wp\/v2\/comments?post=194078"}],"version-history":[{"count":9,"href":"https:\/\/develop.olympic.ca\/olympique\/wp-json\/wp\/v2\/pages\/194078\/revisions"}],"predecessor-version":[{"id":195396,"href":"https:\/\/develop.olympic.ca\/olympique\/wp-json\/wp\/v2\/pages\/194078\/revisions\/195396"}],"up":[{"embeddable":true,"href":"https:\/\/develop.olympic.ca\/olympique\/wp-json\/wp\/v2\/pages\/3112"}],"wp:attachment":[{"href":"https:\/\/develop.olympic.ca\/olympique\/wp-json\/wp\/v2\/media?parent=194078"}],"wp:term":[{"taxonomy":"author","embeddable":true,"href":"https:\/\/develop.olympic.ca\/olympique\/wp-json\/wp\/v2\/coauthors?post=194078"}],"curies":[{"name":"wp","href":"https:\/\/api.w.org\/{rel}","templated":true}]}}