{"id":3679,"date":"2011-08-30T13:55:16","date_gmt":"2011-08-30T17:55:16","guid":{"rendered":"http:\/\/develop.olympic.ca\/?page_id=3679"},"modified":"2013-08-01T19:54:58","modified_gmt":"2013-08-01T19:54:58","slug":"academie-internationale-olympique","status":"publish","type":"page","link":"https:\/\/develop.olympic.ca\/olympique\/programmes\/academie-internationale-olympique\/","title":{"rendered":"Acad\u00e9mie internationale olympique"},"content":{"rendered":"<p>L&rsquo;objectif de l&rsquo;Acad\u00e9mie internationale olympique est de cr\u00e9er \u00e0 Olympie un centre culturel international pour pr\u00e9server et diffuser l&rsquo;esprit olympique, \u00e9tudier les principes \u00e9ducatifs et sociaux de l&rsquo;Olympisme et les mettre en pratique.<\/p>\n<p>La Session pour jeunes participants est seulement ouverte aux personnes \u00e2g\u00e9es de 20 \u00e0 35 ans au moment de la session (conform\u00e9ment \u00e0 la politique de l&rsquo;AIO). Les candidats doivent poss\u00e9der de bonnes notions sur l&rsquo;Olympisme et faire preuve d&rsquo;un engagement actif dans le Mouvement olympique. Vous pouvez obtenir des renseignements d&rsquo;ordre g\u00e9n\u00e9ral sur l&rsquo;Acad\u00e9mie internationale olympique au\u00a0<a href=\"http:\/\/www.ioa-sessions.org\/\">http:\/\/www.ioa-sessions.org<\/a>.<\/p>\n<p>Tous les frais seront pris en charge pendant le d\u00e9roulement de l&rsquo;AIO. Cependant, les d\u00e9l\u00e9gu\u00e9s seront responsables de leur transport jusqu&rsquo;\u00e0 Toronto ou Montr\u00e9al (points de d\u00e9part des vols de la Olympic Airways \u00e0 destination de la Gr\u00e8ce). Les d\u00e9l\u00e9gu\u00e9s devront \u00e9galement payer les frais engag\u00e9s \u00e0 Ath\u00e8nes avant le d\u00e9but et apr\u00e8s la fin officiels de la session.<\/p>\n","protected":false},"excerpt":{"rendered":"<p>L&rsquo;objectif de l&rsquo;Acad\u00e9mie internationale olympique est de cr\u00e9er \u00e0 Olympie un centre culturel international pour pr\u00e9server et diffuser l&rsquo;esprit olympique,&#8230;<\/p>\n","protected":false},"author":47562643,"featured_media":0,"parent":3569,"menu_order":0,"comment_status":"open","ping_status":"open","template":"","meta":{"_edit_last":["52435436"],"_wp_page_template":["default"],"_seosmart_cache":["a:2:{s:8:\"keywords\";a:0:{}s:4:\"time\";s:10:\"1336551744\";}"],"_original_post_id":["3679"],"_original_import_author":["joebarnett"],"_original_parent_id":["3569"],"_wpcom_imported":["a:2:{s:8:\"importer\";s:9:\"wordpress\";s:4:\"date\";s:19:\"2013-07-21 18:11:44\";}"],"original_post_id":["3679"],"_wp_old_slug":["3679"],"seo_translation_link":["http:\/\/develop.olympic.ca\/programs\/international-olympic-academy\/"],"_edit_lock":["1375386876:52435436"],"_x_multifield_breaking_news":["a:1:{i:0;a:1:{s:18:\"breaking_news_text\";s:0:\"\";}}"],"_elasticsearch_indexed_on":["2011-08-30 17:55:16"],"_is_empty_after_transformation":["yes"]},"coauthors":[186127234],"class_list":["post-3679","page","type-page","status-publish","format-standard","hentry"],"acf":[],"yoast_head":"<!-- This site is optimized with the Yoast SEO plugin v27.3 - https:\/\/yoast.com\/product\/yoast-seo-wordpress\/ -->\n<title>Acad\u00e9mie internationale olympique - \u00c9quipe Canada | Site officiel de l&#039;\u00e9quipe olympique<\/title>\n<meta name=\"robots\" content=\"index, follow, max-snippet:-1, max-image-preview:large, max-video-preview:-1\" \/>\n<link rel=\"canonical\" href=\"https:\/\/develop.olympic.ca\/olympique\/programmes\/academie-internationale-olympique\/\" \/>\n<meta property=\"og:locale\" content=\"fr_FR\" \/>\n<meta property=\"og:type\" content=\"article\" \/>\n<meta property=\"og:title\" content=\"Acad\u00e9mie internationale olympique - \u00c9quipe Canada | Site officiel de l&#039;\u00e9quipe olympique\" \/>\n<meta property=\"og:description\" content=\"L&rsquo;objectif de l&rsquo;Acad\u00e9mie internationale olympique est de cr\u00e9er \u00e0 Olympie un centre culturel international pour pr\u00e9server et diffuser l&rsquo;esprit olympique,...\" \/>\n<meta property=\"og:url\" content=\"https:\/\/develop.olympic.ca\/olympique\/programmes\/academie-internationale-olympique\/\" \/>\n<meta property=\"og:site_name\" content=\"\u00c9quipe Canada | Site officiel de l&#039;\u00e9quipe olympique\" \/>\n<meta property=\"article:modified_time\" content=\"2013-08-01T19:54:58+00:00\" \/>\n<meta name=\"twitter:card\" content=\"summary_large_image\" \/>\n<meta name=\"twitter:label1\" content=\"Est. reading time\" \/>\n\t<meta name=\"twitter:data1\" content=\"1 minute\" \/>\n\t<meta name=\"twitter:label2\" content=\"Written by\" \/>\n\t<meta name=\"twitter:data2\" content=\"Comit\u00e9 olympique canadien\" \/>\n<script type=\"application\/ld+json\" class=\"yoast-schema-graph\">{\"@context\":\"https:\\\/\\\/schema.org\",\"@graph\":[{\"@type\":\"WebPage\",\"@id\":\"https:\\\/\\\/develop.olympic.ca\\\/olympique\\\/programmes\\\/academie-internationale-olympique\\\/\",\"url\":\"https:\\\/\\\/develop.olympic.ca\\\/olympique\\\/programmes\\\/academie-internationale-olympique\\\/\",\"name\":\"Acad\u00e9mie internationale olympique - \u00c9quipe Canada | Site officiel de l&#039;\u00e9quipe olympique\",\"isPartOf\":{\"@id\":\"https:\\\/\\\/develop.olympic.ca\\\/olympique\\\/#website\"},\"datePublished\":\"2011-08-30T17:55:16+00:00\",\"dateModified\":\"2013-08-01T19:54:58+00:00\",\"breadcrumb\":{\"@id\":\"https:\\\/\\\/develop.olympic.ca\\\/olympique\\\/programmes\\\/academie-internationale-olympique\\\/#breadcrumb\"},\"inLanguage\":\"fr-FR\",\"potentialAction\":[{\"@type\":\"ReadAction\",\"target\":[\"https:\\\/\\\/develop.olympic.ca\\\/olympique\\\/programmes\\\/academie-internationale-olympique\\\/\"]}]},{\"@type\":\"BreadcrumbList\",\"@id\":\"https:\\\/\\\/develop.olympic.ca\\\/olympique\\\/programmes\\\/academie-internationale-olympique\\\/#breadcrumb\",\"itemListElement\":[{\"@type\":\"ListItem\",\"position\":1,\"name\":\"Programmes\",\"item\":\"https:\\\/\\\/develop.olympic.ca\\\/olympique\\\/?page_id=3569\"},{\"@type\":\"ListItem\",\"position\":2,\"name\":\"Acad\u00e9mie internationale olympique\"}]},{\"@type\":\"WebSite\",\"@id\":\"https:\\\/\\\/develop.olympic.ca\\\/olympique\\\/#website\",\"url\":\"https:\\\/\\\/develop.olympic.ca\\\/olympique\\\/\",\"name\":\"\u00c9quipe Canada | Site officiel de l&#039;\u00e9quipe olympique\",\"description\":\"Votre source pour l\u2019\u00c9quipe olympique canadienne. Retrouvez les r\u00e9cits, vid\u00e9os et photos des athl\u00e8tes canadiens, sports olympiques, Jeux olympiques de 2020 et bien plus!\",\"potentialAction\":[{\"@type\":\"SearchAction\",\"target\":{\"@type\":\"EntryPoint\",\"urlTemplate\":\"https:\\\/\\\/develop.olympic.ca\\\/olympique\\\/?s={search_term_string}\"},\"query-input\":{\"@type\":\"PropertyValueSpecification\",\"valueRequired\":true,\"valueName\":\"search_term_string\"}}],\"inLanguage\":\"fr-FR\"}]}<\/script>\n<!-- \/ Yoast SEO plugin. -->","yoast_head_json":{"title":"Acad\u00e9mie internationale olympique - \u00c9quipe Canada | Site officiel de l&#039;\u00e9quipe olympique","robots":{"index":"index","follow":"follow","max-snippet":"max-snippet:-1","max-image-preview":"max-image-preview:large","max-video-preview":"max-video-preview:-1"},"canonical":"https:\/\/develop.olympic.ca\/olympique\/programmes\/academie-internationale-olympique\/","og_locale":"fr_FR","og_type":"article","og_title":"Acad\u00e9mie internationale olympique - \u00c9quipe Canada | Site officiel de l&#039;\u00e9quipe olympique","og_description":"L&rsquo;objectif de l&rsquo;Acad\u00e9mie internationale olympique est de cr\u00e9er \u00e0 Olympie un centre culturel international pour pr\u00e9server et diffuser l&rsquo;esprit olympique,...","og_url":"https:\/\/develop.olympic.ca\/olympique\/programmes\/academie-internationale-olympique\/","og_site_name":"\u00c9quipe Canada | Site officiel de l&#039;\u00e9quipe olympique","article_modified_time":"2013-08-01T19:54:58+00:00","twitter_card":"summary_large_image","twitter_misc":{"Est. reading time":"1 minute","Written by":"Comit\u00e9 olympique canadien"},"schema":{"@context":"https:\/\/schema.org","@graph":[{"@type":"WebPage","@id":"https:\/\/develop.olympic.ca\/olympique\/programmes\/academie-internationale-olympique\/","url":"https:\/\/develop.olympic.ca\/olympique\/programmes\/academie-internationale-olympique\/","name":"Acad\u00e9mie internationale olympique - \u00c9quipe Canada | Site officiel de l&#039;\u00e9quipe olympique","isPartOf":{"@id":"https:\/\/develop.olympic.ca\/olympique\/#website"},"datePublished":"2011-08-30T17:55:16+00:00","dateModified":"2013-08-01T19:54:58+00:00","breadcrumb":{"@id":"https:\/\/develop.olympic.ca\/olympique\/programmes\/academie-internationale-olympique\/#breadcrumb"},"inLanguage":"fr-FR","potentialAction":[{"@type":"ReadAction","target":["https:\/\/develop.olympic.ca\/olympique\/programmes\/academie-internationale-olympique\/"]}]},{"@type":"BreadcrumbList","@id":"https:\/\/develop.olympic.ca\/olympique\/programmes\/academie-internationale-olympique\/#breadcrumb","itemListElement":[{"@type":"ListItem","position":1,"name":"Programmes","item":"https:\/\/develop.olympic.ca\/olympique\/?page_id=3569"},{"@type":"ListItem","position":2,"name":"Acad\u00e9mie internationale olympique"}]},{"@type":"WebSite","@id":"https:\/\/develop.olympic.ca\/olympique\/#website","url":"https:\/\/develop.olympic.ca\/olympique\/","name":"\u00c9quipe Canada | Site officiel de l&#039;\u00e9quipe olympique","description":"Votre source pour l\u2019\u00c9quipe olympique canadienne. Retrouvez les r\u00e9cits, vid\u00e9os et photos des athl\u00e8tes canadiens, sports olympiques, Jeux olympiques de 2020 et bien plus!","potentialAction":[{"@type":"SearchAction","target":{"@type":"EntryPoint","urlTemplate":"https:\/\/develop.olympic.ca\/olympique\/?s={search_term_string}"},"query-input":{"@type":"PropertyValueSpecification","valueRequired":true,"valueName":"search_term_string"}}],"inLanguage":"fr-FR"}]}},"jetpack_sharing_enabled":true,"jetpack-related-posts":[],"jetpack_shortlink":"https:\/\/wp.me\/PbmyEP-Xl","_links":{"self":[{"href":"https:\/\/develop.olympic.ca\/olympique\/wp-json\/wp\/v2\/pages\/3679","targetHints":{"allow":["GET"]}}],"collection":[{"href":"https:\/\/develop.olympic.ca\/olympique\/wp-json\/wp\/v2\/pages"}],"about":[{"href":"https:\/\/develop.olympic.ca\/olympique\/wp-json\/wp\/v2\/types\/page"}],"author":[{"embeddable":true,"href":"https:\/\/develop.olympic.ca\/olympique\/wp-json\/wp\/v2\/users\/47562643"}],"replies":[{"embeddable":true,"href":"https:\/\/develop.olympic.ca\/olympique\/wp-json\/wp\/v2\/comments?post=3679"}],"version-history":[{"count":1,"href":"https:\/\/develop.olympic.ca\/olympique\/wp-json\/wp\/v2\/pages\/3679\/revisions"}],"predecessor-version":[{"id":83310,"href":"https:\/\/develop.olympic.ca\/olympique\/wp-json\/wp\/v2\/pages\/3679\/revisions\/83310"}],"up":[{"embeddable":true,"href":"https:\/\/develop.olympic.ca\/olympique\/wp-json\/wp\/v2\/pages\/3569"}],"wp:attachment":[{"href":"https:\/\/develop.olympic.ca\/olympique\/wp-json\/wp\/v2\/media?parent=3679"}],"wp:term":[{"taxonomy":"author","embeddable":true,"href":"https:\/\/develop.olympic.ca\/olympique\/wp-json\/wp\/v2\/coauthors?post=3679"}],"curies":[{"name":"wp","href":"https:\/\/api.w.org\/{rel}","templated":true}]}}