{"id":48223,"date":"2013-01-22T10:04:23","date_gmt":"2013-01-22T15:04:23","guid":{"rendered":"http:\/\/develop.olympic.ca\/?page_id=48223"},"modified":"2013-08-01T20:01:09","modified_gmt":"2013-08-01T20:01:09","slug":"bell-athletes-branches","status":"publish","type":"page","link":"https:\/\/develop.olympic.ca\/olympique\/programmes\/bell-athletes-branches\/","title":{"rendered":"Bell Athl\u00e8tes Branch\u00e9s"},"content":{"rendered":"<p>Pour un athl\u00e8te, le travail acharn\u00e9 et la d\u00e9termination ne suffisent pas pour r\u00e9ussir. Il doit aussi disposer des outils appropri\u00e9s. Or, le programme Athl\u00e8tes branch\u00e9s de Bell fournit aux athl\u00e8tes canadiens des outils qui leur permettent de viser le podium.<\/p>\n<p>En effet, le rythme des d\u00e9placements, de l\u2019entra\u00eenement et de la comp\u00e9tition est intense. Pour un athl\u00e8te, rester en contact tout en restant concentr\u00e9 sur sa performance peut repr\u00e9senter un v\u00e9ritable d\u00e9fi. Dans le cadre de son programme, Bell offre gratuitement \u00e0 2 000 athl\u00e8tes canadiens par an des t\u00e9l\u00e9phones mobiles et du temps d&rsquo;antenne.<\/p>\n<p>Le programme Athl\u00e8tes branch\u00e9s offre des services de t\u00e9l\u00e9communications complets aux athl\u00e8tes des \u00e9quipes nationales seniors qui participent aux Jeux olympiques, paralympiques, panam\u00e9ricains, du Commonwealth et aux championnats du monde senior.<\/p>\n","protected":false},"excerpt":{"rendered":"<p>Pour un athl\u00e8te, le travail acharn\u00e9 et la d\u00e9termination ne suffisent pas pour r\u00e9ussir. Il doit aussi disposer des outils&#8230;<\/p>\n","protected":false},"author":47562643,"featured_media":27588,"parent":3569,"menu_order":0,"comment_status":"open","ping_status":"open","template":"","meta":{"s2mail":["yes"],"_edit_last":["53397589"],"_yoast_wpseo_google-plus-description":[""],"_original_post_id":["48223"],"_original_import_author":["mnadolny"],"_original_parent_id":["3569"],"_wpcom_imported":["a:2:{s:8:\"importer\";s:9:\"wordpress\";s:4:\"date\";s:19:\"2013-07-21 18:12:16\";}"],"original_post_id":["48223"],"_wp_old_slug":["48223"],"seo_translation_link":["http:\/\/develop.olympic.ca\/programs\/bell-athletes-connect\/"],"_edit_lock":["1375387170:53397589"],"_thumbnail_id":["27588"],"_wp_page_template":["default"],"_x_multifield_breaking_news":["a:1:{i:0;a:1:{s:18:\"breaking_news_text\";s:0:\"\";}}"],"_elasticsearch_indexed_on":["2013-01-22 15:04:23"],"_is_empty_after_transformation":["yes"]},"coauthors":[186127234],"class_list":["post-48223","page","type-page","status-publish","format-standard","has-post-thumbnail","hentry"],"acf":[],"yoast_head":"<!-- This site is optimized with the Yoast SEO plugin v27.3 - https:\/\/yoast.com\/product\/yoast-seo-wordpress\/ -->\n<title>Bell Athl\u00e8tes Branch\u00e9s - \u00c9quipe Canada | Site officiel de l&#039;\u00e9quipe olympique<\/title>\n<meta name=\"robots\" content=\"index, follow, max-snippet:-1, max-image-preview:large, max-video-preview:-1\" \/>\n<link rel=\"canonical\" href=\"https:\/\/develop.olympic.ca\/olympique\/programmes\/bell-athletes-branches\/\" \/>\n<meta property=\"og:locale\" content=\"fr_FR\" \/>\n<meta property=\"og:type\" content=\"article\" \/>\n<meta property=\"og:title\" content=\"Bell Athl\u00e8tes Branch\u00e9s - \u00c9quipe Canada | Site officiel de l&#039;\u00e9quipe olympique\" \/>\n<meta property=\"og:description\" content=\"Pour un athl\u00e8te, le travail acharn\u00e9 et la d\u00e9termination ne suffisent pas pour r\u00e9ussir. Il doit aussi disposer des outils...\" \/>\n<meta property=\"og:url\" content=\"https:\/\/develop.olympic.ca\/olympique\/programmes\/bell-athletes-branches\/\" \/>\n<meta property=\"og:site_name\" content=\"\u00c9quipe Canada | Site officiel de l&#039;\u00e9quipe olympique\" \/>\n<meta property=\"article:modified_time\" content=\"2013-08-01T20:01:09+00:00\" \/>\n<meta property=\"og:image\" content=\"https:\/\/develop.olympic.ca\/olympique\/wp-content\/uploads\/sites\/2\/2011\/11\/82046056.jpg?quality=100\" \/>\n\t<meta property=\"og:image:width\" content=\"2738\" \/>\n\t<meta property=\"og:image:height\" content=\"1539\" \/>\n\t<meta property=\"og:image:type\" content=\"image\/jpeg\" \/>\n<meta name=\"twitter:card\" content=\"summary_large_image\" \/>\n<meta name=\"twitter:label1\" content=\"Est. reading time\" \/>\n\t<meta name=\"twitter:data1\" content=\"1 minute\" \/>\n\t<meta name=\"twitter:label2\" content=\"Written by\" \/>\n\t<meta name=\"twitter:data2\" content=\"Comit\u00e9 olympique canadien\" \/>\n<script type=\"application\/ld+json\" class=\"yoast-schema-graph\">{\"@context\":\"https:\\\/\\\/schema.org\",\"@graph\":[{\"@type\":\"WebPage\",\"@id\":\"https:\\\/\\\/develop.olympic.ca\\\/olympique\\\/programmes\\\/bell-athletes-branches\\\/\",\"url\":\"https:\\\/\\\/develop.olympic.ca\\\/olympique\\\/programmes\\\/bell-athletes-branches\\\/\",\"name\":\"Bell Athl\u00e8tes Branch\u00e9s - \u00c9quipe Canada | Site officiel de l&#039;\u00e9quipe olympique\",\"isPartOf\":{\"@id\":\"https:\\\/\\\/develop.olympic.ca\\\/olympique\\\/#website\"},\"primaryImageOfPage\":{\"@id\":\"https:\\\/\\\/develop.olympic.ca\\\/olympique\\\/programmes\\\/bell-athletes-branches\\\/#primaryimage\"},\"image\":{\"@id\":\"https:\\\/\\\/develop.olympic.ca\\\/olympique\\\/programmes\\\/bell-athletes-branches\\\/#primaryimage\"},\"thumbnailUrl\":\"https:\\\/\\\/develop.olympic.ca\\\/olympique\\\/wp-content\\\/uploads\\\/sites\\\/2\\\/2011\\\/11\\\/82046056.jpg?quality=100\",\"datePublished\":\"2013-01-22T15:04:23+00:00\",\"dateModified\":\"2013-08-01T20:01:09+00:00\",\"breadcrumb\":{\"@id\":\"https:\\\/\\\/develop.olympic.ca\\\/olympique\\\/programmes\\\/bell-athletes-branches\\\/#breadcrumb\"},\"inLanguage\":\"fr-FR\",\"potentialAction\":[{\"@type\":\"ReadAction\",\"target\":[\"https:\\\/\\\/develop.olympic.ca\\\/olympique\\\/programmes\\\/bell-athletes-branches\\\/\"]}]},{\"@type\":\"ImageObject\",\"inLanguage\":\"fr-FR\",\"@id\":\"https:\\\/\\\/develop.olympic.ca\\\/olympique\\\/programmes\\\/bell-athletes-branches\\\/#primaryimage\",\"url\":\"https:\\\/\\\/develop.olympic.ca\\\/olympique\\\/wp-content\\\/uploads\\\/sites\\\/2\\\/2011\\\/11\\\/82046056.jpg?quality=100\",\"contentUrl\":\"https:\\\/\\\/develop.olympic.ca\\\/olympique\\\/wp-content\\\/uploads\\\/sites\\\/2\\\/2011\\\/11\\\/82046056.jpg?quality=100\",\"width\":2738,\"height\":1539},{\"@type\":\"BreadcrumbList\",\"@id\":\"https:\\\/\\\/develop.olympic.ca\\\/olympique\\\/programmes\\\/bell-athletes-branches\\\/#breadcrumb\",\"itemListElement\":[{\"@type\":\"ListItem\",\"position\":1,\"name\":\"Programmes\",\"item\":\"https:\\\/\\\/develop.olympic.ca\\\/olympique\\\/?page_id=3569\"},{\"@type\":\"ListItem\",\"position\":2,\"name\":\"Bell Athl\u00e8tes Branch\u00e9s\"}]},{\"@type\":\"WebSite\",\"@id\":\"https:\\\/\\\/develop.olympic.ca\\\/olympique\\\/#website\",\"url\":\"https:\\\/\\\/develop.olympic.ca\\\/olympique\\\/\",\"name\":\"\u00c9quipe Canada | Site officiel de l&#039;\u00e9quipe olympique\",\"description\":\"Votre source pour l\u2019\u00c9quipe olympique canadienne. Retrouvez les r\u00e9cits, vid\u00e9os et photos des athl\u00e8tes canadiens, sports olympiques, Jeux olympiques de 2020 et bien plus!\",\"potentialAction\":[{\"@type\":\"SearchAction\",\"target\":{\"@type\":\"EntryPoint\",\"urlTemplate\":\"https:\\\/\\\/develop.olympic.ca\\\/olympique\\\/?s={search_term_string}\"},\"query-input\":{\"@type\":\"PropertyValueSpecification\",\"valueRequired\":true,\"valueName\":\"search_term_string\"}}],\"inLanguage\":\"fr-FR\"}]}<\/script>\n<!-- \/ Yoast SEO plugin. -->","yoast_head_json":{"title":"Bell Athl\u00e8tes Branch\u00e9s - \u00c9quipe Canada | Site officiel de l&#039;\u00e9quipe olympique","robots":{"index":"index","follow":"follow","max-snippet":"max-snippet:-1","max-image-preview":"max-image-preview:large","max-video-preview":"max-video-preview:-1"},"canonical":"https:\/\/develop.olympic.ca\/olympique\/programmes\/bell-athletes-branches\/","og_locale":"fr_FR","og_type":"article","og_title":"Bell Athl\u00e8tes Branch\u00e9s - \u00c9quipe Canada | Site officiel de l&#039;\u00e9quipe olympique","og_description":"Pour un athl\u00e8te, le travail acharn\u00e9 et la d\u00e9termination ne suffisent pas pour r\u00e9ussir. Il doit aussi disposer des outils...","og_url":"https:\/\/develop.olympic.ca\/olympique\/programmes\/bell-athletes-branches\/","og_site_name":"\u00c9quipe Canada | Site officiel de l&#039;\u00e9quipe olympique","article_modified_time":"2013-08-01T20:01:09+00:00","og_image":[{"width":2738,"height":1539,"url":"https:\/\/develop.olympic.ca\/olympique\/wp-content\/uploads\/sites\/2\/2011\/11\/82046056.jpg?quality=100","type":"image\/jpeg"}],"twitter_card":"summary_large_image","twitter_misc":{"Est. reading time":"1 minute","Written by":"Comit\u00e9 olympique canadien"},"schema":{"@context":"https:\/\/schema.org","@graph":[{"@type":"WebPage","@id":"https:\/\/develop.olympic.ca\/olympique\/programmes\/bell-athletes-branches\/","url":"https:\/\/develop.olympic.ca\/olympique\/programmes\/bell-athletes-branches\/","name":"Bell Athl\u00e8tes Branch\u00e9s - \u00c9quipe Canada | Site officiel de l&#039;\u00e9quipe olympique","isPartOf":{"@id":"https:\/\/develop.olympic.ca\/olympique\/#website"},"primaryImageOfPage":{"@id":"https:\/\/develop.olympic.ca\/olympique\/programmes\/bell-athletes-branches\/#primaryimage"},"image":{"@id":"https:\/\/develop.olympic.ca\/olympique\/programmes\/bell-athletes-branches\/#primaryimage"},"thumbnailUrl":"https:\/\/develop.olympic.ca\/olympique\/wp-content\/uploads\/sites\/2\/2011\/11\/82046056.jpg?quality=100","datePublished":"2013-01-22T15:04:23+00:00","dateModified":"2013-08-01T20:01:09+00:00","breadcrumb":{"@id":"https:\/\/develop.olympic.ca\/olympique\/programmes\/bell-athletes-branches\/#breadcrumb"},"inLanguage":"fr-FR","potentialAction":[{"@type":"ReadAction","target":["https:\/\/develop.olympic.ca\/olympique\/programmes\/bell-athletes-branches\/"]}]},{"@type":"ImageObject","inLanguage":"fr-FR","@id":"https:\/\/develop.olympic.ca\/olympique\/programmes\/bell-athletes-branches\/#primaryimage","url":"https:\/\/develop.olympic.ca\/olympique\/wp-content\/uploads\/sites\/2\/2011\/11\/82046056.jpg?quality=100","contentUrl":"https:\/\/develop.olympic.ca\/olympique\/wp-content\/uploads\/sites\/2\/2011\/11\/82046056.jpg?quality=100","width":2738,"height":1539},{"@type":"BreadcrumbList","@id":"https:\/\/develop.olympic.ca\/olympique\/programmes\/bell-athletes-branches\/#breadcrumb","itemListElement":[{"@type":"ListItem","position":1,"name":"Programmes","item":"https:\/\/develop.olympic.ca\/olympique\/?page_id=3569"},{"@type":"ListItem","position":2,"name":"Bell Athl\u00e8tes Branch\u00e9s"}]},{"@type":"WebSite","@id":"https:\/\/develop.olympic.ca\/olympique\/#website","url":"https:\/\/develop.olympic.ca\/olympique\/","name":"\u00c9quipe Canada | Site officiel de l&#039;\u00e9quipe olympique","description":"Votre source pour l\u2019\u00c9quipe olympique canadienne. Retrouvez les r\u00e9cits, vid\u00e9os et photos des athl\u00e8tes canadiens, sports olympiques, Jeux olympiques de 2020 et bien plus!","potentialAction":[{"@type":"SearchAction","target":{"@type":"EntryPoint","urlTemplate":"https:\/\/develop.olympic.ca\/olympique\/?s={search_term_string}"},"query-input":{"@type":"PropertyValueSpecification","valueRequired":true,"valueName":"search_term_string"}}],"inLanguage":"fr-FR"}]}},"jetpack_sharing_enabled":true,"jetpack-related-posts":[],"jetpack_shortlink":"https:\/\/wp.me\/PbmyEP-cxN","_links":{"self":[{"href":"https:\/\/develop.olympic.ca\/olympique\/wp-json\/wp\/v2\/pages\/48223","targetHints":{"allow":["GET"]}}],"collection":[{"href":"https:\/\/develop.olympic.ca\/olympique\/wp-json\/wp\/v2\/pages"}],"about":[{"href":"https:\/\/develop.olympic.ca\/olympique\/wp-json\/wp\/v2\/types\/page"}],"author":[{"embeddable":true,"href":"https:\/\/develop.olympic.ca\/olympique\/wp-json\/wp\/v2\/users\/47562643"}],"replies":[{"embeddable":true,"href":"https:\/\/develop.olympic.ca\/olympique\/wp-json\/wp\/v2\/comments?post=48223"}],"version-history":[{"count":3,"href":"https:\/\/develop.olympic.ca\/olympique\/wp-json\/wp\/v2\/pages\/48223\/revisions"}],"predecessor-version":[{"id":83312,"href":"https:\/\/develop.olympic.ca\/olympique\/wp-json\/wp\/v2\/pages\/48223\/revisions\/83312"}],"up":[{"embeddable":true,"href":"https:\/\/develop.olympic.ca\/olympique\/wp-json\/wp\/v2\/pages\/3569"}],"wp:featuredmedia":[{"embeddable":true,"href":"https:\/\/develop.olympic.ca\/olympique\/wp-json\/wp\/v2\/media\/27588"}],"wp:attachment":[{"href":"https:\/\/develop.olympic.ca\/olympique\/wp-json\/wp\/v2\/media?parent=48223"}],"wp:term":[{"taxonomy":"author","embeddable":true,"href":"https:\/\/develop.olympic.ca\/olympique\/wp-json\/wp\/v2\/coauthors?post=48223"}],"curies":[{"name":"wp","href":"https:\/\/api.w.org\/{rel}","templated":true}]}}