{"id":88143,"date":"2013-12-03T14:28:09","date_gmt":"2013-12-03T19:28:09","guid":{"rendered":"http:\/\/develop.olympic.ca\/olympique\/?page_id=88143"},"modified":"2014-01-02T17:20:13","modified_gmt":"2014-01-02T22:20:13","slug":"bulletin-du-programme-scolaire-olympique-canadien","status":"publish","type":"page","link":"https:\/\/develop.olympic.ca\/olympique\/bulletin-du-programme-scolaire-olympique-canadien\/","title":{"rendered":"Bulletin du Programme scolaire olympique canadien"},"content":{"rendered":"<p>Abonnez-vous au bulletin du Programme scolaire olympique canadien pour recevoir de l\u2019information sur les ressources p\u00e9dagogiques \u00e0 venir, \u00eatre pr\u00e9venu de la parution de nouvelles ressources et de la fa\u00e7on de se les procurer, \u00eatre avis\u00e9 de la visite d\u2019un athl\u00e8te olympique \u00e0 votre \u00e9cole et beaucoup plus encore!<\/p>\n","protected":false},"excerpt":{"rendered":"<p>Abonnez-vous au bulletin du Programme scolaire olympique canadien pour recevoir de l\u2019information sur les ressources p\u00e9dagogiques \u00e0 venir, \u00eatre pr\u00e9venu&#8230;<\/p>\n","protected":false},"author":47562643,"featured_media":89416,"parent":0,"menu_order":0,"comment_status":"open","ping_status":"open","template":"templates\/education-signup.php","meta":{"_edit_lock":["1397749380:49083863"],"_edit_last":["59211745"],"_wp_page_template":["templates\/education-signup.php"],"_publicize_pending":["1"],"seo_translation_link":["http:\/\/wp.me\/P3DwEw-nxB"],"_elasticsearch_indexed_on":["2013-12-03 19:28:29"],"_thumbnail_id":["89416"],"_is_empty_after_transformation":["yes"]},"coauthors":[186127234],"class_list":["post-88143","page","type-page","status-publish","format-standard","has-post-thumbnail","hentry"],"acf":[],"yoast_head":"<!-- This site is optimized with the Yoast SEO plugin v27.3 - https:\/\/yoast.com\/product\/yoast-seo-wordpress\/ -->\n<title>Bulletin du Programme scolaire olympique canadien - \u00c9quipe Canada | Site officiel de l&#039;\u00e9quipe olympique<\/title>\n<meta name=\"robots\" content=\"index, follow, max-snippet:-1, max-image-preview:large, max-video-preview:-1\" \/>\n<link rel=\"canonical\" href=\"https:\/\/develop.olympic.ca\/olympique\/bulletin-du-programme-scolaire-olympique-canadien\/\" \/>\n<meta property=\"og:locale\" content=\"fr_FR\" \/>\n<meta property=\"og:type\" content=\"article\" \/>\n<meta property=\"og:title\" content=\"Bulletin du Programme scolaire olympique canadien - \u00c9quipe Canada | Site officiel de l&#039;\u00e9quipe olympique\" \/>\n<meta property=\"og:description\" content=\"Abonnez-vous au bulletin du Programme scolaire olympique canadien pour recevoir de l\u2019information sur les ressources p\u00e9dagogiques \u00e0 venir, \u00eatre pr\u00e9venu...\" \/>\n<meta property=\"og:url\" content=\"https:\/\/develop.olympic.ca\/olympique\/bulletin-du-programme-scolaire-olympique-canadien\/\" \/>\n<meta property=\"og:site_name\" content=\"\u00c9quipe Canada | Site officiel de l&#039;\u00e9quipe olympique\" \/>\n<meta property=\"article:modified_time\" content=\"2014-01-02T22:20:13+00:00\" \/>\n<meta property=\"og:image\" content=\"https:\/\/develop.olympic.ca\/olympique\/wp-content\/uploads\/sites\/2\/2013\/12\/newsletter.jpg?quality=100\" \/>\n\t<meta property=\"og:image:width\" content=\"3800\" \/>\n\t<meta property=\"og:image:height\" content=\"2371\" \/>\n\t<meta property=\"og:image:type\" content=\"image\/jpeg\" \/>\n<meta name=\"twitter:card\" content=\"summary_large_image\" \/>\n<meta name=\"twitter:label1\" content=\"Written by\" \/>\n\t<meta name=\"twitter:data1\" content=\"Comit\u00e9 olympique canadien\" \/>\n<script type=\"application\/ld+json\" class=\"yoast-schema-graph\">{\"@context\":\"https:\\\/\\\/schema.org\",\"@graph\":[{\"@type\":\"WebPage\",\"@id\":\"https:\\\/\\\/develop.olympic.ca\\\/olympique\\\/bulletin-du-programme-scolaire-olympique-canadien\\\/\",\"url\":\"https:\\\/\\\/develop.olympic.ca\\\/olympique\\\/bulletin-du-programme-scolaire-olympique-canadien\\\/\",\"name\":\"Bulletin du Programme scolaire olympique canadien - \u00c9quipe Canada | Site officiel de l&#039;\u00e9quipe olympique\",\"isPartOf\":{\"@id\":\"https:\\\/\\\/develop.olympic.ca\\\/olympique\\\/#website\"},\"primaryImageOfPage\":{\"@id\":\"https:\\\/\\\/develop.olympic.ca\\\/olympique\\\/bulletin-du-programme-scolaire-olympique-canadien\\\/#primaryimage\"},\"image\":{\"@id\":\"https:\\\/\\\/develop.olympic.ca\\\/olympique\\\/bulletin-du-programme-scolaire-olympique-canadien\\\/#primaryimage\"},\"thumbnailUrl\":\"https:\\\/\\\/develop.olympic.ca\\\/olympique\\\/wp-content\\\/uploads\\\/sites\\\/2\\\/2013\\\/12\\\/newsletter.jpg?quality=100\",\"datePublished\":\"2013-12-03T19:28:09+00:00\",\"dateModified\":\"2014-01-02T22:20:13+00:00\",\"inLanguage\":\"fr-FR\",\"potentialAction\":[{\"@type\":\"ReadAction\",\"target\":[\"https:\\\/\\\/develop.olympic.ca\\\/olympique\\\/bulletin-du-programme-scolaire-olympique-canadien\\\/\"]}]},{\"@type\":\"ImageObject\",\"inLanguage\":\"fr-FR\",\"@id\":\"https:\\\/\\\/develop.olympic.ca\\\/olympique\\\/bulletin-du-programme-scolaire-olympique-canadien\\\/#primaryimage\",\"url\":\"https:\\\/\\\/develop.olympic.ca\\\/olympique\\\/wp-content\\\/uploads\\\/sites\\\/2\\\/2013\\\/12\\\/newsletter.jpg?quality=100\",\"contentUrl\":\"https:\\\/\\\/develop.olympic.ca\\\/olympique\\\/wp-content\\\/uploads\\\/sites\\\/2\\\/2013\\\/12\\\/newsletter.jpg?quality=100\",\"width\":3800,\"height\":2371},{\"@type\":\"WebSite\",\"@id\":\"https:\\\/\\\/develop.olympic.ca\\\/olympique\\\/#website\",\"url\":\"https:\\\/\\\/develop.olympic.ca\\\/olympique\\\/\",\"name\":\"\u00c9quipe Canada | Site officiel de l&#039;\u00e9quipe olympique\",\"description\":\"Votre source pour l\u2019\u00c9quipe olympique canadienne. Retrouvez les r\u00e9cits, vid\u00e9os et photos des athl\u00e8tes canadiens, sports olympiques, Jeux olympiques de 2020 et bien plus!\",\"potentialAction\":[{\"@type\":\"SearchAction\",\"target\":{\"@type\":\"EntryPoint\",\"urlTemplate\":\"https:\\\/\\\/develop.olympic.ca\\\/olympique\\\/?s={search_term_string}\"},\"query-input\":{\"@type\":\"PropertyValueSpecification\",\"valueRequired\":true,\"valueName\":\"search_term_string\"}}],\"inLanguage\":\"fr-FR\"}]}<\/script>\n<!-- \/ Yoast SEO plugin. -->","yoast_head_json":{"title":"Bulletin du Programme scolaire olympique canadien - \u00c9quipe Canada | Site officiel de l&#039;\u00e9quipe olympique","robots":{"index":"index","follow":"follow","max-snippet":"max-snippet:-1","max-image-preview":"max-image-preview:large","max-video-preview":"max-video-preview:-1"},"canonical":"https:\/\/develop.olympic.ca\/olympique\/bulletin-du-programme-scolaire-olympique-canadien\/","og_locale":"fr_FR","og_type":"article","og_title":"Bulletin du Programme scolaire olympique canadien - \u00c9quipe Canada | Site officiel de l&#039;\u00e9quipe olympique","og_description":"Abonnez-vous au bulletin du Programme scolaire olympique canadien pour recevoir de l\u2019information sur les ressources p\u00e9dagogiques \u00e0 venir, \u00eatre pr\u00e9venu...","og_url":"https:\/\/develop.olympic.ca\/olympique\/bulletin-du-programme-scolaire-olympique-canadien\/","og_site_name":"\u00c9quipe Canada | Site officiel de l&#039;\u00e9quipe olympique","article_modified_time":"2014-01-02T22:20:13+00:00","og_image":[{"width":3800,"height":2371,"url":"https:\/\/develop.olympic.ca\/olympique\/wp-content\/uploads\/sites\/2\/2013\/12\/newsletter.jpg?quality=100","type":"image\/jpeg"}],"twitter_card":"summary_large_image","twitter_misc":{"Written by":"Comit\u00e9 olympique canadien"},"schema":{"@context":"https:\/\/schema.org","@graph":[{"@type":"WebPage","@id":"https:\/\/develop.olympic.ca\/olympique\/bulletin-du-programme-scolaire-olympique-canadien\/","url":"https:\/\/develop.olympic.ca\/olympique\/bulletin-du-programme-scolaire-olympique-canadien\/","name":"Bulletin du Programme scolaire olympique canadien - \u00c9quipe Canada | Site officiel de l&#039;\u00e9quipe olympique","isPartOf":{"@id":"https:\/\/develop.olympic.ca\/olympique\/#website"},"primaryImageOfPage":{"@id":"https:\/\/develop.olympic.ca\/olympique\/bulletin-du-programme-scolaire-olympique-canadien\/#primaryimage"},"image":{"@id":"https:\/\/develop.olympic.ca\/olympique\/bulletin-du-programme-scolaire-olympique-canadien\/#primaryimage"},"thumbnailUrl":"https:\/\/develop.olympic.ca\/olympique\/wp-content\/uploads\/sites\/2\/2013\/12\/newsletter.jpg?quality=100","datePublished":"2013-12-03T19:28:09+00:00","dateModified":"2014-01-02T22:20:13+00:00","inLanguage":"fr-FR","potentialAction":[{"@type":"ReadAction","target":["https:\/\/develop.olympic.ca\/olympique\/bulletin-du-programme-scolaire-olympique-canadien\/"]}]},{"@type":"ImageObject","inLanguage":"fr-FR","@id":"https:\/\/develop.olympic.ca\/olympique\/bulletin-du-programme-scolaire-olympique-canadien\/#primaryimage","url":"https:\/\/develop.olympic.ca\/olympique\/wp-content\/uploads\/sites\/2\/2013\/12\/newsletter.jpg?quality=100","contentUrl":"https:\/\/develop.olympic.ca\/olympique\/wp-content\/uploads\/sites\/2\/2013\/12\/newsletter.jpg?quality=100","width":3800,"height":2371},{"@type":"WebSite","@id":"https:\/\/develop.olympic.ca\/olympique\/#website","url":"https:\/\/develop.olympic.ca\/olympique\/","name":"\u00c9quipe Canada | Site officiel de l&#039;\u00e9quipe olympique","description":"Votre source pour l\u2019\u00c9quipe olympique canadienne. Retrouvez les r\u00e9cits, vid\u00e9os et photos des athl\u00e8tes canadiens, sports olympiques, Jeux olympiques de 2020 et bien plus!","potentialAction":[{"@type":"SearchAction","target":{"@type":"EntryPoint","urlTemplate":"https:\/\/develop.olympic.ca\/olympique\/?s={search_term_string}"},"query-input":{"@type":"PropertyValueSpecification","valueRequired":true,"valueName":"search_term_string"}}],"inLanguage":"fr-FR"}]}},"jetpack_sharing_enabled":true,"jetpack-related-posts":[],"jetpack_shortlink":"https:\/\/wp.me\/PbmyEP-mVF","_links":{"self":[{"href":"https:\/\/develop.olympic.ca\/olympique\/wp-json\/wp\/v2\/pages\/88143","targetHints":{"allow":["GET"]}}],"collection":[{"href":"https:\/\/develop.olympic.ca\/olympique\/wp-json\/wp\/v2\/pages"}],"about":[{"href":"https:\/\/develop.olympic.ca\/olympique\/wp-json\/wp\/v2\/types\/page"}],"author":[{"embeddable":true,"href":"https:\/\/develop.olympic.ca\/olympique\/wp-json\/wp\/v2\/users\/47562643"}],"replies":[{"embeddable":true,"href":"https:\/\/develop.olympic.ca\/olympique\/wp-json\/wp\/v2\/comments?post=88143"}],"version-history":[{"count":1,"href":"https:\/\/develop.olympic.ca\/olympique\/wp-json\/wp\/v2\/pages\/88143\/revisions"}],"predecessor-version":[{"id":88144,"href":"https:\/\/develop.olympic.ca\/olympique\/wp-json\/wp\/v2\/pages\/88143\/revisions\/88144"}],"wp:featuredmedia":[{"embeddable":true,"href":"https:\/\/develop.olympic.ca\/olympique\/wp-json\/wp\/v2\/media\/89416"}],"wp:attachment":[{"href":"https:\/\/develop.olympic.ca\/olympique\/wp-json\/wp\/v2\/media?parent=88143"}],"wp:term":[{"taxonomy":"author","embeddable":true,"href":"https:\/\/develop.olympic.ca\/olympique\/wp-json\/wp\/v2\/coauthors?post=88143"}],"curies":[{"name":"wp","href":"https:\/\/api.w.org\/{rel}","templated":true}]}}