{"id":97514,"date":"2014-11-04T15:50:36","date_gmt":"2014-11-04T20:50:36","guid":{"rendered":"http:\/\/develop.olympic.ca\/olympique\/?page_id=97514"},"modified":"2015-01-13T10:33:45","modified_gmt":"2015-01-13T15:33:45","slug":"art-et-sport-2014","status":"publish","type":"page","link":"https:\/\/develop.olympic.ca\/olympique\/art-et-sport-2014\/","title":{"rendered":"Art et Sport 2014"},"content":{"rendered":"<h1><a href=\"https:\/\/develop.olympic.ca\/wp-content\/uploads\/sites\/2\/2014\/11\/le_ioc-trophy-in-sport-and-art_frmap.pdf\"><strong>Appel de propositions &#8211; Trophe\u0301e Art et Sport 2014 du CIO<\/strong><\/a><\/h1>\n<p>Le trophe\u0301e annuel du Comite\u0301 International Olympique (CIO) a e\u0301te\u0301 cre\u0301e\u0301 en 1985 pour favoriser l\u2019enseignement de l\u2019Olympisme dans diffe\u0301rents domaines. Pour 2014, le CIO compte re\u0301compenser l\u2019expression artistique. Dans cette optique, le trophe\u0301e du Comite\u0301 olympique canadien vise a\u0300 reconnai\u0302tre les artistes et cre\u0301ateurs qui, gra\u0302ce a\u0300 leurs talents, ont su promouvoir l\u2019Olympisme et laisser ainsi un he\u0301ritage a\u0300 caracte\u0300re artistique.<\/p>\n<h1 class=\"p1\"><span class=\"s1\">Propositions re\u00e7ues \u2013 Mise \u00e0 jour : 13 jan. 2015<\/span><\/h1>\n<div id=\"attachment_97835\" style=\"width: 712px\" class=\"wp-caption aligncenter\"><a href=\"https:\/\/develop.olympic.ca\/wp-content\/uploads\/sites\/2\/2014\/11\/true-by-tanis-saxby.jpg\"><img loading=\"lazy\" decoding=\"async\" aria-describedby=\"caption-attachment-97835\" class=\"wp-image-97835 size-full\" src=\"https:\/\/develop.olympic.ca\/wp-content\/uploads\/sites\/2\/2014\/11\/true-by-tanis-saxby.jpg\" alt=\"True by Tanis Saxby\" width=\"702\" height=\"1056\" srcset=\"https:\/\/develop.olympic.ca\/olympique\/wp-content\/uploads\/sites\/2\/2014\/11\/true-by-tanis-saxby.jpg 702w, https:\/\/develop.olympic.ca\/olympique\/wp-content\/uploads\/sites\/2\/2014\/11\/true-by-tanis-saxby.jpg?resize=105,158 105w, https:\/\/develop.olympic.ca\/olympique\/wp-content\/uploads\/sites\/2\/2014\/11\/true-by-tanis-saxby.jpg?resize=247,371 247w, https:\/\/develop.olympic.ca\/olympique\/wp-content\/uploads\/sites\/2\/2014\/11\/true-by-tanis-saxby.jpg?resize=501,754 501w\" sizes=\"(max-width: 702px) 100vw, 702px\" \/><\/a><p id=\"caption-attachment-97835\" class=\"wp-caption-text\">True par Tanis Saxby<\/p><\/div>\n<div id=\"attachment_97833\" style=\"width: 1370px\" class=\"wp-caption aligncenter\"><a href=\"https:\/\/develop.olympic.ca\/wp-content\/uploads\/sites\/2\/2014\/11\/olympic-spirit-project-by-mariska-richters.jpg\"><img loading=\"lazy\" decoding=\"async\" aria-describedby=\"caption-attachment-97833\" class=\"wp-image-97833 size-full\" src=\"https:\/\/develop.olympic.ca\/wp-content\/uploads\/sites\/2\/2014\/11\/olympic-spirit-project-by-mariska-richters.jpg\" alt=\"Olympic Spirit Project by Mariska Richters\" width=\"1360\" height=\"453\" srcset=\"https:\/\/develop.olympic.ca\/olympique\/wp-content\/uploads\/sites\/2\/2014\/11\/olympic-spirit-project-by-mariska-richters.jpg 1500w, https:\/\/develop.olympic.ca\/olympique\/wp-content\/uploads\/sites\/2\/2014\/11\/olympic-spirit-project-by-mariska-richters.jpg?resize=280,93 280w, https:\/\/develop.olympic.ca\/olympique\/wp-content\/uploads\/sites\/2\/2014\/11\/olympic-spirit-project-by-mariska-richters.jpg?resize=660,220 660w, https:\/\/develop.olympic.ca\/olympique\/wp-content\/uploads\/sites\/2\/2014\/11\/olympic-spirit-project-by-mariska-richters.jpg?resize=768,256 768w, https:\/\/develop.olympic.ca\/olympique\/wp-content\/uploads\/sites\/2\/2014\/11\/olympic-spirit-project-by-mariska-richters.jpg?resize=1340,447 1340w\" sizes=\"(max-width: 1360px) 100vw, 1360px\" \/><\/a><p id=\"caption-attachment-97833\" class=\"wp-caption-text\">Olympic Spirit Project par Mariska Richters<\/p><\/div>\n<div id=\"attachment_97834\" style=\"width: 970px\" class=\"wp-caption aligncenter\"><a href=\"https:\/\/develop.olympic.ca\/wp-content\/uploads\/sites\/2\/2014\/11\/table-tennis-by-thorsten-gohl.jpg\"><img loading=\"lazy\" decoding=\"async\" aria-describedby=\"caption-attachment-97834\" class=\"wp-image-97834 size-full\" src=\"https:\/\/develop.olympic.ca\/wp-content\/uploads\/sites\/2\/2014\/11\/table-tennis-by-thorsten-gohl.jpg\" alt=\"Table Tennis by Thorsten Gohl\" width=\"960\" height=\"640\" srcset=\"https:\/\/develop.olympic.ca\/olympique\/wp-content\/uploads\/sites\/2\/2014\/11\/table-tennis-by-thorsten-gohl.jpg 960w, https:\/\/develop.olympic.ca\/olympique\/wp-content\/uploads\/sites\/2\/2014\/11\/table-tennis-by-thorsten-gohl.jpg?resize=237,158 237w, https:\/\/develop.olympic.ca\/olympique\/wp-content\/uploads\/sites\/2\/2014\/11\/table-tennis-by-thorsten-gohl.jpg?resize=557,371 557w, https:\/\/develop.olympic.ca\/olympique\/wp-content\/uploads\/sites\/2\/2014\/11\/table-tennis-by-thorsten-gohl.jpg?resize=768,512 768w\" sizes=\"(max-width: 960px) 100vw, 960px\" \/><\/a><p id=\"caption-attachment-97834\" class=\"wp-caption-text\">Table Tennis par Thorsten Gohl<\/p><\/div>\n<div id=\"attachment_98101\" style=\"width: 576px\" class=\"wp-caption aligncenter\"><a href=\"https:\/\/develop.olympic.ca\/wp-content\/uploads\/sites\/2\/2014\/11\/saturley_brandy_goaliesmaskredwhitedryden.jpg\"><img loading=\"lazy\" decoding=\"async\" aria-describedby=\"caption-attachment-98101\" class=\"wp-image-98101 size-large\" src=\"https:\/\/develop.olympic.ca\/wp-content\/uploads\/sites\/2\/2014\/11\/saturley_brandy_goaliesmaskredwhitedryden.jpg?w=566\" alt=\"Saturley_Brandy_Goaliesmaskredwhitedryden\" width=\"566\" height=\"754\" srcset=\"https:\/\/develop.olympic.ca\/olympique\/wp-content\/uploads\/sites\/2\/2014\/11\/saturley_brandy_goaliesmaskredwhitedryden.jpg 1000w, https:\/\/develop.olympic.ca\/olympique\/wp-content\/uploads\/sites\/2\/2014\/11\/saturley_brandy_goaliesmaskredwhitedryden.jpg?resize=119,158 119w, https:\/\/develop.olympic.ca\/olympique\/wp-content\/uploads\/sites\/2\/2014\/11\/saturley_brandy_goaliesmaskredwhitedryden.jpg?resize=279,371 279w, https:\/\/develop.olympic.ca\/olympique\/wp-content\/uploads\/sites\/2\/2014\/11\/saturley_brandy_goaliesmaskredwhitedryden.jpg?resize=768,1023 768w, https:\/\/develop.olympic.ca\/olympique\/wp-content\/uploads\/sites\/2\/2014\/11\/saturley_brandy_goaliesmaskredwhitedryden.jpg?resize=566,754 566w\" sizes=\"(max-width: 566px) 100vw, 566px\" \/><\/a><p id=\"caption-attachment-98101\" class=\"wp-caption-text\">Goalie\u2019s Mask; red, white &amp; Dryden de Brandy Saturley<\/p><\/div>\n<div id=\"attachment_98232\" style=\"width: 764px\" class=\"wp-caption aligncenter\"><a href=\"https:\/\/develop.olympic.ca\/wp-content\/uploads\/sites\/2\/2014\/11\/juliette-by-romie-froese.jpg\"><img loading=\"lazy\" decoding=\"async\" aria-describedby=\"caption-attachment-98232\" class=\"wp-image-98232 size-large\" src=\"https:\/\/develop.olympic.ca\/wp-content\/uploads\/sites\/2\/2014\/11\/juliette-by-romie-froese.jpg?w=754\" alt=\"OLYMPUS DIGITAL CAMERA\" width=\"754\" height=\"754\" srcset=\"https:\/\/develop.olympic.ca\/olympique\/wp-content\/uploads\/sites\/2\/2014\/11\/juliette-by-romie-froese.jpg 2640w, https:\/\/develop.olympic.ca\/olympique\/wp-content\/uploads\/sites\/2\/2014\/11\/juliette-by-romie-froese.jpg?resize=158,158 158w, https:\/\/develop.olympic.ca\/olympique\/wp-content\/uploads\/sites\/2\/2014\/11\/juliette-by-romie-froese.jpg?resize=371,371 371w, https:\/\/develop.olympic.ca\/olympique\/wp-content\/uploads\/sites\/2\/2014\/11\/juliette-by-romie-froese.jpg?resize=768,768 768w, https:\/\/develop.olympic.ca\/olympique\/wp-content\/uploads\/sites\/2\/2014\/11\/juliette-by-romie-froese.jpg?resize=754,754 754w, https:\/\/develop.olympic.ca\/olympique\/wp-content\/uploads\/sites\/2\/2014\/11\/juliette-by-romie-froese.jpg?resize=1536,1536 1536w, https:\/\/develop.olympic.ca\/olympique\/wp-content\/uploads\/sites\/2\/2014\/11\/juliette-by-romie-froese.jpg?resize=2048,2048 2048w\" sizes=\"(max-width: 754px) 100vw, 754px\" \/><\/a><p id=\"caption-attachment-98232\" class=\"wp-caption-text\">Juliette par Romie Froese<\/p><\/div>\n<div id=\"attachment_98652\" style=\"width: 250px\" class=\"wp-caption aligncenter\"><a href=\"https:\/\/develop.olympic.ca\/wp-content\/uploads\/sites\/2\/2014\/11\/in-the-moment-jasmine-fisher.jpg\"><img loading=\"lazy\" decoding=\"async\" aria-describedby=\"caption-attachment-98652\" class=\"size-full wp-image-98652\" src=\"https:\/\/develop.olympic.ca\/wp-content\/uploads\/sites\/2\/2014\/11\/in-the-moment-jasmine-fisher.jpg\" alt=\"In The Moment par Jasmine Fisher\" width=\"240\" height=\"306\" srcset=\"https:\/\/develop.olympic.ca\/olympique\/wp-content\/uploads\/sites\/2\/2014\/11\/in-the-moment-jasmine-fisher.jpg 240w, https:\/\/develop.olympic.ca\/olympique\/wp-content\/uploads\/sites\/2\/2014\/11\/in-the-moment-jasmine-fisher.jpg?resize=124,158 124w\" sizes=\"(max-width: 240px) 100vw, 240px\" \/><\/a><p id=\"caption-attachment-98652\" class=\"wp-caption-text\">In The Moment par Jasmine Fisher<\/p><\/div>\n<div id=\"attachment_98654\" style=\"width: 961px\" class=\"wp-caption aligncenter\"><a href=\"https:\/\/develop.olympic.ca\/wp-content\/uploads\/sites\/2\/2014\/11\/trepied-anime-cherchant-la-sortie-gynette-mercier-panchaud.jpg\"><img loading=\"lazy\" decoding=\"async\" aria-describedby=\"caption-attachment-98654\" class=\"size-full wp-image-98654\" src=\"https:\/\/develop.olympic.ca\/wp-content\/uploads\/sites\/2\/2014\/11\/trepied-anime-cherchant-la-sortie-gynette-mercier-panchaud.jpg\" alt=\"Trepied anime cherchant la sortie - Gynette Mercier Panchaud\" width=\"951\" height=\"648\" srcset=\"https:\/\/develop.olympic.ca\/olympique\/wp-content\/uploads\/sites\/2\/2014\/11\/trepied-anime-cherchant-la-sortie-gynette-mercier-panchaud.jpg 951w, https:\/\/develop.olympic.ca\/olympique\/wp-content\/uploads\/sites\/2\/2014\/11\/trepied-anime-cherchant-la-sortie-gynette-mercier-panchaud.jpg?resize=232,158 232w, https:\/\/develop.olympic.ca\/olympique\/wp-content\/uploads\/sites\/2\/2014\/11\/trepied-anime-cherchant-la-sortie-gynette-mercier-panchaud.jpg?resize=544,371 544w, https:\/\/develop.olympic.ca\/olympique\/wp-content\/uploads\/sites\/2\/2014\/11\/trepied-anime-cherchant-la-sortie-gynette-mercier-panchaud.jpg?resize=768,523 768w\" sizes=\"(max-width: 951px) 100vw, 951px\" \/><\/a><p id=\"caption-attachment-98654\" class=\"wp-caption-text\">Trepied anime cherchant la sortie par Gynette Mercier Panchaud<\/p><\/div>\n<div id=\"attachment_98694\" style=\"width: 984px\" class=\"wp-caption aligncenter\"><a href=\"https:\/\/develop.olympic.ca\/wp-content\/uploads\/sites\/2\/2014\/11\/overcoming-life_s-obstacles-malja-najmi-beauchamp.pdf\"><img loading=\"lazy\" decoding=\"async\" aria-describedby=\"caption-attachment-98694\" class=\"wp-image-98694 size-large\" src=\"https:\/\/develop.olympic.ca\/wp-content\/uploads\/sites\/2\/2014\/11\/overcoming-life_s-obstacles-malja-najmi-beauchamp.jpg?w=974\" alt=\"Overcoming Life\u2019s obstacles - Malja Najmi Beauchamp\" width=\"974\" height=\"754\" srcset=\"https:\/\/develop.olympic.ca\/olympique\/wp-content\/uploads\/sites\/2\/2014\/11\/overcoming-life_s-obstacles-malja-najmi-beauchamp.jpg 1265w, https:\/\/develop.olympic.ca\/olympique\/wp-content\/uploads\/sites\/2\/2014\/11\/overcoming-life_s-obstacles-malja-najmi-beauchamp.jpg?resize=204,158 204w, https:\/\/develop.olympic.ca\/olympique\/wp-content\/uploads\/sites\/2\/2014\/11\/overcoming-life_s-obstacles-malja-najmi-beauchamp.jpg?resize=479,371 479w, https:\/\/develop.olympic.ca\/olympique\/wp-content\/uploads\/sites\/2\/2014\/11\/overcoming-life_s-obstacles-malja-najmi-beauchamp.jpg?resize=768,594 768w, https:\/\/develop.olympic.ca\/olympique\/wp-content\/uploads\/sites\/2\/2014\/11\/overcoming-life_s-obstacles-malja-najmi-beauchamp.jpg?resize=974,754 974w\" sizes=\"(max-width: 974px) 100vw, 974px\" \/><\/a><p id=\"caption-attachment-98694\" class=\"wp-caption-text\">Overcoming Life\u2019s obstacles par Malja Najmi Beauchamp<\/p><\/div>\n<div id=\"attachment_98693\" style=\"width: 985px\" class=\"wp-caption aligncenter\"><a href=\"https:\/\/develop.olympic.ca\/wp-content\/uploads\/sites\/2\/2014\/11\/fast-and-furious-mallaz-najmi-beauchamp.pdf\"><img loading=\"lazy\" decoding=\"async\" aria-describedby=\"caption-attachment-98693\" class=\"wp-image-98693 size-large\" src=\"https:\/\/develop.olympic.ca\/wp-content\/uploads\/sites\/2\/2014\/11\/fast-and-furious-mallaz-najmi-beauchamp.jpg?w=975\" alt=\"Fast and Furious - Mallaz Najmi Beauchamp\" width=\"975\" height=\"754\" srcset=\"https:\/\/develop.olympic.ca\/olympique\/wp-content\/uploads\/sites\/2\/2014\/11\/fast-and-furious-mallaz-najmi-beauchamp.jpg 1261w, https:\/\/develop.olympic.ca\/olympique\/wp-content\/uploads\/sites\/2\/2014\/11\/fast-and-furious-mallaz-najmi-beauchamp.jpg?resize=204,158 204w, https:\/\/develop.olympic.ca\/olympique\/wp-content\/uploads\/sites\/2\/2014\/11\/fast-and-furious-mallaz-najmi-beauchamp.jpg?resize=480,371 480w, https:\/\/develop.olympic.ca\/olympique\/wp-content\/uploads\/sites\/2\/2014\/11\/fast-and-furious-mallaz-najmi-beauchamp.jpg?resize=768,594 768w, https:\/\/develop.olympic.ca\/olympique\/wp-content\/uploads\/sites\/2\/2014\/11\/fast-and-furious-mallaz-najmi-beauchamp.jpg?resize=975,754 975w\" sizes=\"(max-width: 975px) 100vw, 975px\" \/><\/a><p id=\"caption-attachment-98693\" class=\"wp-caption-text\">Fast and Furious par Mallaz Najmi Beauchamp<\/p><\/div>\n<div id=\"attachment_98692\" style=\"width: 983px\" class=\"wp-caption aligncenter\"><a href=\"https:\/\/develop.olympic.ca\/wp-content\/uploads\/sites\/2\/2014\/11\/faces-of-the-world-naghma-najmi.pdf\"><img loading=\"lazy\" decoding=\"async\" aria-describedby=\"caption-attachment-98692\" class=\"wp-image-98692 size-large\" src=\"https:\/\/develop.olympic.ca\/wp-content\/uploads\/sites\/2\/2014\/11\/faces-of-the-world-naghma-najmi.jpg?w=973\" alt=\"Faces of the world - Naghma Najmi\" width=\"973\" height=\"754\" srcset=\"https:\/\/develop.olympic.ca\/olympique\/wp-content\/uploads\/sites\/2\/2014\/11\/faces-of-the-world-naghma-najmi.jpg 1256w, https:\/\/develop.olympic.ca\/olympique\/wp-content\/uploads\/sites\/2\/2014\/11\/faces-of-the-world-naghma-najmi.jpg?resize=204,158 204w, https:\/\/develop.olympic.ca\/olympique\/wp-content\/uploads\/sites\/2\/2014\/11\/faces-of-the-world-naghma-najmi.jpg?resize=479,371 479w, https:\/\/develop.olympic.ca\/olympique\/wp-content\/uploads\/sites\/2\/2014\/11\/faces-of-the-world-naghma-najmi.jpg?resize=768,595 768w, https:\/\/develop.olympic.ca\/olympique\/wp-content\/uploads\/sites\/2\/2014\/11\/faces-of-the-world-naghma-najmi.jpg?resize=973,754 973w\" sizes=\"(max-width: 973px) 100vw, 973px\" \/><\/a><p id=\"caption-attachment-98692\" class=\"wp-caption-text\">Faces of the world par Naghma Najmi<\/p><\/div>\n<div id=\"attachment_98691\" style=\"width: 979px\" class=\"wp-caption aligncenter\"><a href=\"https:\/\/develop.olympic.ca\/wp-content\/uploads\/sites\/2\/2014\/11\/aim-for-excellence-austan-najmi-beauchamp.pdf\"><img loading=\"lazy\" decoding=\"async\" aria-describedby=\"caption-attachment-98691\" class=\"wp-image-98691 size-large\" src=\"https:\/\/develop.olympic.ca\/wp-content\/uploads\/sites\/2\/2014\/11\/aim-for-excellence-austan-najmi-beauchamp.jpg?w=969\" alt=\"Aim for Excellence - Austan Najmi Beauchamp\" width=\"969\" height=\"754\" srcset=\"https:\/\/develop.olympic.ca\/olympique\/wp-content\/uploads\/sites\/2\/2014\/11\/aim-for-excellence-austan-najmi-beauchamp.jpg 1245w, https:\/\/develop.olympic.ca\/olympique\/wp-content\/uploads\/sites\/2\/2014\/11\/aim-for-excellence-austan-najmi-beauchamp.jpg?resize=203,158 203w, https:\/\/develop.olympic.ca\/olympique\/wp-content\/uploads\/sites\/2\/2014\/11\/aim-for-excellence-austan-najmi-beauchamp.jpg?resize=477,371 477w, https:\/\/develop.olympic.ca\/olympique\/wp-content\/uploads\/sites\/2\/2014\/11\/aim-for-excellence-austan-najmi-beauchamp.jpg?resize=768,598 768w, https:\/\/develop.olympic.ca\/olympique\/wp-content\/uploads\/sites\/2\/2014\/11\/aim-for-excellence-austan-najmi-beauchamp.jpg?resize=969,754 969w\" sizes=\"(max-width: 969px) 100vw, 969px\" \/><\/a><p id=\"caption-attachment-98691\" class=\"wp-caption-text\">Aim for Excellence par Austan Najmi Beauchamp<\/p><\/div>\n<div id=\"attachment_98695\" style=\"width: 600px\" class=\"wp-caption aligncenter\"><a href=\"https:\/\/develop.olympic.ca\/wp-content\/uploads\/sites\/2\/2014\/11\/tobys-running-shoes-silvana-goldemberg.pdf\"><img loading=\"lazy\" decoding=\"async\" aria-describedby=\"caption-attachment-98695\" class=\"wp-image-98695 size-large\" src=\"https:\/\/develop.olympic.ca\/wp-content\/uploads\/sites\/2\/2014\/11\/tobys-running-shoes-silvana-goldemberg.jpg?w=590\" alt=\"Toby's running shoes - Silvana Goldemberg\" width=\"590\" height=\"754\" srcset=\"https:\/\/develop.olympic.ca\/olympique\/wp-content\/uploads\/sites\/2\/2014\/11\/tobys-running-shoes-silvana-goldemberg.jpg 715w, https:\/\/develop.olympic.ca\/olympique\/wp-content\/uploads\/sites\/2\/2014\/11\/tobys-running-shoes-silvana-goldemberg.jpg?resize=124,158 124w, https:\/\/develop.olympic.ca\/olympique\/wp-content\/uploads\/sites\/2\/2014\/11\/tobys-running-shoes-silvana-goldemberg.jpg?resize=291,371 291w, https:\/\/develop.olympic.ca\/olympique\/wp-content\/uploads\/sites\/2\/2014\/11\/tobys-running-shoes-silvana-goldemberg.jpg?resize=590,754 590w\" sizes=\"(max-width: 590px) 100vw, 590px\" \/><\/a><p id=\"caption-attachment-98695\" class=\"wp-caption-text\">Toby&rsquo;s running shoes par Silvana Goldemberg<\/p><\/div>\n","protected":false},"excerpt":{"rendered":"<p>Appel de propositions &#8211; Trophe\u0301e Art et Sport 2014 du CIO Le trophe\u0301e annuel du Comite\u0301 International Olympique (CIO) a&#8230;<\/p>\n","protected":false},"author":52435436,"featured_media":0,"parent":0,"menu_order":0,"comment_status":"open","ping_status":"closed","template":"","meta":{"_edit_lock":["1421163249:52435436"],"_edit_last":["52435436"],"_wp_page_template":["default"],"_publicize_pending":["1"],"geo_public":["0"],"seo_translation_link":["http:\/\/wp.me\/P3DwEw-sjF"],"_x_multifield_seo_accordion":["a:1:{i:0;a:2:{s:19:\"seo_accordion_title\";s:0:\"\";s:25:\"seo_accordion_description\";s:0:\"\";}}"],"_elasticsearch_indexed_on":["2014-11-04 20:50:38"],"_is_empty_after_transformation":["yes"]},"coauthors":[209008581],"class_list":["post-97514","page","type-page","status-publish","format-standard","hentry"],"acf":[],"yoast_head":"<!-- This site is optimized with the Yoast SEO plugin v27.3 - https:\/\/yoast.com\/product\/yoast-seo-wordpress\/ -->\n<title>Art et Sport 2014 - \u00c9quipe Canada | Site officiel de l&#039;\u00e9quipe olympique<\/title>\n<meta name=\"robots\" content=\"index, follow, max-snippet:-1, max-image-preview:large, max-video-preview:-1\" \/>\n<link rel=\"canonical\" href=\"https:\/\/develop.olympic.ca\/olympique\/art-et-sport-2014\/\" \/>\n<meta property=\"og:locale\" content=\"fr_FR\" \/>\n<meta property=\"og:type\" content=\"article\" \/>\n<meta property=\"og:title\" content=\"Art et Sport 2014 - \u00c9quipe Canada | Site officiel de l&#039;\u00e9quipe olympique\" \/>\n<meta property=\"og:description\" content=\"Appel de propositions &#8211; Trophe\u0301e Art et Sport 2014 du CIO Le trophe\u0301e annuel du Comite\u0301 International Olympique (CIO) a...\" \/>\n<meta property=\"og:url\" content=\"https:\/\/develop.olympic.ca\/olympique\/art-et-sport-2014\/\" \/>\n<meta property=\"og:site_name\" content=\"\u00c9quipe Canada | Site officiel de l&#039;\u00e9quipe olympique\" \/>\n<meta property=\"article:modified_time\" content=\"2015-01-13T15:33:45+00:00\" \/>\n<meta property=\"og:image\" content=\"https:\/\/develop.olympic.ca\/wp-content\/uploads\/sites\/2\/2014\/11\/true-by-tanis-saxby.jpg\" \/>\n<meta name=\"twitter:card\" content=\"summary_large_image\" \/>\n<meta name=\"twitter:label1\" content=\"Est. reading time\" \/>\n\t<meta name=\"twitter:data1\" content=\"1 minute\" \/>\n\t<meta name=\"twitter:label2\" content=\"Written by\" \/>\n\t<meta name=\"twitter:data2\" content=\"Mark Nadolny\" \/>\n<script type=\"application\/ld+json\" class=\"yoast-schema-graph\">{\"@context\":\"https:\\\/\\\/schema.org\",\"@graph\":[{\"@type\":\"WebPage\",\"@id\":\"https:\\\/\\\/develop.olympic.ca\\\/olympique\\\/art-et-sport-2014\\\/\",\"url\":\"https:\\\/\\\/develop.olympic.ca\\\/olympique\\\/art-et-sport-2014\\\/\",\"name\":\"Art et Sport 2014 - \u00c9quipe Canada | Site officiel de l&#039;\u00e9quipe olympique\",\"isPartOf\":{\"@id\":\"https:\\\/\\\/develop.olympic.ca\\\/olympique\\\/#website\"},\"primaryImageOfPage\":{\"@id\":\"https:\\\/\\\/develop.olympic.ca\\\/olympique\\\/art-et-sport-2014\\\/#primaryimage\"},\"image\":{\"@id\":\"https:\\\/\\\/develop.olympic.ca\\\/olympique\\\/art-et-sport-2014\\\/#primaryimage\"},\"thumbnailUrl\":\"https:\\\/\\\/develop.olympic.ca\\\/wp-content\\\/uploads\\\/sites\\\/2\\\/2014\\\/11\\\/true-by-tanis-saxby.jpg\",\"datePublished\":\"2014-11-04T20:50:36+00:00\",\"dateModified\":\"2015-01-13T15:33:45+00:00\",\"inLanguage\":\"fr-FR\",\"potentialAction\":[{\"@type\":\"ReadAction\",\"target\":[\"https:\\\/\\\/develop.olympic.ca\\\/olympique\\\/art-et-sport-2014\\\/\"]}]},{\"@type\":\"ImageObject\",\"inLanguage\":\"fr-FR\",\"@id\":\"https:\\\/\\\/develop.olympic.ca\\\/olympique\\\/art-et-sport-2014\\\/#primaryimage\",\"url\":\"https:\\\/\\\/develop.olympic.ca\\\/wp-content\\\/uploads\\\/sites\\\/2\\\/2014\\\/11\\\/true-by-tanis-saxby.jpg\",\"contentUrl\":\"https:\\\/\\\/develop.olympic.ca\\\/wp-content\\\/uploads\\\/sites\\\/2\\\/2014\\\/11\\\/true-by-tanis-saxby.jpg\"},{\"@type\":\"WebSite\",\"@id\":\"https:\\\/\\\/develop.olympic.ca\\\/olympique\\\/#website\",\"url\":\"https:\\\/\\\/develop.olympic.ca\\\/olympique\\\/\",\"name\":\"\u00c9quipe Canada | Site officiel de l&#039;\u00e9quipe olympique\",\"description\":\"Votre source pour l\u2019\u00c9quipe olympique canadienne. Retrouvez les r\u00e9cits, vid\u00e9os et photos des athl\u00e8tes canadiens, sports olympiques, Jeux olympiques de 2020 et bien plus!\",\"potentialAction\":[{\"@type\":\"SearchAction\",\"target\":{\"@type\":\"EntryPoint\",\"urlTemplate\":\"https:\\\/\\\/develop.olympic.ca\\\/olympique\\\/?s={search_term_string}\"},\"query-input\":{\"@type\":\"PropertyValueSpecification\",\"valueRequired\":true,\"valueName\":\"search_term_string\"}}],\"inLanguage\":\"fr-FR\"}]}<\/script>\n<!-- \/ Yoast SEO plugin. -->","yoast_head_json":{"title":"Art et Sport 2014 - \u00c9quipe Canada | Site officiel de l&#039;\u00e9quipe olympique","robots":{"index":"index","follow":"follow","max-snippet":"max-snippet:-1","max-image-preview":"max-image-preview:large","max-video-preview":"max-video-preview:-1"},"canonical":"https:\/\/develop.olympic.ca\/olympique\/art-et-sport-2014\/","og_locale":"fr_FR","og_type":"article","og_title":"Art et Sport 2014 - \u00c9quipe Canada | Site officiel de l&#039;\u00e9quipe olympique","og_description":"Appel de propositions &#8211; Trophe\u0301e Art et Sport 2014 du CIO Le trophe\u0301e annuel du Comite\u0301 International Olympique (CIO) a...","og_url":"https:\/\/develop.olympic.ca\/olympique\/art-et-sport-2014\/","og_site_name":"\u00c9quipe Canada | Site officiel de l&#039;\u00e9quipe olympique","article_modified_time":"2015-01-13T15:33:45+00:00","og_image":[{"url":"https:\/\/develop.olympic.ca\/wp-content\/uploads\/sites\/2\/2014\/11\/true-by-tanis-saxby.jpg","type":"","width":"","height":""}],"twitter_card":"summary_large_image","twitter_misc":{"Est. reading time":"1 minute","Written by":"Mark Nadolny"},"schema":{"@context":"https:\/\/schema.org","@graph":[{"@type":"WebPage","@id":"https:\/\/develop.olympic.ca\/olympique\/art-et-sport-2014\/","url":"https:\/\/develop.olympic.ca\/olympique\/art-et-sport-2014\/","name":"Art et Sport 2014 - \u00c9quipe Canada | Site officiel de l&#039;\u00e9quipe olympique","isPartOf":{"@id":"https:\/\/develop.olympic.ca\/olympique\/#website"},"primaryImageOfPage":{"@id":"https:\/\/develop.olympic.ca\/olympique\/art-et-sport-2014\/#primaryimage"},"image":{"@id":"https:\/\/develop.olympic.ca\/olympique\/art-et-sport-2014\/#primaryimage"},"thumbnailUrl":"https:\/\/develop.olympic.ca\/wp-content\/uploads\/sites\/2\/2014\/11\/true-by-tanis-saxby.jpg","datePublished":"2014-11-04T20:50:36+00:00","dateModified":"2015-01-13T15:33:45+00:00","inLanguage":"fr-FR","potentialAction":[{"@type":"ReadAction","target":["https:\/\/develop.olympic.ca\/olympique\/art-et-sport-2014\/"]}]},{"@type":"ImageObject","inLanguage":"fr-FR","@id":"https:\/\/develop.olympic.ca\/olympique\/art-et-sport-2014\/#primaryimage","url":"https:\/\/develop.olympic.ca\/wp-content\/uploads\/sites\/2\/2014\/11\/true-by-tanis-saxby.jpg","contentUrl":"https:\/\/develop.olympic.ca\/wp-content\/uploads\/sites\/2\/2014\/11\/true-by-tanis-saxby.jpg"},{"@type":"WebSite","@id":"https:\/\/develop.olympic.ca\/olympique\/#website","url":"https:\/\/develop.olympic.ca\/olympique\/","name":"\u00c9quipe Canada | Site officiel de l&#039;\u00e9quipe olympique","description":"Votre source pour l\u2019\u00c9quipe olympique canadienne. Retrouvez les r\u00e9cits, vid\u00e9os et photos des athl\u00e8tes canadiens, sports olympiques, Jeux olympiques de 2020 et bien plus!","potentialAction":[{"@type":"SearchAction","target":{"@type":"EntryPoint","urlTemplate":"https:\/\/develop.olympic.ca\/olympique\/?s={search_term_string}"},"query-input":{"@type":"PropertyValueSpecification","valueRequired":true,"valueName":"search_term_string"}}],"inLanguage":"fr-FR"}]}},"jetpack_sharing_enabled":true,"jetpack-related-posts":[],"jetpack_shortlink":"https:\/\/wp.me\/PbmyEP-pmO","_links":{"self":[{"href":"https:\/\/develop.olympic.ca\/olympique\/wp-json\/wp\/v2\/pages\/97514","targetHints":{"allow":["GET"]}}],"collection":[{"href":"https:\/\/develop.olympic.ca\/olympique\/wp-json\/wp\/v2\/pages"}],"about":[{"href":"https:\/\/develop.olympic.ca\/olympique\/wp-json\/wp\/v2\/types\/page"}],"author":[{"embeddable":true,"href":"https:\/\/develop.olympic.ca\/olympique\/wp-json\/wp\/v2\/users\/52435436"}],"replies":[{"embeddable":true,"href":"https:\/\/develop.olympic.ca\/olympique\/wp-json\/wp\/v2\/comments?post=97514"}],"version-history":[{"count":16,"href":"https:\/\/develop.olympic.ca\/olympique\/wp-json\/wp\/v2\/pages\/97514\/revisions"}],"predecessor-version":[{"id":98698,"href":"https:\/\/develop.olympic.ca\/olympique\/wp-json\/wp\/v2\/pages\/97514\/revisions\/98698"}],"wp:attachment":[{"href":"https:\/\/develop.olympic.ca\/olympique\/wp-json\/wp\/v2\/media?parent=97514"}],"wp:term":[{"taxonomy":"author","embeddable":true,"href":"https:\/\/develop.olympic.ca\/olympique\/wp-json\/wp\/v2\/coauthors?post=97514"}],"curies":[{"name":"wp","href":"https:\/\/api.w.org\/{rel}","templated":true}]}}