{"id":35377,"date":"2012-07-03T12:45:31","date_gmt":"2012-07-03T16:47:12","guid":{"rendered":"http:\/\/develop.olympic.ca\/?post_type=videos&#038;p=35377"},"modified":"2012-07-03T12:45:31","modified_gmt":"2012-07-03T16:47:12","slug":"la-fierte-canadienne-rayonne-jusqua-londres","status":"publish","type":"videos","link":"https:\/\/develop.olympic.ca\/olympique\/videos\/la-fierte-canadienne-rayonne-jusqua-londres\/","title":{"rendered":"La fiert\u00e9 canadienne rayonne jusqu\u2019\u00e0 Londres"},"content":{"rendered":"<p>Des Canadiens se sont r\u00e9unis \u00e0 Trafalgar Square \u00e0 Londres, au Royaume-Uni, le jour de la f\u00eate du Canada, \u00e0 trois semaines des Jeux olympiques de 2012 pour c\u00e9l\u00e9brer la fiert\u00e9 canadienne et manifester leur soutien envers l\u2019\u00c9quipe olympique canadienne.<\/p>\n","protected":false},"excerpt":{"rendered":"<p>Des Canadiens se sont r\u00e9unis \u00e0 Trafalgar Square \u00e0 Londres, au Royaume-Uni, le jour de la f\u00eate du Canada, \u00e0&#8230;<\/p>\n","protected":false},"featured_media":35376,"template":"","format":"video","categories":[],"tags":[],"sport":[],"game":[],"class_list":["post-35377","videos","type-videos","status-publish","format-video","has-post-thumbnail","hentry"],"acf":[],"yoast_head":"<!-- This site is optimized with the Yoast SEO plugin v27.3 - https:\/\/yoast.com\/product\/yoast-seo-wordpress\/ -->\n<title>La fiert\u00e9 canadienne rayonne jusqu\u2019\u00e0 Londres - \u00c9quipe Canada | Site officiel de l&#039;\u00e9quipe olympique<\/title>\n<meta name=\"robots\" content=\"index, follow, max-snippet:-1, max-image-preview:large, max-video-preview:-1\" \/>\n<link rel=\"canonical\" href=\"https:\/\/develop.olympic.ca\/olympique\/videos\/la-fierte-canadienne-rayonne-jusqua-londres\/\" \/>\n<meta property=\"og:locale\" content=\"fr_FR\" \/>\n<meta property=\"og:type\" content=\"article\" \/>\n<meta property=\"og:title\" content=\"La fiert\u00e9 canadienne rayonne jusqu\u2019\u00e0 Londres - \u00c9quipe Canada | Site officiel de l&#039;\u00e9quipe olympique\" \/>\n<meta property=\"og:description\" content=\"Des Canadiens se sont r\u00e9unis \u00e0 Trafalgar Square \u00e0 Londres, au Royaume-Uni, le jour de la f\u00eate du Canada, \u00e0...\" \/>\n<meta property=\"og:url\" content=\"https:\/\/develop.olympic.ca\/olympique\/videos\/la-fierte-canadienne-rayonne-jusqua-londres\/\" \/>\n<meta property=\"og:site_name\" content=\"\u00c9quipe Canada | Site officiel de l&#039;\u00e9quipe olympique\" \/>\n<meta property=\"og:image\" content=\"https:\/\/develop.olympic.ca\/olympique\/wp-content\/uploads\/sites\/2\/2012\/07\/canada-day-screen17.jpg?quality=100\" \/>\n\t<meta property=\"og:image:width\" content=\"580\" \/>\n\t<meta property=\"og:image:height\" content=\"470\" \/>\n\t<meta property=\"og:image:type\" content=\"image\/jpeg\" \/>\n<meta name=\"twitter:card\" content=\"summary_large_image\" \/>\n<meta name=\"twitter:label1\" content=\"Written by\" \/>\n\t<meta name=\"twitter:data1\" content=\"Mark Nadolny\" \/>\n<script type=\"application\/ld+json\" class=\"yoast-schema-graph\">{\"@context\":\"https:\\\/\\\/schema.org\",\"@graph\":[{\"@type\":\"WebPage\",\"@id\":\"https:\\\/\\\/develop.olympic.ca\\\/olympique\\\/videos\\\/la-fierte-canadienne-rayonne-jusqua-londres\\\/\",\"url\":\"https:\\\/\\\/develop.olympic.ca\\\/olympique\\\/videos\\\/la-fierte-canadienne-rayonne-jusqua-londres\\\/\",\"name\":\"La fiert\u00e9 canadienne rayonne jusqu\u2019\u00e0 Londres - \u00c9quipe Canada | Site officiel de l&#039;\u00e9quipe olympique\",\"isPartOf\":{\"@id\":\"https:\\\/\\\/develop.olympic.ca\\\/olympique\\\/#website\"},\"primaryImageOfPage\":{\"@id\":\"https:\\\/\\\/develop.olympic.ca\\\/olympique\\\/videos\\\/la-fierte-canadienne-rayonne-jusqua-londres\\\/#primaryimage\"},\"image\":{\"@id\":\"https:\\\/\\\/develop.olympic.ca\\\/olympique\\\/videos\\\/la-fierte-canadienne-rayonne-jusqua-londres\\\/#primaryimage\"},\"thumbnailUrl\":\"https:\\\/\\\/develop.olympic.ca\\\/olympique\\\/wp-content\\\/uploads\\\/sites\\\/2\\\/2012\\\/07\\\/canada-day-screen17.jpg?quality=100\",\"datePublished\":\"2012-07-03T16:47:12+00:00\",\"breadcrumb\":{\"@id\":\"https:\\\/\\\/develop.olympic.ca\\\/olympique\\\/videos\\\/la-fierte-canadienne-rayonne-jusqua-londres\\\/#breadcrumb\"},\"inLanguage\":\"fr-FR\",\"potentialAction\":[{\"@type\":\"ReadAction\",\"target\":[\"https:\\\/\\\/develop.olympic.ca\\\/olympique\\\/videos\\\/la-fierte-canadienne-rayonne-jusqua-londres\\\/\"]}]},{\"@type\":\"ImageObject\",\"inLanguage\":\"fr-FR\",\"@id\":\"https:\\\/\\\/develop.olympic.ca\\\/olympique\\\/videos\\\/la-fierte-canadienne-rayonne-jusqua-londres\\\/#primaryimage\",\"url\":\"https:\\\/\\\/develop.olympic.ca\\\/olympique\\\/wp-content\\\/uploads\\\/sites\\\/2\\\/2012\\\/07\\\/canada-day-screen17.jpg?quality=100\",\"contentUrl\":\"https:\\\/\\\/develop.olympic.ca\\\/olympique\\\/wp-content\\\/uploads\\\/sites\\\/2\\\/2012\\\/07\\\/canada-day-screen17.jpg?quality=100\",\"width\":580,\"height\":470},{\"@type\":\"BreadcrumbList\",\"@id\":\"https:\\\/\\\/develop.olympic.ca\\\/olympique\\\/videos\\\/la-fierte-canadienne-rayonne-jusqua-londres\\\/#breadcrumb\",\"itemListElement\":[{\"@type\":\"ListItem\",\"position\":1,\"name\":\"Vid\u00e9o\",\"item\":\"https:\\\/\\\/develop.olympic.ca\\\/olympique\\\/videos\\\/\"},{\"@type\":\"ListItem\",\"position\":2,\"name\":\"La fiert\u00e9 canadienne rayonne jusqu\u2019\u00e0 Londres\"}]},{\"@type\":\"WebSite\",\"@id\":\"https:\\\/\\\/develop.olympic.ca\\\/olympique\\\/#website\",\"url\":\"https:\\\/\\\/develop.olympic.ca\\\/olympique\\\/\",\"name\":\"\u00c9quipe Canada | Site officiel de l&#039;\u00e9quipe olympique\",\"description\":\"Votre source pour l\u2019\u00c9quipe olympique canadienne. Retrouvez les r\u00e9cits, vid\u00e9os et photos des athl\u00e8tes canadiens, sports olympiques, Jeux olympiques de 2020 et bien plus!\",\"potentialAction\":[{\"@type\":\"SearchAction\",\"target\":{\"@type\":\"EntryPoint\",\"urlTemplate\":\"https:\\\/\\\/develop.olympic.ca\\\/olympique\\\/?s={search_term_string}\"},\"query-input\":{\"@type\":\"PropertyValueSpecification\",\"valueRequired\":true,\"valueName\":\"search_term_string\"}}],\"inLanguage\":\"fr-FR\"}]}<\/script>\n<!-- \/ Yoast SEO plugin. -->","yoast_head_json":{"title":"La fiert\u00e9 canadienne rayonne jusqu\u2019\u00e0 Londres - \u00c9quipe Canada | Site officiel de l&#039;\u00e9quipe olympique","robots":{"index":"index","follow":"follow","max-snippet":"max-snippet:-1","max-image-preview":"max-image-preview:large","max-video-preview":"max-video-preview:-1"},"canonical":"https:\/\/develop.olympic.ca\/olympique\/videos\/la-fierte-canadienne-rayonne-jusqua-londres\/","og_locale":"fr_FR","og_type":"article","og_title":"La fiert\u00e9 canadienne rayonne jusqu\u2019\u00e0 Londres - \u00c9quipe Canada | Site officiel de l&#039;\u00e9quipe olympique","og_description":"Des Canadiens se sont r\u00e9unis \u00e0 Trafalgar Square \u00e0 Londres, au Royaume-Uni, le jour de la f\u00eate du Canada, \u00e0...","og_url":"https:\/\/develop.olympic.ca\/olympique\/videos\/la-fierte-canadienne-rayonne-jusqua-londres\/","og_site_name":"\u00c9quipe Canada | Site officiel de l&#039;\u00e9quipe olympique","og_image":[{"width":580,"height":470,"url":"https:\/\/develop.olympic.ca\/olympique\/wp-content\/uploads\/sites\/2\/2012\/07\/canada-day-screen17.jpg?quality=100","type":"image\/jpeg"}],"twitter_card":"summary_large_image","twitter_misc":{"Written by":"Mark Nadolny"},"schema":{"@context":"https:\/\/schema.org","@graph":[{"@type":"WebPage","@id":"https:\/\/develop.olympic.ca\/olympique\/videos\/la-fierte-canadienne-rayonne-jusqua-londres\/","url":"https:\/\/develop.olympic.ca\/olympique\/videos\/la-fierte-canadienne-rayonne-jusqua-londres\/","name":"La fiert\u00e9 canadienne rayonne jusqu\u2019\u00e0 Londres - \u00c9quipe Canada | Site officiel de l&#039;\u00e9quipe olympique","isPartOf":{"@id":"https:\/\/develop.olympic.ca\/olympique\/#website"},"primaryImageOfPage":{"@id":"https:\/\/develop.olympic.ca\/olympique\/videos\/la-fierte-canadienne-rayonne-jusqua-londres\/#primaryimage"},"image":{"@id":"https:\/\/develop.olympic.ca\/olympique\/videos\/la-fierte-canadienne-rayonne-jusqua-londres\/#primaryimage"},"thumbnailUrl":"https:\/\/develop.olympic.ca\/olympique\/wp-content\/uploads\/sites\/2\/2012\/07\/canada-day-screen17.jpg?quality=100","datePublished":"2012-07-03T16:47:12+00:00","breadcrumb":{"@id":"https:\/\/develop.olympic.ca\/olympique\/videos\/la-fierte-canadienne-rayonne-jusqua-londres\/#breadcrumb"},"inLanguage":"fr-FR","potentialAction":[{"@type":"ReadAction","target":["https:\/\/develop.olympic.ca\/olympique\/videos\/la-fierte-canadienne-rayonne-jusqua-londres\/"]}]},{"@type":"ImageObject","inLanguage":"fr-FR","@id":"https:\/\/develop.olympic.ca\/olympique\/videos\/la-fierte-canadienne-rayonne-jusqua-londres\/#primaryimage","url":"https:\/\/develop.olympic.ca\/olympique\/wp-content\/uploads\/sites\/2\/2012\/07\/canada-day-screen17.jpg?quality=100","contentUrl":"https:\/\/develop.olympic.ca\/olympique\/wp-content\/uploads\/sites\/2\/2012\/07\/canada-day-screen17.jpg?quality=100","width":580,"height":470},{"@type":"BreadcrumbList","@id":"https:\/\/develop.olympic.ca\/olympique\/videos\/la-fierte-canadienne-rayonne-jusqua-londres\/#breadcrumb","itemListElement":[{"@type":"ListItem","position":1,"name":"Vid\u00e9o","item":"https:\/\/develop.olympic.ca\/olympique\/videos\/"},{"@type":"ListItem","position":2,"name":"La fiert\u00e9 canadienne rayonne jusqu\u2019\u00e0 Londres"}]},{"@type":"WebSite","@id":"https:\/\/develop.olympic.ca\/olympique\/#website","url":"https:\/\/develop.olympic.ca\/olympique\/","name":"\u00c9quipe Canada | Site officiel de l&#039;\u00e9quipe olympique","description":"Votre source pour l\u2019\u00c9quipe olympique canadienne. Retrouvez les r\u00e9cits, vid\u00e9os et photos des athl\u00e8tes canadiens, sports olympiques, Jeux olympiques de 2020 et bien plus!","potentialAction":[{"@type":"SearchAction","target":{"@type":"EntryPoint","urlTemplate":"https:\/\/develop.olympic.ca\/olympique\/?s={search_term_string}"},"query-input":{"@type":"PropertyValueSpecification","valueRequired":true,"valueName":"search_term_string"}}],"inLanguage":"fr-FR"}]}},"featured_image_url":"https:\/\/develop.olympic.ca\/olympique\/wp-content\/uploads\/sites\/2\/2012\/07\/canada-day-screen17.jpg?quality=100","category_names":[],"tag_names":[],"sport_names":[],"game_names":[],"video_embed_code":"http:\/\/www.youtube.com\/watch?v=-USMxsk1yhc","facebook_video_embed_code":"","jetpack_sharing_enabled":true,"_links":{"self":[{"href":"https:\/\/develop.olympic.ca\/olympique\/wp-json\/wp\/v2\/videos\/35377","targetHints":{"allow":["GET"]}}],"collection":[{"href":"https:\/\/develop.olympic.ca\/olympique\/wp-json\/wp\/v2\/videos"}],"about":[{"href":"https:\/\/develop.olympic.ca\/olympique\/wp-json\/wp\/v2\/types\/videos"}],"wp:featuredmedia":[{"embeddable":true,"href":"https:\/\/develop.olympic.ca\/olympique\/wp-json\/wp\/v2\/media\/35376"}],"wp:attachment":[{"href":"https:\/\/develop.olympic.ca\/olympique\/wp-json\/wp\/v2\/media?parent=35377"}],"wp:term":[{"taxonomy":"category","embeddable":true,"href":"https:\/\/develop.olympic.ca\/olympique\/wp-json\/wp\/v2\/categories?post=35377"},{"taxonomy":"post_tag","embeddable":true,"href":"https:\/\/develop.olympic.ca\/olympique\/wp-json\/wp\/v2\/tags?post=35377"},{"taxonomy":"sport","embeddable":true,"href":"https:\/\/develop.olympic.ca\/olympique\/wp-json\/wp\/v2\/sport?post=35377"},{"taxonomy":"game","embeddable":true,"href":"https:\/\/develop.olympic.ca\/olympique\/wp-json\/wp\/v2\/game?post=35377"}],"curies":[{"name":"wp","href":"https:\/\/api.w.org\/{rel}","templated":true}]}}

La fierté canadienne rayonne jusqu’à Londres

<p>Des Canadiens se sont réunis à Trafalgar Square à Londres, au Royaume-Uni, le jour de la fête du Canada, à trois semaines des Jeux olympiques de 2012 pour célébrer la fierté canadienne et manifester leur soutien envers l’Équipe olympique canadienne.</p>

<p>Des Canadiens se sont réunis à Trafalgar Square à Londres, au Royaume-Uni, le jour de la fête du Canada, à&#8230;</p>

<!-- This site is optimized with the Yoast SEO plugin v27.3 - https://yoast.com/product/yoast-seo-wordpress/ -->
<title>La fierté canadienne rayonne jusqu’à Londres - Équipe Canada | Site officiel de l&#039;équipe olympique</title>
<meta name="robots" content="index, follow, max-snippet:-1, max-image-preview:large, max-video-preview:-1" />
<link rel="canonical" href="https://develop.olympic.ca/olympique/videos/la-fierte-canadienne-rayonne-jusqua-londres/" />
<meta property="og:locale" content="fr_FR" />
<meta property="og:type" content="article" />
<meta property="og:title" content="La fierté canadienne rayonne jusqu’à Londres - Équipe Canada | Site officiel de l&#039;équipe olympique" />
<meta property="og:description" content="Des Canadiens se sont réunis à Trafalgar Square à Londres, au Royaume-Uni, le jour de la fête du Canada, à..." />
<meta property="og:url" content="https://develop.olympic.ca/olympique/videos/la-fierte-canadienne-rayonne-jusqua-londres/" />
<meta property="og:site_name" content="Équipe Canada | Site officiel de l&#039;équipe olympique" />
<meta property="og:image" content="https://develop.olympic.ca/olympique/wp-content/uploads/sites/2/2012/07/canada-day-screen17.jpg?quality=100" />
	<meta property="og:image:width" content="580" />
	<meta property="og:image:height" content="470" />
	<meta property="og:image:type" content="image/jpeg" />
<meta name="twitter:card" content="summary_large_image" />
<meta name="twitter:label1" content="Written by" />
	<meta name="twitter:data1" content="Mark Nadolny" />
<script type="application/ld+json" class="yoast-schema-graph">{"@context":"https:\/\/schema.org","@graph":[{"@type":"WebPage","@id":"https:\/\/develop.olympic.ca\/olympique\/videos\/la-fierte-canadienne-rayonne-jusqua-londres\/","url":"https:\/\/develop.olympic.ca\/olympique\/videos\/la-fierte-canadienne-rayonne-jusqua-londres\/","name":"La fierté canadienne rayonne jusqu’à Londres - Équipe Canada | Site officiel de l&#039;équipe olympique","isPartOf":{"@id":"https:\/\/develop.olympic.ca\/olympique\/#website"},"primaryImageOfPage":{"@id":"https:\/\/develop.olympic.ca\/olympique\/videos\/la-fierte-canadienne-rayonne-jusqua-londres\/#primaryimage"},"image":{"@id":"https:\/\/develop.olympic.ca\/olympique\/videos\/la-fierte-canadienne-rayonne-jusqua-londres\/#primaryimage"},"thumbnailUrl":"https:\/\/develop.olympic.ca\/olympique\/wp-content\/uploads\/sites\/2\/2012\/07\/canada-day-screen17.jpg?quality=100","datePublished":"2012-07-03T16:47:12+00:00","breadcrumb":{"@id":"https:\/\/develop.olympic.ca\/olympique\/videos\/la-fierte-canadienne-rayonne-jusqua-londres\/#breadcrumb"},"inLanguage":"fr-FR","potentialAction":[{"@type":"ReadAction","target":["https:\/\/develop.olympic.ca\/olympique\/videos\/la-fierte-canadienne-rayonne-jusqua-londres\/"]}]},{"@type":"ImageObject","inLanguage":"fr-FR","@id":"https:\/\/develop.olympic.ca\/olympique\/videos\/la-fierte-canadienne-rayonne-jusqua-londres\/#primaryimage","url":"https:\/\/develop.olympic.ca\/olympique\/wp-content\/uploads\/sites\/2\/2012\/07\/canada-day-screen17.jpg?quality=100","contentUrl":"https:\/\/develop.olympic.ca\/olympique\/wp-content\/uploads\/sites\/2\/2012\/07\/canada-day-screen17.jpg?quality=100","width":580,"height":470},{"@type":"BreadcrumbList","@id":"https:\/\/develop.olympic.ca\/olympique\/videos\/la-fierte-canadienne-rayonne-jusqua-londres\/#breadcrumb","itemListElement":[{"@type":"ListItem","position":1,"name":"Vidéo","item":"https:\/\/develop.olympic.ca\/olympique\/videos\/"},{"@type":"ListItem","position":2,"name":"La fierté canadienne rayonne jusqu’à Londres"}]},{"@type":"WebSite","@id":"https:\/\/develop.olympic.ca\/olympique\/#website","url":"https:\/\/develop.olympic.ca\/olympique\/","name":"Équipe Canada | Site officiel de l&#039;équipe olympique","description":"Votre source pour l’Équipe olympique canadienne. Retrouvez les récits, vidéos et photos des athlètes canadiens, sports olympiques, Jeux olympiques de 2020 et bien plus!","potentialAction":[{"@type":"SearchAction","target":{"@type":"EntryPoint","urlTemplate":"https:\/\/develop.olympic.ca\/olympique\/?s={search_term_string}"},"query-input":{"@type":"PropertyValueSpecification","valueRequired":true,"valueName":"search_term_string"}}],"inLanguage":"fr-FR"}]}</script>
<!-- / Yoast SEO plugin. -->

La fierté canadienne rayonne jusqu’à Londres - Équipe Canada | Site officiel de l&#039;équipe olympique

Des Canadiens se sont réunis à Trafalgar Square à Londres, au Royaume-Uni, le jour de la fête du Canada, à...

Équipe Canada | Site officiel de l&#039;équipe olympique

Vidéo

Votre source pour l’Équipe olympique canadienne. Retrouvez les récits, vidéos et photos des athlètes canadiens, sports olympiques, Jeux olympiques de 2020 et bien plus!
