{"id":40852,"date":"2012-08-09T08:40:13","date_gmt":"2012-08-09T12:40:13","guid":{"rendered":"http:\/\/develop.olympic.ca\/?post_type=videos&#038;p=40852"},"modified":"2012-08-09T08:40:13","modified_gmt":"2012-08-09T12:40:13","slug":"derriere-le-poeme-devenir-un-heros","status":"publish","type":"videos","link":"https:\/\/develop.olympic.ca\/olympique\/videos\/derriere-le-poeme-devenir-un-heros\/","title":{"rendered":"Derri\u00e8re le po\u00e8me \u00ab Devenir un h\u00e9ros \u00bb"},"content":{"rendered":"<p>Inspir\u00e9e par nos Olympiens, l&rsquo;artiste m\u00e9tis et po\u00e8te de \u00ab spoken word \u00bb Moe Clark a cr\u00e9\u00e9 \u00ab Devenir un h\u00e9ros \u00bb qu&rsquo;elle a interpr\u00e9t\u00e9 pour nos athl\u00e8tes au village et pour les membres de leur famille et leurs amis \u00e0 la Maison olympique du Canada.<\/p>\n","protected":false},"excerpt":{"rendered":"<p>Inspir\u00e9e par nos Olympiens, l&rsquo;artiste m\u00e9tis et po\u00e8te de \u00ab spoken word \u00bb Moe Clark a cr\u00e9\u00e9 \u00ab Devenir un&#8230;<\/p>\n","protected":false},"featured_media":40841,"template":"","format":"video","categories":[],"tags":[],"sport":[],"game":[],"class_list":["post-40852","videos","type-videos","status-publish","format-video","has-post-thumbnail","hentry"],"acf":[],"yoast_head":"<!-- This site is optimized with the Yoast SEO plugin v27.3 - https:\/\/yoast.com\/product\/yoast-seo-wordpress\/ -->\n<title>Derri\u00e8re le po\u00e8me \u00ab Devenir un h\u00e9ros \u00bb - \u00c9quipe Canada | Site officiel de l&#039;\u00e9quipe olympique<\/title>\n<meta name=\"robots\" content=\"index, follow, max-snippet:-1, max-image-preview:large, max-video-preview:-1\" \/>\n<link rel=\"canonical\" href=\"https:\/\/develop.olympic.ca\/olympique\/videos\/derriere-le-poeme-devenir-un-heros\/\" \/>\n<meta property=\"og:locale\" content=\"fr_FR\" \/>\n<meta property=\"og:type\" content=\"article\" \/>\n<meta property=\"og:title\" content=\"Derri\u00e8re le po\u00e8me \u00ab Devenir un h\u00e9ros \u00bb - \u00c9quipe Canada | Site officiel de l&#039;\u00e9quipe olympique\" \/>\n<meta property=\"og:description\" content=\"Inspir\u00e9e par nos Olympiens, l&rsquo;artiste m\u00e9tis et po\u00e8te de \u00ab spoken word \u00bb Moe Clark a cr\u00e9\u00e9 \u00ab Devenir un...\" \/>\n<meta property=\"og:url\" content=\"https:\/\/develop.olympic.ca\/olympique\/videos\/derriere-le-poeme-devenir-un-heros\/\" \/>\n<meta property=\"og:site_name\" content=\"\u00c9quipe Canada | Site officiel de l&#039;\u00e9quipe olympique\" \/>\n<meta property=\"og:image\" content=\"https:\/\/develop.olympic.ca\/olympique\/wp-content\/uploads\/sites\/2\/2012\/08\/screen-shot-2012-08-09-at-8-03-01-am7.png\" \/>\n\t<meta property=\"og:image:width\" content=\"1440\" \/>\n\t<meta property=\"og:image:height\" content=\"900\" \/>\n\t<meta property=\"og:image:type\" content=\"image\/png\" \/>\n<meta name=\"twitter:card\" content=\"summary_large_image\" \/>\n<meta name=\"twitter:label1\" content=\"Written by\" \/>\n\t<meta name=\"twitter:data1\" content=\"Mark Nadolny\" \/>\n<script type=\"application\/ld+json\" class=\"yoast-schema-graph\">{\"@context\":\"https:\\\/\\\/schema.org\",\"@graph\":[{\"@type\":\"WebPage\",\"@id\":\"https:\\\/\\\/develop.olympic.ca\\\/olympique\\\/videos\\\/derriere-le-poeme-devenir-un-heros\\\/\",\"url\":\"https:\\\/\\\/develop.olympic.ca\\\/olympique\\\/videos\\\/derriere-le-poeme-devenir-un-heros\\\/\",\"name\":\"Derri\u00e8re le po\u00e8me \u00ab Devenir un h\u00e9ros \u00bb - \u00c9quipe Canada | Site officiel de l&#039;\u00e9quipe olympique\",\"isPartOf\":{\"@id\":\"https:\\\/\\\/develop.olympic.ca\\\/olympique\\\/#website\"},\"primaryImageOfPage\":{\"@id\":\"https:\\\/\\\/develop.olympic.ca\\\/olympique\\\/videos\\\/derriere-le-poeme-devenir-un-heros\\\/#primaryimage\"},\"image\":{\"@id\":\"https:\\\/\\\/develop.olympic.ca\\\/olympique\\\/videos\\\/derriere-le-poeme-devenir-un-heros\\\/#primaryimage\"},\"thumbnailUrl\":\"https:\\\/\\\/develop.olympic.ca\\\/olympique\\\/wp-content\\\/uploads\\\/sites\\\/2\\\/2012\\\/08\\\/screen-shot-2012-08-09-at-8-03-01-am7.png\",\"datePublished\":\"2012-08-09T12:40:13+00:00\",\"breadcrumb\":{\"@id\":\"https:\\\/\\\/develop.olympic.ca\\\/olympique\\\/videos\\\/derriere-le-poeme-devenir-un-heros\\\/#breadcrumb\"},\"inLanguage\":\"fr-FR\",\"potentialAction\":[{\"@type\":\"ReadAction\",\"target\":[\"https:\\\/\\\/develop.olympic.ca\\\/olympique\\\/videos\\\/derriere-le-poeme-devenir-un-heros\\\/\"]}]},{\"@type\":\"ImageObject\",\"inLanguage\":\"fr-FR\",\"@id\":\"https:\\\/\\\/develop.olympic.ca\\\/olympique\\\/videos\\\/derriere-le-poeme-devenir-un-heros\\\/#primaryimage\",\"url\":\"https:\\\/\\\/develop.olympic.ca\\\/olympique\\\/wp-content\\\/uploads\\\/sites\\\/2\\\/2012\\\/08\\\/screen-shot-2012-08-09-at-8-03-01-am7.png\",\"contentUrl\":\"https:\\\/\\\/develop.olympic.ca\\\/olympique\\\/wp-content\\\/uploads\\\/sites\\\/2\\\/2012\\\/08\\\/screen-shot-2012-08-09-at-8-03-01-am7.png\",\"width\":1440,\"height\":900},{\"@type\":\"BreadcrumbList\",\"@id\":\"https:\\\/\\\/develop.olympic.ca\\\/olympique\\\/videos\\\/derriere-le-poeme-devenir-un-heros\\\/#breadcrumb\",\"itemListElement\":[{\"@type\":\"ListItem\",\"position\":1,\"name\":\"Vid\u00e9o\",\"item\":\"https:\\\/\\\/develop.olympic.ca\\\/olympique\\\/videos\\\/\"},{\"@type\":\"ListItem\",\"position\":2,\"name\":\"Derri\u00e8re le po\u00e8me \u00ab Devenir un h\u00e9ros \u00bb\"}]},{\"@type\":\"WebSite\",\"@id\":\"https:\\\/\\\/develop.olympic.ca\\\/olympique\\\/#website\",\"url\":\"https:\\\/\\\/develop.olympic.ca\\\/olympique\\\/\",\"name\":\"\u00c9quipe Canada | Site officiel de l&#039;\u00e9quipe olympique\",\"description\":\"Votre source pour l\u2019\u00c9quipe olympique canadienne. Retrouvez les r\u00e9cits, vid\u00e9os et photos des athl\u00e8tes canadiens, sports olympiques, Jeux olympiques de 2020 et bien plus!\",\"potentialAction\":[{\"@type\":\"SearchAction\",\"target\":{\"@type\":\"EntryPoint\",\"urlTemplate\":\"https:\\\/\\\/develop.olympic.ca\\\/olympique\\\/?s={search_term_string}\"},\"query-input\":{\"@type\":\"PropertyValueSpecification\",\"valueRequired\":true,\"valueName\":\"search_term_string\"}}],\"inLanguage\":\"fr-FR\"}]}<\/script>\n<!-- \/ Yoast SEO plugin. -->","yoast_head_json":{"title":"Derri\u00e8re le po\u00e8me \u00ab Devenir un h\u00e9ros \u00bb - \u00c9quipe Canada | Site officiel de l&#039;\u00e9quipe olympique","robots":{"index":"index","follow":"follow","max-snippet":"max-snippet:-1","max-image-preview":"max-image-preview:large","max-video-preview":"max-video-preview:-1"},"canonical":"https:\/\/develop.olympic.ca\/olympique\/videos\/derriere-le-poeme-devenir-un-heros\/","og_locale":"fr_FR","og_type":"article","og_title":"Derri\u00e8re le po\u00e8me \u00ab Devenir un h\u00e9ros \u00bb - \u00c9quipe Canada | Site officiel de l&#039;\u00e9quipe olympique","og_description":"Inspir\u00e9e par nos Olympiens, l&rsquo;artiste m\u00e9tis et po\u00e8te de \u00ab spoken word \u00bb Moe Clark a cr\u00e9\u00e9 \u00ab Devenir un...","og_url":"https:\/\/develop.olympic.ca\/olympique\/videos\/derriere-le-poeme-devenir-un-heros\/","og_site_name":"\u00c9quipe Canada | Site officiel de l&#039;\u00e9quipe olympique","og_image":[{"width":1440,"height":900,"url":"https:\/\/develop.olympic.ca\/olympique\/wp-content\/uploads\/sites\/2\/2012\/08\/screen-shot-2012-08-09-at-8-03-01-am7.png","type":"image\/png"}],"twitter_card":"summary_large_image","twitter_misc":{"Written by":"Mark Nadolny"},"schema":{"@context":"https:\/\/schema.org","@graph":[{"@type":"WebPage","@id":"https:\/\/develop.olympic.ca\/olympique\/videos\/derriere-le-poeme-devenir-un-heros\/","url":"https:\/\/develop.olympic.ca\/olympique\/videos\/derriere-le-poeme-devenir-un-heros\/","name":"Derri\u00e8re le po\u00e8me \u00ab Devenir un h\u00e9ros \u00bb - \u00c9quipe Canada | Site officiel de l&#039;\u00e9quipe olympique","isPartOf":{"@id":"https:\/\/develop.olympic.ca\/olympique\/#website"},"primaryImageOfPage":{"@id":"https:\/\/develop.olympic.ca\/olympique\/videos\/derriere-le-poeme-devenir-un-heros\/#primaryimage"},"image":{"@id":"https:\/\/develop.olympic.ca\/olympique\/videos\/derriere-le-poeme-devenir-un-heros\/#primaryimage"},"thumbnailUrl":"https:\/\/develop.olympic.ca\/olympique\/wp-content\/uploads\/sites\/2\/2012\/08\/screen-shot-2012-08-09-at-8-03-01-am7.png","datePublished":"2012-08-09T12:40:13+00:00","breadcrumb":{"@id":"https:\/\/develop.olympic.ca\/olympique\/videos\/derriere-le-poeme-devenir-un-heros\/#breadcrumb"},"inLanguage":"fr-FR","potentialAction":[{"@type":"ReadAction","target":["https:\/\/develop.olympic.ca\/olympique\/videos\/derriere-le-poeme-devenir-un-heros\/"]}]},{"@type":"ImageObject","inLanguage":"fr-FR","@id":"https:\/\/develop.olympic.ca\/olympique\/videos\/derriere-le-poeme-devenir-un-heros\/#primaryimage","url":"https:\/\/develop.olympic.ca\/olympique\/wp-content\/uploads\/sites\/2\/2012\/08\/screen-shot-2012-08-09-at-8-03-01-am7.png","contentUrl":"https:\/\/develop.olympic.ca\/olympique\/wp-content\/uploads\/sites\/2\/2012\/08\/screen-shot-2012-08-09-at-8-03-01-am7.png","width":1440,"height":900},{"@type":"BreadcrumbList","@id":"https:\/\/develop.olympic.ca\/olympique\/videos\/derriere-le-poeme-devenir-un-heros\/#breadcrumb","itemListElement":[{"@type":"ListItem","position":1,"name":"Vid\u00e9o","item":"https:\/\/develop.olympic.ca\/olympique\/videos\/"},{"@type":"ListItem","position":2,"name":"Derri\u00e8re le po\u00e8me \u00ab Devenir un h\u00e9ros \u00bb"}]},{"@type":"WebSite","@id":"https:\/\/develop.olympic.ca\/olympique\/#website","url":"https:\/\/develop.olympic.ca\/olympique\/","name":"\u00c9quipe Canada | Site officiel de l&#039;\u00e9quipe olympique","description":"Votre source pour l\u2019\u00c9quipe olympique canadienne. Retrouvez les r\u00e9cits, vid\u00e9os et photos des athl\u00e8tes canadiens, sports olympiques, Jeux olympiques de 2020 et bien plus!","potentialAction":[{"@type":"SearchAction","target":{"@type":"EntryPoint","urlTemplate":"https:\/\/develop.olympic.ca\/olympique\/?s={search_term_string}"},"query-input":{"@type":"PropertyValueSpecification","valueRequired":true,"valueName":"search_term_string"}}],"inLanguage":"fr-FR"}]}},"featured_image_url":"https:\/\/develop.olympic.ca\/olympique\/wp-content\/uploads\/sites\/2\/2012\/08\/screen-shot-2012-08-09-at-8-03-01-am7.png","category_names":[],"tag_names":[],"sport_names":[],"game_names":[],"video_embed_code":"http:\/\/www.youtube.com\/watch?v=V0aFTy2dKGM","facebook_video_embed_code":"","jetpack_sharing_enabled":true,"_links":{"self":[{"href":"https:\/\/develop.olympic.ca\/olympique\/wp-json\/wp\/v2\/videos\/40852","targetHints":{"allow":["GET"]}}],"collection":[{"href":"https:\/\/develop.olympic.ca\/olympique\/wp-json\/wp\/v2\/videos"}],"about":[{"href":"https:\/\/develop.olympic.ca\/olympique\/wp-json\/wp\/v2\/types\/videos"}],"wp:featuredmedia":[{"embeddable":true,"href":"https:\/\/develop.olympic.ca\/olympique\/wp-json\/wp\/v2\/media\/40841"}],"wp:attachment":[{"href":"https:\/\/develop.olympic.ca\/olympique\/wp-json\/wp\/v2\/media?parent=40852"}],"wp:term":[{"taxonomy":"category","embeddable":true,"href":"https:\/\/develop.olympic.ca\/olympique\/wp-json\/wp\/v2\/categories?post=40852"},{"taxonomy":"post_tag","embeddable":true,"href":"https:\/\/develop.olympic.ca\/olympique\/wp-json\/wp\/v2\/tags?post=40852"},{"taxonomy":"sport","embeddable":true,"href":"https:\/\/develop.olympic.ca\/olympique\/wp-json\/wp\/v2\/sport?post=40852"},{"taxonomy":"game","embeddable":true,"href":"https:\/\/develop.olympic.ca\/olympique\/wp-json\/wp\/v2\/game?post=40852"}],"curies":[{"name":"wp","href":"https:\/\/api.w.org\/{rel}","templated":true}]}}

Derrière le poème « Devenir un héros »

<p>Inspirée par nos Olympiens, l&rsquo;artiste métis et poète de « spoken word » Moe Clark a créé « Devenir un héros » qu&rsquo;elle a interprété pour nos athlètes au village et pour les membres de leur famille et leurs amis à la Maison olympique du Canada.</p>

<p>Inspirée par nos Olympiens, l&rsquo;artiste métis et poète de « spoken word » Moe Clark a créé « Devenir un&#8230;</p>

<!-- This site is optimized with the Yoast SEO plugin v27.3 - https://yoast.com/product/yoast-seo-wordpress/ -->
<title>Derrière le poème « Devenir un héros » - Équipe Canada | Site officiel de l&#039;équipe olympique</title>
<meta name="robots" content="index, follow, max-snippet:-1, max-image-preview:large, max-video-preview:-1" />
<link rel="canonical" href="https://develop.olympic.ca/olympique/videos/derriere-le-poeme-devenir-un-heros/" />
<meta property="og:locale" content="fr_FR" />
<meta property="og:type" content="article" />
<meta property="og:title" content="Derrière le poème « Devenir un héros » - Équipe Canada | Site officiel de l&#039;équipe olympique" />
<meta property="og:description" content="Inspirée par nos Olympiens, l&rsquo;artiste métis et poète de « spoken word » Moe Clark a créé « Devenir un..." />
<meta property="og:url" content="https://develop.olympic.ca/olympique/videos/derriere-le-poeme-devenir-un-heros/" />
<meta property="og:site_name" content="Équipe Canada | Site officiel de l&#039;équipe olympique" />
<meta property="og:image" content="https://develop.olympic.ca/olympique/wp-content/uploads/sites/2/2012/08/screen-shot-2012-08-09-at-8-03-01-am7.png" />
	<meta property="og:image:width" content="1440" />
	<meta property="og:image:height" content="900" />
	<meta property="og:image:type" content="image/png" />
<meta name="twitter:card" content="summary_large_image" />
<meta name="twitter:label1" content="Written by" />
	<meta name="twitter:data1" content="Mark Nadolny" />
<script type="application/ld+json" class="yoast-schema-graph">{"@context":"https:\/\/schema.org","@graph":[{"@type":"WebPage","@id":"https:\/\/develop.olympic.ca\/olympique\/videos\/derriere-le-poeme-devenir-un-heros\/","url":"https:\/\/develop.olympic.ca\/olympique\/videos\/derriere-le-poeme-devenir-un-heros\/","name":"Derrière le poème « Devenir un héros » - Équipe Canada | Site officiel de l&#039;équipe olympique","isPartOf":{"@id":"https:\/\/develop.olympic.ca\/olympique\/#website"},"primaryImageOfPage":{"@id":"https:\/\/develop.olympic.ca\/olympique\/videos\/derriere-le-poeme-devenir-un-heros\/#primaryimage"},"image":{"@id":"https:\/\/develop.olympic.ca\/olympique\/videos\/derriere-le-poeme-devenir-un-heros\/#primaryimage"},"thumbnailUrl":"https:\/\/develop.olympic.ca\/olympique\/wp-content\/uploads\/sites\/2\/2012\/08\/screen-shot-2012-08-09-at-8-03-01-am7.png","datePublished":"2012-08-09T12:40:13+00:00","breadcrumb":{"@id":"https:\/\/develop.olympic.ca\/olympique\/videos\/derriere-le-poeme-devenir-un-heros\/#breadcrumb"},"inLanguage":"fr-FR","potentialAction":[{"@type":"ReadAction","target":["https:\/\/develop.olympic.ca\/olympique\/videos\/derriere-le-poeme-devenir-un-heros\/"]}]},{"@type":"ImageObject","inLanguage":"fr-FR","@id":"https:\/\/develop.olympic.ca\/olympique\/videos\/derriere-le-poeme-devenir-un-heros\/#primaryimage","url":"https:\/\/develop.olympic.ca\/olympique\/wp-content\/uploads\/sites\/2\/2012\/08\/screen-shot-2012-08-09-at-8-03-01-am7.png","contentUrl":"https:\/\/develop.olympic.ca\/olympique\/wp-content\/uploads\/sites\/2\/2012\/08\/screen-shot-2012-08-09-at-8-03-01-am7.png","width":1440,"height":900},{"@type":"BreadcrumbList","@id":"https:\/\/develop.olympic.ca\/olympique\/videos\/derriere-le-poeme-devenir-un-heros\/#breadcrumb","itemListElement":[{"@type":"ListItem","position":1,"name":"Vidéo","item":"https:\/\/develop.olympic.ca\/olympique\/videos\/"},{"@type":"ListItem","position":2,"name":"Derrière le poème « Devenir un héros »"}]},{"@type":"WebSite","@id":"https:\/\/develop.olympic.ca\/olympique\/#website","url":"https:\/\/develop.olympic.ca\/olympique\/","name":"Équipe Canada | Site officiel de l&#039;équipe olympique","description":"Votre source pour l’Équipe olympique canadienne. Retrouvez les récits, vidéos et photos des athlètes canadiens, sports olympiques, Jeux olympiques de 2020 et bien plus!","potentialAction":[{"@type":"SearchAction","target":{"@type":"EntryPoint","urlTemplate":"https:\/\/develop.olympic.ca\/olympique\/?s={search_term_string}"},"query-input":{"@type":"PropertyValueSpecification","valueRequired":true,"valueName":"search_term_string"}}],"inLanguage":"fr-FR"}]}</script>
<!-- / Yoast SEO plugin. -->

Derrière le poème « Devenir un héros » - Équipe Canada | Site officiel de l&#039;équipe olympique

Inspirée par nos Olympiens, l&rsquo;artiste métis et poète de « spoken word » Moe Clark a créé « Devenir un...

Équipe Canada | Site officiel de l&#039;équipe olympique

Vidéo

Votre source pour l’Équipe olympique canadienne. Retrouvez les récits, vidéos et photos des athlètes canadiens, sports olympiques, Jeux olympiques de 2020 et bien plus!
